{"id":9252,"date":"2025-02-20T12:05:57","date_gmt":"2025-02-20T11:05:57","guid":{"rendered":"https:\/\/republify.se\/?post_type=product&#038;p=9252"},"modified":"2026-01-08T18:58:02","modified_gmt":"2026-01-08T17:58:02","slug":"kom-igang-med-windows-server-och-powershell","status":"publish","type":"product","link":"https:\/\/republify.se\/index.php\/produkt\/kom-igang-med-windows-server-och-powershell\/","title":{"rendered":"Kom ig\u00e5ng med Windows Server och PowerShell"},"content":{"rendered":"<div class=\"elementor-element elementor-element-3d9b49a3 elementor-widget elementor-widget-text-editor\" data-id=\"3d9b49a3\" data-element_type=\"widget\" data-widget_type=\"text-editor.default\">\n<div class=\"elementor-widget-container\">\n<div class=\"elementor-element elementor-element-3c468123 elementor-widget elementor-widget-text-editor\" data-id=\"3c468123\" data-element_type=\"widget\" data-widget_type=\"text-editor.default\">\n<div class=\"elementor-widget-container\">\n<div class=\"elementor-element elementor-element-706f6e7 elementor-widget elementor-widget-text-editor\" data-id=\"706f6e7\" data-element_type=\"widget\" data-widget_type=\"text-editor.default\">\n<p class=\"elementor-element elementor-element-64a191b4 elementor-widget elementor-widget-text-editor\" data-id=\"64a191b4\" data-element_type=\"widget\" data-widget_type=\"text-editor.default\">\u00a0<strong>M\u00e5lgrupp<\/strong><br \/>\nIT-Tekniker<br \/>\nBest\u00e4llare som skall jobba inom IT<br \/>\nProjektledare som arbetar med andra projekt \u00e4n IT-projekt<br \/>\nAndra som vill kunna delta i tekniska samtal<\/p>\n<p><strong>F\u00f6rkunskaper<\/strong><br \/>\nVana att arbeta i Windows gr\u00e4nssnitt<br \/>\nGrundl\u00e4ggande kunskaper om n\u00e4tverk och TCP\/IP.<br \/>\nF\u00f6rst\u00e5else f\u00f6r den h\u00e5rdvara som ing\u00e5r i en modern PC<\/p>\n<p><strong>Kursinnh\u00e5ll<\/strong><\/p>\n<p><em>Under utbildningen kommer vi g\u00e5 igenom bland annat;<\/em><\/p>\n<p>H\u00e5rdvarukrav f\u00f6r operativsystemet<br \/>\nVilka olika varianter operativsystemet har<br \/>\nInstallation av operativsystemet och dess delar<br \/>\nUppgradering fr\u00e5n tidigare versioner<br \/>\nAtt best\u00e4lla en virtuell maskin.<br \/>\nUnderh\u00e5ll av operativsystemet och dess komponenter<br \/>\nGenomg\u00e5ng av roller tj\u00e4nster<br \/>\nDHCP<br \/>\nDNS<br \/>\nFildelning<br \/>\nCertifikat och kryptering<br \/>\nActive Directory Directory Services<br \/>\nInteraktion mellan klient och server<br \/>\nCentral administration av klienter<br \/>\nPowerShell koncept och byggstenar<br \/>\nPowerShell f\u00f6r administration av Windows Server<\/p>\n<h3>Utbildningen levereras av J\u00f6rgen Strandberg<\/h3>\n<p>J\u00f6rgen \u00e4r IT konsult med \u00f6ver 40 \u00e5r erfarenhet fr\u00e5n olika omr\u00e5den fr\u00e5n h\u00e5rdvara till arkitektur, s\u00e4kerhet och programutveckling. Under flera \u00e5r l\u00e5g fokus p\u00e5 design och s\u00e4kerhet i stora IT system hos privata och offentliga akt\u00f6rer. J\u00f6rgen \u00e4r sannolikt en av de mest certifierade konsulterna i Sverige med ett 70 tal certifieringar fr\u00e5n Microsoft, VMware, Symantec, HDI mm. Idag jobbar J\u00f6rgen med att utveckla avancerad mjukvara f\u00f6r s\u00e4ker integration av externa datak\u00e4llor i interna system.<\/p>\n<\/div>\n<\/div>\n<\/div>\n<\/div>\n<\/div>\n<h2><\/h2>\n","protected":false},"excerpt":{"rendered":"<p><strong>Kursen f\u00f6r dig utan tidigare erfarenheter av Microsoft serveroperativsystem. P\u00e5 kursen g\u00e5r vi igenom de olika varianterna som finns, licensieringsmodeller, h\u00e5rdvarukrav samt de olika delar som ing\u00e5r. <\/strong><\/p>\n<p>Vi har ocks\u00e5 en kort genomg\u00e5ng av Active Directory Directory Services och integration med klienter samt en introduktion till PowerShell och dess m\u00f6jligheter till script f\u00f6r administration Kursen \u00e4r versionsoberoende dvs den anpassas till senaste versionen men och tar upp skillnader mot tidigare versioner. P\u00e5 kursen blandas teori och praktik.<\/p>\n","protected":false},"featured_media":5593,"comment_status":"open","ping_status":"closed","template":"","meta":{"wds_primary_product_brand":0,"wds_primary_product_cat":0},"product_brand":[],"product_cat":[43,44,29,45],"product_tag":[],"class_list":{"0":"post-9252","1":"product","2":"type-product","3":"status-publish","4":"has-post-thumbnail","6":"product_cat-microsoft","7":"product_cat-powershell","8":"product_cat-technical","9":"product_cat-windows-server","11":"first","12":"instock","13":"taxable","14":"shipping-taxable","15":"purchasable","16":"product-type-simple"},"jetpack_sharing_enabled":true,"_links":{"self":[{"href":"https:\/\/republify.se\/index.php\/wp-json\/wp\/v2\/product\/9252","targetHints":{"allow":["GET"]}}],"collection":[{"href":"https:\/\/republify.se\/index.php\/wp-json\/wp\/v2\/product"}],"about":[{"href":"https:\/\/republify.se\/index.php\/wp-json\/wp\/v2\/types\/product"}],"replies":[{"embeddable":true,"href":"https:\/\/republify.se\/index.php\/wp-json\/wp\/v2\/comments?post=9252"}],"wp:featuredmedia":[{"embeddable":true,"href":"https:\/\/republify.se\/index.php\/wp-json\/wp\/v2\/media\/5593"}],"wp:attachment":[{"href":"https:\/\/republify.se\/index.php\/wp-json\/wp\/v2\/media?parent=9252"}],"wp:term":[{"taxonomy":"product_brand","embeddable":true,"href":"https:\/\/republify.se\/index.php\/wp-json\/wp\/v2\/product_brand?post=9252"},{"taxonomy":"product_cat","embeddable":true,"href":"https:\/\/republify.se\/index.php\/wp-json\/wp\/v2\/product_cat?post=9252"},{"taxonomy":"product_tag","embeddable":true,"href":"https:\/\/republify.se\/index.php\/wp-json\/wp\/v2\/product_tag?post=9252"}],"curies":[{"name":"wp","href":"https:\/\/api.w.org\/{rel}","templated":true}]}}