{"id":9155,"date":"2025-01-15T13:20:49","date_gmt":"2025-01-15T12:20:49","guid":{"rendered":"https:\/\/republify.se\/?post_type=product&#038;p=9155"},"modified":"2026-04-15T14:54:41","modified_gmt":"2026-04-15T13:54:41","slug":"webinar-att-leda-projekt-skill-up-webinar","status":"publish","type":"product","link":"https:\/\/republify.se\/index.php\/produkt\/webinar-att-leda-projekt-skill-up-webinar\/","title":{"rendered":"Att leda projekt \u2013 Skill-Up! &#8211; Webinar"},"content":{"rendered":"<p><strong>M\u00e5l<\/strong><br \/>\nV\u00e4cka intresse och fr\u00e5gor kring de utmaningar du kan m\u00f6ta n\u00e4r projektet ska genomf\u00f6ras, samt att ge r\u00e5d f\u00f6r dig och din projektroll.<\/p>\n<p><strong>M\u00e5lgrupp<\/strong><br \/>\nMedarbetare i projektgrupper som beh\u00f6ver utveckla sina kunskaper och f\u00f6rm\u00e5gor inom ledarskap.<\/p>\n<p><strong>Metod<\/strong><br \/>\nF\u00f6rel\u00e4sning varvat med fr\u00e5gor.<\/p>\n<p><strong>Sessionens l\u00e4ngd<\/strong><br \/>\n60 minuter plus tid f\u00f6r fr\u00e5gor &amp; diskussion<\/p>\n<p><strong>Om f\u00f6rel\u00e4sare Lars Hallin<\/strong><br \/>\nLars har varit huvudl\u00e4rare i projektledning och pedagogik p\u00e5 IHM Business School i G\u00f6teborg, och sedan 2007 l\u00e4rare i projektmetodik och ledarskap p\u00e5 Master-programmen vid Chalmers Tekniska H\u00f6gskola.<\/p>\n<h2><\/h2>\n","protected":false},"excerpt":{"rendered":"<p><strong>Webinaret fokuserar p\u00e5 ledarskapets f\u00f6ruts\u00e4ttningar, s\u00e5 att du kan bli en mer komplett projektledare med ut\u00f6kade f\u00e4rdigheter. <\/strong><\/p>\n<p>Vi tittar p\u00e5 vikten av att identifiera, mitigera och kommunicera risker och os\u00e4kerhet i projektet och d\u00e4rigenom ut\u00f6ka dina kunskaper<\/p>\n<p>Att leda ett projekt skiljer sig fr\u00e5n att leda en linjeverksamhet, och som projektledare beh\u00f6ver du beh\u00e4rska b\u00e5de projektmetodik och ledarskap.<\/p>\n<p>Metodiken ger dig f\u00e4rdighet i planeringsverktyg och metoder, och ledarskapet ger dig f\u00f6ruts\u00e4ttningar att engagera och motivera din projektgrupp, och hj\u00e4lpa den att leverera projektm\u00e5let till best\u00e4llaren.<\/p>\n","protected":false},"featured_media":11708,"comment_status":"open","ping_status":"closed","template":"","meta":{"wds_primary_product_brand":0,"wds_primary_product_cat":0},"product_brand":[],"product_cat":[91,128,37,51,135],"product_tag":[],"class_list":{"0":"post-9155","1":"product","2":"type-product","3":"status-publish","4":"has-post-thumbnail","6":"product_cat-arbetsmiljo","7":"product_cat-hr","8":"product_cat-kommunikation","9":"product_cat-projektledning","10":"product_cat-seminarium","12":"first","13":"instock","14":"taxable","15":"shipping-taxable","16":"purchasable","17":"product-type-simple"},"jetpack_sharing_enabled":true,"_links":{"self":[{"href":"https:\/\/republify.se\/index.php\/wp-json\/wp\/v2\/product\/9155","targetHints":{"allow":["GET"]}}],"collection":[{"href":"https:\/\/republify.se\/index.php\/wp-json\/wp\/v2\/product"}],"about":[{"href":"https:\/\/republify.se\/index.php\/wp-json\/wp\/v2\/types\/product"}],"replies":[{"embeddable":true,"href":"https:\/\/republify.se\/index.php\/wp-json\/wp\/v2\/comments?post=9155"}],"wp:featuredmedia":[{"embeddable":true,"href":"https:\/\/republify.se\/index.php\/wp-json\/wp\/v2\/media\/11708"}],"wp:attachment":[{"href":"https:\/\/republify.se\/index.php\/wp-json\/wp\/v2\/media?parent=9155"}],"wp:term":[{"taxonomy":"product_brand","embeddable":true,"href":"https:\/\/republify.se\/index.php\/wp-json\/wp\/v2\/product_brand?post=9155"},{"taxonomy":"product_cat","embeddable":true,"href":"https:\/\/republify.se\/index.php\/wp-json\/wp\/v2\/product_cat?post=9155"},{"taxonomy":"product_tag","embeddable":true,"href":"https:\/\/republify.se\/index.php\/wp-json\/wp\/v2\/product_tag?post=9155"}],"curies":[{"name":"wp","href":"https:\/\/api.w.org\/{rel}","templated":true}]}}

<p><strong>Mål</strong><br />
Väcka intresse och frågor kring de utmaningar du kan möta när projektet ska genomföras, samt att ge råd för dig och din projektroll.</p>
<p><strong>Målgrupp</strong><br />
Medarbetare i projektgrupper som behöver utveckla sina kunskaper och förmågor inom ledarskap.</p>
<p><strong>Metod</strong><br />
Föreläsning varvat med frågor.</p>
<p><strong>Sessionens längd</strong><br />
60 minuter plus tid för frågor &amp; diskussion</p>
<p><strong>Om föreläsare Lars Hallin</strong><br />
Lars har varit huvudlärare i projektledning och pedagogik på IHM Business School i Göteborg, och sedan 2007 lärare i projektmetodik och ledarskap på Master-programmen vid Chalmers Tekniska Högskola.</p>
<h2></h2>

<p><strong>Webinaret fokuserar på ledarskapets förutsättningar, så att du kan bli en mer komplett projektledare med utökade färdigheter. </strong></p>
<p>Vi tittar på vikten av att identifiera, mitigera och kommunicera risker och osäkerhet i projektet och därigenom utöka dina kunskaper</p>
<p>Att leda ett projekt skiljer sig från att leda en linjeverksamhet, och som projektledare behöver du behärska både projektmetodik och ledarskap.</p>
<p>Metodiken ger dig färdighet i planeringsverktyg och metoder, och ledarskapet ger dig förutsättningar att engagera och motivera din projektgrupp, och hjälpa den att leverera projektmålet till beställaren.</p>
