{"id":9137,"date":"2025-01-08T09:39:16","date_gmt":"2025-01-08T08:39:16","guid":{"rendered":"https:\/\/republify.se\/?post_type=product&#038;p=9137"},"modified":"2026-01-08T19:01:47","modified_gmt":"2026-01-08T18:01:47","slug":"ai-skraddarsytt-larande-for-moderna-ledare","status":"publish","type":"product","link":"https:\/\/republify.se\/index.php\/produkt\/ai-skraddarsytt-larande-for-moderna-ledare\/","title":{"rendered":"AI &#8211; Skr\u00e4ddarsytt L\u00e4rande f\u00f6r Moderna Ledare"},"content":{"rendered":"<p><b>Kursuppl\u00e4gg<\/b><\/p>\n<ul>\n<li style=\"font-weight: 400;\" aria-level=\"1\"><span style=\"font-weight: 400;\">Morgonpass (09:00-12:00): Tv\u00e5 valfria moduler<\/span><\/li>\n<li style=\"font-weight: 400;\" aria-level=\"1\"><span style=\"font-weight: 400;\">Lunchpaus med n\u00e4tverkande (12:00-13:00)<\/span><\/li>\n<li style=\"font-weight: 400;\" aria-level=\"1\"><span style=\"font-weight: 400;\">Eftermiddagspass (13:00-16:00): Tv\u00e5 valfria moduler<\/span><\/li>\n<li style=\"font-weight: 400;\" aria-level=\"1\"><span style=\"font-weight: 400;\">Avslutande reflektion och handlingsplan (16:00-17:00)<\/span><\/li>\n<\/ul>\n<p>&nbsp;<\/p>\n<p><b>Flexibilitet<\/b><\/p>\n<ul>\n<li style=\"font-weight: 400;\" aria-level=\"1\"><span style=\"font-weight: 400;\">V\u00e4lj fyra moduler fr\u00e5n kategorierna nedan<\/span><\/li>\n<li style=\"font-weight: 400;\" aria-level=\"1\"><span style=\"font-weight: 400;\">M\u00f6jlighet att f\u00f6resl\u00e5 egna \u00e4mnen innan kursstart<\/span><\/li>\n<li style=\"font-weight: 400;\" aria-level=\"1\"><span style=\"font-weight: 400;\">Praktiska \u00f6vningar och diskussioner ing\u00e5r i varje modul<\/span><\/li>\n<\/ul>\n<p>&nbsp;<\/p>\n<p><b>Kursmoduler och V\u00e4rdeomr\u00e5den<\/b><\/p>\n<table>\n<tbody>\n<tr>\n<td><b>Kategori<\/b><\/td>\n<td><b>Moduler<\/b><\/td>\n<td><b>V\u00e4rde f\u00f6r Deltagaren<\/b><\/td>\n<\/tr>\n<tr>\n<td><b>Strategiskt Ledarskap<\/b><\/td>\n<td><span style=\"font-weight: 400;\">\u2022 AI-f\u00f6rb\u00e4ttrat beslutsfattande\u2022 Etisk AI-implementering\u2022 AI i strategisk planering\u2022 AI-driven konkurrensanalys<\/span><\/td>\n<td><span style=\"font-weight: 400;\">\u2022 B\u00e4ttre beslutsunderlag\u2022 Ansvarsfull AI-anv\u00e4ndning\u2022 F\u00f6rb\u00e4ttrad l\u00e5ngsiktig planering\u2022 Starkare marknadsposition<\/span><\/td>\n<\/tr>\n<tr>\n<td><b>Teamoptimering<\/b><\/td>\n<td><span style=\"font-weight: 400;\">\u2022 AI-driven prestationsoptimering\u2022 AI och personalhantering\u2022 F\u00f6r\u00e4ndringshantering i AI-eran\u2022 Kollaborativ intelligens<\/span><\/td>\n<td><span style=\"font-weight: 400;\">\u2022 \u00d6kad teameffektivitet\u2022 F\u00f6rb\u00e4ttrad talanghantering\u2022 Smidigare digital transformation\u2022 Optimerat samarbete mellan m\u00e4nniska och AI<\/span><\/td>\n<\/tr>\n<tr>\n<td><b>Agilt &amp; Projekt<\/b><\/td>\n<td><span style=\"font-weight: 400;\">\u2022 AI inom projektledning\u2022 Agil hantering med AI\u2022 AI-driven backlogg-prioritering\u2022 Prediktiv sprintplanering<\/span><\/td>\n<td><span style=\"font-weight: 400;\">\u2022 Effektivare projektgenomf\u00f6rande\u2022 F\u00f6rb\u00e4ttrad agil process\u2022 Optimerad produktutveckling\u2022 Mer precis resursplanering<\/span><\/td>\n<\/tr>\n<tr>\n<td><b>Analys &amp; Innovation<\/b><\/td>\n<td><span style=\"font-weight: 400;\">\u2022 Dataf\u00f6rst\u00e5else f\u00f6r chefer\u2022 AI och innovationshantering\u2022 AI-aktiverade kundinsikter\u2022 AI-driven kund\u00e5terkoppling-analys<\/span><\/td>\n<td><span style=\"font-weight: 400;\">\u2022 F\u00f6rb\u00e4ttrad datadriven beslutsfattning\u2022 \u00d6kad innovationsf\u00f6rm\u00e5ga\u2022 Djupare kundf\u00f6rst\u00e5else\u2022 B\u00e4ttre produktanpassning<\/span><\/td>\n<\/tr>\n<tr>\n<td><b>Risk &amp; H\u00e5llbarhet<\/b><\/td>\n<td><span style=\"font-weight: 400;\">\u2022 Riskbed\u00f6mning och -minskning med AI\u2022 AI inom krishantering\u2022 AI och f\u00f6retagens h\u00e5llbarhet\u2022 AI inom regelefterlevnad och styrning<\/span><\/td>\n<td><span style=\"font-weight: 400;\">\u2022 F\u00f6rb\u00e4ttrad riskhantering\u2022 \u00d6kad organisatorisk motst\u00e5ndskraft\u2022 St\u00e4rkt h\u00e5llbarhetsarbete\u2022 S\u00e4krare regelefterlevnad<\/span><\/td>\n<\/tr>\n<tr>\n<td><b>Operativ Effektivitet<\/b><\/td>\n<td><span style=\"font-weight: 400;\">\u2022 AI-f\u00f6rb\u00e4ttrad ekonomisk f\u00f6rvaltning\u2022 AI i optimering av leveranskedjan\u2022 AI-driven m\u00f6tes- och tidshantering\u2022 Prediktiv kvalitetss\u00e4kring<\/span><\/td>\n<td><span style=\"font-weight: 400;\">\u2022 Precisare ekonomistyrning\u2022 Effektivare leveranskedja\u2022 Optimerad tidsanv\u00e4ndning\u2022 F\u00f6rb\u00e4ttrad kvalitetskontroll<\/span><\/td>\n<\/tr>\n<\/tbody>\n<\/table>\n<p>&nbsp;<\/p>\n<p><b>F\u00f6rdelar med Flexibelt Uppl\u00e4gg<\/b><\/p>\n<ol>\n<li style=\"font-weight: 400;\" aria-level=\"1\"><span style=\"font-weight: 400;\">Skr\u00e4ddarsydd kompetensutveckling<\/span><\/li>\n<li style=\"font-weight: 400;\" aria-level=\"1\"><span style=\"font-weight: 400;\">Direkt applicerbar kunskap<\/span><\/li>\n<li style=\"font-weight: 400;\" aria-level=\"1\"><span style=\"font-weight: 400;\">Fokuserad och effektiv inl\u00e4rning<\/span><\/li>\n<li style=\"font-weight: 400;\" aria-level=\"1\"><span style=\"font-weight: 400;\">M\u00f6jlighet till n\u00e4tverkande med likasinnade<\/span><\/li>\n<li style=\"font-weight: 400;\" aria-level=\"1\"><span style=\"font-weight: 400;\">Praktiska verktyg att implementera direkt<\/span><\/li>\n<\/ol>\n<p>&nbsp;<\/p>\n<p><b>F\u00f6rberedelse och Uppf\u00f6ljning<\/b><\/p>\n<ul>\n<li style=\"font-weight: 400;\" aria-level=\"1\"><span style=\"font-weight: 400;\">F\u00f6re kursen: Deltagarna f\u00e5r en kort enk\u00e4t f\u00f6r att identifiera sina prioriterade l\u00e4randem\u00e5l<\/span><\/li>\n<li style=\"font-weight: 400;\" aria-level=\"1\"><span style=\"font-weight: 400;\">Efter kursen: Personlig handlingsplan och en veckas uppf\u00f6ljningsst\u00f6d<\/span><\/li>\n<\/ul>\n<p>&nbsp;<\/p>\n<h3>Utbildningen genomf\u00f6rs i samarbete med daGear<\/h3>\n","protected":false},"excerpt":{"rendered":"<p><strong>V\u00e4lkommen till v\u00e5r innovativa endagskurs i AI f\u00f6r ledare! Detta \u00e4r en unik m\u00f6jlighet att skr\u00e4ddarsy din l\u00e4randeupplevelse baserat p\u00e5 dina specifika behov och intressen. <\/strong><\/p>\n<p><span style=\"font-weight: 400;\">Kursen genomf\u00f6rs enbart som anpassad grupputbildning och \u00e4r uppbyggd som ett &#8221;sm\u00f6rg\u00e5sbord&#8221; d\u00e4r du v\u00e4ljer de omr\u00e5den som \u00e4r mest relevanta f\u00f6r dig och din organisation.<\/span><\/p>\n","protected":false},"featured_media":2376,"comment_status":"open","ping_status":"closed","template":"","meta":{"wds_primary_product_brand":0,"wds_primary_product_cat":0},"product_brand":[],"product_cat":[137,91,56,37,32],"product_tag":[],"class_list":{"0":"post-9137","1":"product","2":"type-product","3":"status-publish","4":"has-post-thumbnail","6":"product_cat-ai","7":"product_cat-arbetsmiljo","8":"product_cat-it-sakerhet","9":"product_cat-kommunikation","10":"product_cat-ledarskap","12":"first","13":"instock","14":"taxable","15":"shipping-taxable","16":"purchasable","17":"product-type-simple"},"jetpack_sharing_enabled":true,"_links":{"self":[{"href":"https:\/\/republify.se\/index.php\/wp-json\/wp\/v2\/product\/9137","targetHints":{"allow":["GET"]}}],"collection":[{"href":"https:\/\/republify.se\/index.php\/wp-json\/wp\/v2\/product"}],"about":[{"href":"https:\/\/republify.se\/index.php\/wp-json\/wp\/v2\/types\/product"}],"replies":[{"embeddable":true,"href":"https:\/\/republify.se\/index.php\/wp-json\/wp\/v2\/comments?post=9137"}],"wp:featuredmedia":[{"embeddable":true,"href":"https:\/\/republify.se\/index.php\/wp-json\/wp\/v2\/media\/2376"}],"wp:attachment":[{"href":"https:\/\/republify.se\/index.php\/wp-json\/wp\/v2\/media?parent=9137"}],"wp:term":[{"taxonomy":"product_brand","embeddable":true,"href":"https:\/\/republify.se\/index.php\/wp-json\/wp\/v2\/product_brand?post=9137"},{"taxonomy":"product_cat","embeddable":true,"href":"https:\/\/republify.se\/index.php\/wp-json\/wp\/v2\/product_cat?post=9137"},{"taxonomy":"product_tag","embeddable":true,"href":"https:\/\/republify.se\/index.php\/wp-json\/wp\/v2\/product_tag?post=9137"}],"curies":[{"name":"wp","href":"https:\/\/api.w.org\/{rel}","templated":true}]}}