{"id":8841,"date":"2024-11-14T11:02:13","date_gmt":"2024-11-14T10:02:13","guid":{"rendered":"https:\/\/republify.se\/?post_type=product&#038;p=8841"},"modified":"2026-01-08T19:05:40","modified_gmt":"2026-01-08T18:05:40","slug":"safe-apm","status":"publish","type":"product","link":"https:\/\/republify.se\/index.php\/produkt\/safe-apm\/","title":{"rendered":"SAFe\u00ae APM"},"content":{"rendered":"<p class=\"preFade fadeIn\"><strong>M\u00e5lgrupp:<\/strong> Produktchefer, produktledare, produkt\u00e4gare, verksamhetsutvecklare, konsulter, agila coacher, Scrum Masters, PMO-personal, Solution och systemarkitekter, linjechefer och projektledare.<br \/>\n<strong>F\u00f6rkunskaper:<\/strong> Du b\u00f6r ha en grundl\u00e4ggande f\u00f6rst\u00e5else f\u00f6r vad agilt \u00e4r och ha g\u00e5tt kursen Leading SAFe eller motsvarande utbildning.<\/p>\n<p class=\"preFade fadeIn\"><strong>Kursmaterial:<\/strong><\/p>\n<ul data-rte-list=\"default\">\n<li>\n<p class=\"preFade fadeIn\">Digitalt kursmaterial p\u00e5 engelska<\/p>\n<\/li>\n<li>\n<p class=\"preFade fadeIn\">1-\u00e5rs fri tillg\u00e5ng till Scaled Agiles Community, med f\u00f6rdjupningsmaterial, toolkits, m.m.<\/p>\n<\/li>\n<li>\n<p class=\"preFade fadeIn\">L\u00e4roplan som f\u00f6rbereder f\u00f6r certifiering<\/p>\n<\/li>\n<\/ul>\n<h2 class=\"preSlide slideIn\">Certifiering SAFe\u00ae APM<\/h2>\n<p class=\"preFade fadeIn\">Du kan bli Certified SAFe\u00ae Agile Product Manager (SAFe 6).<\/p>\n<p class=\"preFade fadeIn\">Efter avslutad kurs har du 30 dagar p\u00e5 dig att genomf\u00f6ra certifieringens examen. Kursavgiften omfattar ett certifieringsf\u00f6rs\u00f6k.<\/p>\n<p class=\"preFade fadeIn\">L\u00e4s mer om certifieringen <a href=\"https:\/\/support.scaledagile.com\/s\/article\/Exam-Details-APM-Agile-Product?_ga=2.177133925.131819980.1689600043-1587678211.1660810285&amp;language=en_US\" target=\"_blank\" rel=\"noopener\"><strong>h\u00e4r<\/strong><\/a> (du l\u00e4nkas till en sida av Scaled Agile, certifieringsleverant\u00f6ren)<\/p>\n<h2 class=\"preSlide slideIn\">Kursinneh\u00e5ll SAFe\u00ae APM<\/h2>\n<ul data-rte-list=\"default\">\n<li>\n<p class=\"preFade fadeIn\">Analysera din roll som produktchef i \u201dthe Lean Enterprise\u201d<\/p>\n<\/li>\n<li>\n<p class=\"preFade fadeIn\">Utforska marknadsbehov, marknadssegmentering, marknadsstorlek och den konkurrensutsatta omgivningen<\/p>\n<\/li>\n<li>\n<p class=\"preFade fadeIn\">Produktstrategi med marknadssegmentering<\/p>\n<\/li>\n<li>\n<p class=\"preFade fadeIn\">Anv\u00e4nda empati f\u00f6r att driva design<\/p>\n<\/li>\n<li>\n<p class=\"preFade fadeIn\">Skapa och utveckla tydliga s\u00e4tt f\u00f6r att bygga r\u00e4tt l\u00f6sningar<\/p>\n<\/li>\n<li>\n<p class=\"preFade fadeIn\">Anv\u00e4nda SAFe f\u00f6r att skapa och leverera v\u00e4rde<\/p>\n<\/li>\n<li>\n<p class=\"preFade fadeIn\">Skapa och kontrollera v\u00e4rdefl\u00f6det i organisationen<\/p>\n<\/li>\n<li>\n<p class=\"preFade fadeIn\">Skapa innovation i v\u00e4rdestr\u00f6mmen<\/p>\n<\/li>\n<\/ul>\n<p>&nbsp;<\/p>\n<h3>Kursen levereras i samarbete med Brivalo<\/h3>\n","protected":false},"excerpt":{"rendered":"<p><strong>I kursen SAFe Agile Product Management (APM) kommer du att utforska hur du anv\u00e4nder Design Thinking f\u00f6r att s\u00e4tta kunden i centrum och skapa produkter som \u00e4r \u00f6nskv\u00e4rda, genomf\u00f6rbara och h\u00e5llbara. Du kommer att uppt\u00e4cka hur ett kontinuerligt utforskande driver innovation. <\/strong><\/p>\n<p>Du f\u00e5r den v\u00e4gledning och de verktyg du beh\u00f6ver f\u00f6r att arbeta effektivt med distribuerade team. Du kommer att utforska hur du definierar en vision, strategi och f\u00e4rdplan f\u00f6r att tillfredsst\u00e4lla befintliga kunder och attrahera nya.<\/p>\n","protected":false},"featured_media":5388,"comment_status":"open","ping_status":"closed","template":"","meta":{"wds_primary_product_brand":0,"wds_primary_product_cat":0},"product_brand":[],"product_cat":[33,163,35,28],"product_tag":[],"class_list":{"0":"post-8841","1":"product","2":"type-product","3":"status-publish","4":"has-post-thumbnail","6":"product_cat-agila-metoder","7":"product_cat-business-agility-and-development","8":"product_cat-safe","9":"product_cat-teamship","11":"first","12":"instock","13":"taxable","14":"shipping-taxable","15":"purchasable","16":"product-type-simple"},"jetpack_sharing_enabled":true,"_links":{"self":[{"href":"https:\/\/republify.se\/index.php\/wp-json\/wp\/v2\/product\/8841","targetHints":{"allow":["GET"]}}],"collection":[{"href":"https:\/\/republify.se\/index.php\/wp-json\/wp\/v2\/product"}],"about":[{"href":"https:\/\/republify.se\/index.php\/wp-json\/wp\/v2\/types\/product"}],"replies":[{"embeddable":true,"href":"https:\/\/republify.se\/index.php\/wp-json\/wp\/v2\/comments?post=8841"}],"wp:featuredmedia":[{"embeddable":true,"href":"https:\/\/republify.se\/index.php\/wp-json\/wp\/v2\/media\/5388"}],"wp:attachment":[{"href":"https:\/\/republify.se\/index.php\/wp-json\/wp\/v2\/media?parent=8841"}],"wp:term":[{"taxonomy":"product_brand","embeddable":true,"href":"https:\/\/republify.se\/index.php\/wp-json\/wp\/v2\/product_brand?post=8841"},{"taxonomy":"product_cat","embeddable":true,"href":"https:\/\/republify.se\/index.php\/wp-json\/wp\/v2\/product_cat?post=8841"},{"taxonomy":"product_tag","embeddable":true,"href":"https:\/\/republify.se\/index.php\/wp-json\/wp\/v2\/product_tag?post=8841"}],"curies":[{"name":"wp","href":"https:\/\/api.w.org\/{rel}","templated":true}]}}