{"id":8829,"date":"2024-11-14T10:09:48","date_gmt":"2024-11-14T09:09:48","guid":{"rendered":"https:\/\/republify.se\/?post_type=product&#038;p=8829"},"modified":"2026-01-08T19:09:40","modified_gmt":"2026-01-08T18:09:40","slug":"devops-introduktion","status":"publish","type":"product","link":"https:\/\/republify.se\/index.php\/produkt\/devops-introduktion\/","title":{"rendered":"DevOps introduktion"},"content":{"rendered":"<div class=\"accordion-body\">\n<p>Multikompetenta team med helhetsansvar f\u00f6r leveransen \u00e4r ett av huvudbudskapen i DevOps. Samtidigt som teamet tar ansvar f\u00f6r leveransen f\u00e5r de \u00e4ven mandat att forma sina egna arbetss\u00e4tt och f\u00f6ruts\u00e4ttningar. F\u00f6r att s\u00e4kerst\u00e4lla kompetens och leveransf\u00f6rm\u00e5ga kr\u00e4vs medlemmar med T-formad kompetensprofil.<\/p>\n<p>Arbetss\u00e4tten influeras starkt av agila metoder och lean. Fokus ligger p\u00e5 att skapa \u201dflow\u201d samt att undvika arbete som inte \u00e4r v\u00e4rdeskapande. Fr\u00e5n ett ledningsperspektiv f\u00f6rv\u00e4ntas en ledarstil som bygger p\u00e5 mission command and empowerment snarare \u00e4n detaljstyrning.<\/p>\n<p>Tillit \u00e4r ett centralt ord i DevOps. Tillit kr\u00e4vs f\u00f6r att skapa en kultur d\u00e4r medarbetarna \u00e4r villiga att experimentera och inte \u00e4r r\u00e4dda f\u00f6r att misslyckas. Ett misslyckande ska ses som en chans att l\u00e4ra sig, b\u00e5de som individ och organisation. \u00d6ppenhet och viljan att utvecklas, bland annat genom feedback, \u00e4r ytterligare en framg\u00e5ngsfaktor.<\/p>\n<\/div>\n<div class=\"accordion-body\">\n<p>&nbsp;<\/p>\n<\/div>\n<h3>Kursen levereras i samarbete med Brivalo<\/h3>\n","protected":false},"excerpt":{"rendered":"<p><strong>DevOps Introduktion \u00e4r en kurs ger dig en \u00f6verblick av vad DevOps \u00e4r och vilken nytta det g\u00f6r. Den beskriver, p\u00e5 h\u00f6g niv\u00e5, hur och varf\u00f6r DevOps kan utg\u00f6ra ett bra st\u00f6d f\u00f6r att st\u00e4rka samverkan mellan best\u00e4llare, utveckling, drift, support och f\u00f6rvaltning.<\/strong><\/p>\n<p>Kursen v\u00e4nder sig till dig som vill ha en \u00f6vergripande f\u00f6rst\u00e5else f\u00f6r DevOps, oavsett om du \u00e4r utvecklare, chef eller jobbar i drift, support eller f\u00f6rvaltning.<\/p>\n","protected":false},"featured_media":7353,"comment_status":"open","ping_status":"closed","template":"","meta":{"wds_primary_product_brand":0,"wds_primary_product_cat":0},"product_brand":[],"product_cat":[33,36,28],"product_tag":[],"class_list":{"0":"post-8829","1":"product","2":"type-product","3":"status-publish","4":"has-post-thumbnail","6":"product_cat-agila-metoder","7":"product_cat-devops","8":"product_cat-teamship","10":"first","11":"instock","12":"taxable","13":"shipping-taxable","14":"purchasable","15":"product-type-simple"},"jetpack_sharing_enabled":true,"_links":{"self":[{"href":"https:\/\/republify.se\/index.php\/wp-json\/wp\/v2\/product\/8829","targetHints":{"allow":["GET"]}}],"collection":[{"href":"https:\/\/republify.se\/index.php\/wp-json\/wp\/v2\/product"}],"about":[{"href":"https:\/\/republify.se\/index.php\/wp-json\/wp\/v2\/types\/product"}],"replies":[{"embeddable":true,"href":"https:\/\/republify.se\/index.php\/wp-json\/wp\/v2\/comments?post=8829"}],"wp:featuredmedia":[{"embeddable":true,"href":"https:\/\/republify.se\/index.php\/wp-json\/wp\/v2\/media\/7353"}],"wp:attachment":[{"href":"https:\/\/republify.se\/index.php\/wp-json\/wp\/v2\/media?parent=8829"}],"wp:term":[{"taxonomy":"product_brand","embeddable":true,"href":"https:\/\/republify.se\/index.php\/wp-json\/wp\/v2\/product_brand?post=8829"},{"taxonomy":"product_cat","embeddable":true,"href":"https:\/\/republify.se\/index.php\/wp-json\/wp\/v2\/product_cat?post=8829"},{"taxonomy":"product_tag","embeddable":true,"href":"https:\/\/republify.se\/index.php\/wp-json\/wp\/v2\/product_tag?post=8829"}],"curies":[{"name":"wp","href":"https:\/\/api.w.org\/{rel}","templated":true}]}}