{"id":8641,"date":"2024-10-14T09:04:08","date_gmt":"2024-10-14T08:04:08","guid":{"rendered":"https:\/\/republify.se\/?post_type=product&#038;p=8641"},"modified":"2026-01-08T19:13:11","modified_gmt":"2026-01-08T18:13:11","slug":"itil-v4-strategist-direct-plan-and-improve","status":"publish","type":"product","link":"https:\/\/republify.se\/index.php\/produkt\/itil-v4-strategist-direct-plan-and-improve\/","title":{"rendered":"ITIL\u00ae v4 Strategist \u2013 Direct Plan and Improve"},"content":{"rendered":"<div class=\"editor\">\n<div class=\"course-overview__content\">\n<div class=\"editor\">\n<div class=\"course-overview__content\">\n<section id=\"outline-182668\" data-title=\"Classroom Live Outline\">\n<div class=\"editor\">\n<div>Under kursen kommer vi unders\u00f6ka och arbeta med principer, metoder, tekniker som kan vara universella n\u00e4r en organisation vill skapa en l\u00e4rande organisation som kan m\u00f6ta intressenters behov. Kursdeltagarna kommer att f\u00e5 f\u00f6rst\u00e5else f\u00f6r att s\u00e4tta den riktning och strategiska plan som beh\u00f6vs f\u00f6r att f\u00e5 alla medarbetare inom organisationen att f\u00f6rst\u00e5 f\u00f6r\u00e4ndringsresan och kunna bidra till den. Vi kommer ber\u00f6ra b\u00e5de kort- och l\u00e5ngsiktiga f\u00f6rb\u00e4ttringar, d\u00e5 f\u00f6rb\u00e4ttringar i det lilla kan leda till att n\u00e5 det strategiska m\u00e5let. Kursdeltagarna kommer f\u00e5 tillg\u00e5ng till mallar f\u00f6r att implementera det som l\u00e4rs ut p\u00e5 kursen.<\/div>\n<div><\/div>\n<div>Kursen ger individerna de praktiska f\u00e4rdigheter som kr\u00e4vs f\u00f6r att skapa en \u201dinl\u00e4rnings- och f\u00f6rb\u00e4ttrings\u201d IT-organisation, med en stark och effektiv strategisk inriktning. Den t\u00e4cker ocks\u00e5 p\u00e5verkan och effekterna av agila och Lean arbetss\u00e4tt och hur de kan utnyttjas till en organisations f\u00f6rdel. Kursen ger \u00e4ven en praktisk och strategisk metod f\u00f6r att planera och leverera kontinuerlig f\u00f6rb\u00e4ttring med n\u00f6dv\u00e4ndig smidighet.<\/div>\n<div><strong><br \/>\nM\u00e5lgrupp<\/strong><\/div>\n<div>ITIL 4 Strategist Direct Plan and Improve riktar sig till chefer p\u00e5 alla niv\u00e5er som \u00e4r involverade i att utforma riktning och strategi eller utveckla ett st\u00e4ndigt f\u00f6rb\u00e4ttrande team. Det kommer att t\u00e4cka b\u00e5de praktiska och strategiska element. Kursen riktar sig till dig som beh\u00f6ver kunskap och f\u00f6rst\u00e5else inom f\u00f6r\u00e4ndringsledning och hur man kan leda f\u00f6rb\u00e4ttringar p\u00e5 ett strukturerat s\u00e4tt och n\u00e5 de nyttor som efterfr\u00e5gas.<\/div>\n<div><\/div>\n<div>Denna kurs v\u00e4nder sig till dig, oavsett roll, som vill f\u00e5 sina id\u00e9er h\u00f6rda, leda f\u00f6rb\u00e4ttringsinitiativ, verksamhetsutveckla organisationen, arbeta med f\u00f6r\u00e4ndringsledning, hantera risker i samband med f\u00f6rb\u00e4ttringar.\u00a0 Det kan vara f\u00f6rb\u00e4ttringar som drivs utifr\u00e5n ett tj\u00e4nsteperspektiv eller organisations- och kompetensperspektiv.<\/div>\n<div><strong><br \/>\nF\u00f6rkunskaper<\/strong><\/div>\n<div>F\u00f6r att kunna tillgodog\u00f6ra sig kursen, b\u00f6r deltagaren ha g\u00e5tt ITIL Foundation eller ha motsvarande kunskap.<\/div>\n<div><\/div>\n<div><\/div>\n<\/div>\n<\/section>\n<\/div>\n<\/div>\n<div class=\"grid grid-cols-1 justify-center gap-x-4 gap-y-8 lg:grid-cols-2 xl:gap-x-20\">\n<div class=\"flex flex-row space-x-4 text-base max-w-121 items-start xs:w-full\">\n<div><strong>M\u00e5ls\u00e4ttning<\/strong><\/div>\n<div>Efter genomg\u00e5ngen utbildning kommer deltagaren att ha erh\u00e5llit kunskap om:<\/div>\n<ul>\n<li>Begrepp, principer och metoder f\u00f6r att hantera styrning, planering och f\u00f6rb\u00e4ttring av alla f\u00f6rb\u00e4ttringar som identifieras utifr\u00e5n sin kontext<\/li>\n<li>Kunna skapa business case f\u00f6r att f\u00e5 sin id\u00e9 tydliggjord och kommunicerbar i sin kontext<\/li>\n<li>F\u00f6rst\u00e5else f\u00f6r vikten av kommunikation med intressenter och hantera motst\u00e5nd i samband med f\u00f6r\u00e4ndringsarbetet<\/li>\n<li>Genom principer och metoder kunna nyttja hela Service Value System i arbetet med att f\u00e5 organisationen att f\u00f6rb\u00e4ttra sig sj\u00e4lv, sina tj\u00e4nster tillsammans med kunder och partners<\/li>\n<li>Kunna styra och planera organisatoriska f\u00f6rb\u00e4ttringar genom strukturerad f\u00f6r\u00e4ndringsledning<\/li>\n<\/ul>\n<div><strong>Spr\u00e5k<\/strong><\/div>\n<div>Alla begrepp beskrivs med engelsk terminologi. Kursmaterialet, alla bilder som visas, liksom certifieringen \u00e4r p\u00e5 engelska. Kursledaren pratar svenska.<\/div>\n<\/div>\n<\/div>\n<\/div>\n<\/div>\n<p>&nbsp;<\/p>\n<p><em>Acknowledgements. ITIL\u00ae is a registered trademark of the PeopleCert group. Used under licence from PeopleCert. All rights reserved.<\/em><br \/>\n<em>Accredited ITIL 4 training is provided by Brivalo, accredited by Peoplecert.<\/em><\/p>\n<p>&nbsp;<\/p>\n<h3>Kursen levereras i samarbete med Brivalo<\/h3>\n","protected":false},"excerpt":{"rendered":"<p class=\"sqsrte-large preFade fadeIn\">I kursen g\u00e5r vi igenom ITIL\u00ae 4 Strategist Direct, Plan and Improve. Kursen \u00e4r till st\u00f6d f\u00f6r organisationer som ser styrning och kontinuerliga f\u00f6rb\u00e4ttringar som en viktig del i att kunna m\u00f6ta nuvarande och framtida behov inom t ex tj\u00e4nstestrategier, samverkansmodeller, partnersamarbeten, kompetensf\u00f6rs\u00f6rjning, digitalisering mm.<\/p>\n<p>I kurspriset ing\u00e5r \u00e4ven en certifieringsvoucher<\/p>\n","protected":false},"featured_media":2641,"comment_status":"open","ping_status":"closed","template":"","meta":{"wds_primary_product_brand":0,"wds_primary_product_cat":0},"product_brand":[],"product_cat":[30,52],"product_tag":[],"class_list":{"0":"post-8641","1":"product","2":"type-product","3":"status-publish","4":"has-post-thumbnail","6":"product_cat-business","7":"product_cat-itil","9":"first","10":"instock","11":"taxable","12":"shipping-taxable","13":"purchasable","14":"product-type-simple"},"jetpack_sharing_enabled":true,"_links":{"self":[{"href":"https:\/\/republify.se\/index.php\/wp-json\/wp\/v2\/product\/8641","targetHints":{"allow":["GET"]}}],"collection":[{"href":"https:\/\/republify.se\/index.php\/wp-json\/wp\/v2\/product"}],"about":[{"href":"https:\/\/republify.se\/index.php\/wp-json\/wp\/v2\/types\/product"}],"replies":[{"embeddable":true,"href":"https:\/\/republify.se\/index.php\/wp-json\/wp\/v2\/comments?post=8641"}],"wp:featuredmedia":[{"embeddable":true,"href":"https:\/\/republify.se\/index.php\/wp-json\/wp\/v2\/media\/2641"}],"wp:attachment":[{"href":"https:\/\/republify.se\/index.php\/wp-json\/wp\/v2\/media?parent=8641"}],"wp:term":[{"taxonomy":"product_brand","embeddable":true,"href":"https:\/\/republify.se\/index.php\/wp-json\/wp\/v2\/product_brand?post=8641"},{"taxonomy":"product_cat","embeddable":true,"href":"https:\/\/republify.se\/index.php\/wp-json\/wp\/v2\/product_cat?post=8641"},{"taxonomy":"product_tag","embeddable":true,"href":"https:\/\/republify.se\/index.php\/wp-json\/wp\/v2\/product_tag?post=8641"}],"curies":[{"name":"wp","href":"https:\/\/api.w.org\/{rel}","templated":true}]}}