{"id":8639,"date":"2024-10-14T08:50:58","date_gmt":"2024-10-14T07:50:58","guid":{"rendered":"https:\/\/republify.se\/?post_type=product&#038;p=8639"},"modified":"2026-01-08T19:13:48","modified_gmt":"2026-01-08T18:13:48","slug":"itil-4-specialist-high-velocity-it","status":"publish","type":"product","link":"https:\/\/republify.se\/index.php\/produkt\/itil-4-specialist-high-velocity-it\/","title":{"rendered":"ITIL\u00ae 4 Specialist &#8211; High Velocity IT"},"content":{"rendered":"<div class=\"editor\">\n<div class=\"course-overview__content\">\n<div class=\"editor\">\n<div class=\"course-overview__content\">\n<section id=\"outline-182668\" data-title=\"Classroom Live Outline\">\n<div class=\"editor\">\n<div><span style=\"font-size: medium;\">I dagens samh\u00e4lle driver digitaliseringen utvecklingen snabbar och snabbare. Detta st\u00e4ller nya krav p\u00e5 IT-tj\u00e4nsteleverant\u00f6rerna att\u00a0svara upp mot kraven att leverera ny funktionalitet snabbare och med h\u00f6g kvalitet. Borta \u00e4r \u00e4ven tiderna d\u00e5 utvecklingen drevs i stora projekt med mycket styrande dokument. <\/span><\/div>\n<div><\/div>\n<div>\n<p><span style=\"font-size: medium;\">Nu \u00e4r\u00a0mycket av utvecklingen agil och snabbfotad. Inneh\u00e5llet i <b>High Velocity IT <\/b>inriktar sig p\u00e5 processer, arbetss\u00e4tt och hur andra koncept och tekniker integreras i de nya moderna arbetss\u00e4tten som kr\u00e4vs.<\/span><\/p>\n<div><\/div>\n<\/div>\n<div><strong>M\u00e5lgrupp<\/strong><\/div>\n<div>Kursen riktar sig till dig som arbetar eller leder arbete inom digital tj\u00e4nstehantering, har en ledande roll inom IT Service Management eller utvecklar sina kunskaper inom omr\u00e5det digitalisering.<\/div>\n<div><\/div>\n<div><strong>F\u00f6rkunskapskrav<\/strong><\/div>\n<div>F\u00f6r att kunna tillgodog\u00f6ra sig kursen, b\u00f6r deltagaren ha g\u00e5tt ITIL Foundation eller ha motsvarande kunskap.<\/div>\n<div><\/div>\n<div><strong>Certifiering<\/strong><\/div>\n<div>Certifieringen sker inte under kurstillf\u00e4llet utan den sker vid ett separat tillf\u00e4lle ett antal veckor efter avslutad kurs. Information om certifieringsdatum sker vid kurstillf\u00e4llet.<\/div>\n<div><\/div>\n<div>Certifieringen \u00e4r p\u00e5 engelska.<\/div>\n<div><strong>OBS!<\/strong>\u00a0F\u00f6r att f\u00e5 skriva certifieringen kr\u00e4vs att du har ett ITIL 4 Foundation certifikat.<\/div>\n<\/div>\n<\/section>\n<\/div>\n<\/div>\n<\/div>\n<\/div>\n<p>&nbsp;<\/p>\n<p><em>Acknowledgements. ITIL\u00ae is a registered trademark of the PeopleCert group. Used under licence from PeopleCert. All rights reserved.<\/em><br \/>\n<em>Accredited ITIL 4 training is provided by Brivalo, accredited by Peoplecert.<\/em><\/p>\n<p>&nbsp;<\/p>\n<p>&nbsp;<\/p>\n<h3>Kursen levereras i samarbete med Brivalo<\/h3>\n","protected":false},"excerpt":{"rendered":"<p class=\"sqsrte-large preFade fadeIn\">I dagens samh\u00e4lle driver digitaliseringen utvecklingen snabbar och snabbare. Detta st\u00e4ller nya krav p\u00e5 IT-tj\u00e4nsteleverant\u00f6rerna att svara upp mot kraven att leverera ny funktionalitet snabbare och med h\u00f6g kvalitet. Borta \u00e4r \u00e4ven tiderna d\u00e5 utvecklingen drevs i stora projekt med mycket styrande dokument.<\/p>\n<p class=\"sqsrte-large preFade fadeIn\">Nu \u00e4r mycket av utvecklingen agil och snabbfotad. Inneh\u00e5llet i High Velocity IT inriktar sig p\u00e5 processer, arbetss\u00e4tt och hur andra koncept och tekniker integreras i de nya moderna arbetss\u00e4tten som kr\u00e4vs.<\/p>\n<p class=\"sqsrte-large preFade fadeIn\">I kurspriset ing\u00e5r \u00e4ven en certifieringsvoucher<\/p>\n","protected":false},"featured_media":2641,"comment_status":"open","ping_status":"closed","template":"","meta":{"wds_primary_product_brand":0,"wds_primary_product_cat":0},"product_brand":[],"product_cat":[30,52],"product_tag":[],"class_list":{"0":"post-8639","1":"product","2":"type-product","3":"status-publish","4":"has-post-thumbnail","6":"product_cat-business","7":"product_cat-itil","9":"first","10":"instock","11":"taxable","12":"shipping-taxable","13":"purchasable","14":"product-type-simple"},"jetpack_sharing_enabled":true,"_links":{"self":[{"href":"https:\/\/republify.se\/index.php\/wp-json\/wp\/v2\/product\/8639","targetHints":{"allow":["GET"]}}],"collection":[{"href":"https:\/\/republify.se\/index.php\/wp-json\/wp\/v2\/product"}],"about":[{"href":"https:\/\/republify.se\/index.php\/wp-json\/wp\/v2\/types\/product"}],"replies":[{"embeddable":true,"href":"https:\/\/republify.se\/index.php\/wp-json\/wp\/v2\/comments?post=8639"}],"wp:featuredmedia":[{"embeddable":true,"href":"https:\/\/republify.se\/index.php\/wp-json\/wp\/v2\/media\/2641"}],"wp:attachment":[{"href":"https:\/\/republify.se\/index.php\/wp-json\/wp\/v2\/media?parent=8639"}],"wp:term":[{"taxonomy":"product_brand","embeddable":true,"href":"https:\/\/republify.se\/index.php\/wp-json\/wp\/v2\/product_brand?post=8639"},{"taxonomy":"product_cat","embeddable":true,"href":"https:\/\/republify.se\/index.php\/wp-json\/wp\/v2\/product_cat?post=8639"},{"taxonomy":"product_tag","embeddable":true,"href":"https:\/\/republify.se\/index.php\/wp-json\/wp\/v2\/product_tag?post=8639"}],"curies":[{"name":"wp","href":"https:\/\/api.w.org\/{rel}","templated":true}]}}