{"id":8622,"date":"2024-10-11T09:40:14","date_gmt":"2024-10-11T08:40:14","guid":{"rendered":"https:\/\/republify.se\/?post_type=product&#038;p=8622"},"modified":"2026-01-08T19:17:09","modified_gmt":"2026-01-08T18:17:09","slug":"sql-fortsattningskurs","status":"publish","type":"product","link":"https:\/\/republify.se\/index.php\/produkt\/sql-fortsattningskurs\/","title":{"rendered":"SQL Forts\u00e4ttningskurs"},"content":{"rendered":"<p><strong>SQL Forts\u00e4ttningskurs ger deltagaren\u00a0f\u00f6rdjupade kunskaper inom SQL och relationsdatabaser. Kursen l\u00e4r ut hur man bygger avancerade index, diagnostiserar och l\u00f6ser prestandaproblem samt hur man effektivt administrerar en SQL-databas.<\/strong><\/p>\n<p>Att beh\u00e4rska dessa tekniker \u00e4r avg\u00f6rande f\u00f6r att optimera databashantering och s\u00e4kerst\u00e4lla att system fungerar smidigt \u00e4ven under h\u00f6g belastning. Genom att f\u00f6rst\u00e5 hur du identifierar och l\u00f6ser prestandaproblem samt implementerar s\u00e4kra och skalbara l\u00f6sningar kan du maximera aff\u00e4rsv\u00e4rdet av dina databaser och bidra till stabila och framtidss\u00e4kra system.<\/p>\n<p>Utbildningen \u00e4r baserad p\u00e5 Microsoft SQL Server men kan anpassas f\u00f6r MySQL, PostgreSQL eller Oracle. Den h\u00e4r kursen \u00e4r perfekt f\u00f6r dig som vill f\u00f6rb\u00e4ttra din probleml\u00f6sningsf\u00f6rm\u00e5ga och hantera avancerade SQL-utmaningar i din yrkesroll.<\/p>\n<p><strong>Dag 1<\/strong><\/p>\n<ul>\n<li>Mer avancerade JOINs<\/li>\n<li>Avancerade subqueries<\/li>\n<li>Vanliga SQL-funktioner<\/li>\n<li>Common Table Expressions<\/li>\n<li>Triggers<\/li>\n<li>Transaktioner och l\u00e5s<\/li>\n<\/ul>\n<p>&nbsp;<\/p>\n<p><strong>Dag 2<\/strong><\/p>\n<ul>\n<li>Avancerade index<\/li>\n<li>Fulltext-index<\/li>\n<li>L\u00e4sa och f\u00f6rst\u00e5 query plans<\/li>\n<li>Avancerade datatyper &#8211; JSON och arrayer<\/li>\n<li>Prestandaoptimering<\/li>\n<li>Databasadministration och s\u00e4kerhet<\/li>\n<\/ul>\n<h2><\/h2>\n","protected":false},"excerpt":{"rendered":"<p><strong>SQL Forts\u00e4ttningskurs<\/strong> \u00e4r en l\u00e4rarledd tv\u00e5dagarsutbildning som ger deltagarna djupare insikter och verktyg f\u00f6r att bem\u00e4stra avancerade tekniker inom SQL och relationsdatabaser. Kursen fokuserar p\u00e5 att utveckla din f\u00f6rm\u00e5ga att skapa mer komplexa l\u00f6sningar, diagnostisera prestandaproblem och administrera databaser p\u00e5 ett effektivt och s\u00e4kert s\u00e4tt.<\/p>\n<p>Du f\u00e5r l\u00e4ra dig avancerade JOINs, subqueries, funktioner och Common Table Expressions samt hantera triggers och transaktioner. Dag tv\u00e5 g\u00e5r vi djupare in p\u00e5 omr\u00e5den som avancerade index, fulltext-index, prestandaoptimering och att l\u00e4sa och f\u00f6rst\u00e5 query plans. Vi t\u00e4cker \u00e4ven moderna datatyper som JSON och arrayer samt hur du s\u00e4kerst\u00e4ller en robust databasadministration och s\u00e4kerhet.<\/p>\n","protected":false},"featured_media":2762,"comment_status":"open","ping_status":"closed","template":"","meta":{"wds_primary_product_brand":0,"wds_primary_product_cat":0},"product_brand":[],"product_cat":[50,29],"product_tag":[],"class_list":{"0":"post-8622","1":"product","2":"type-product","3":"status-publish","4":"has-post-thumbnail","6":"product_cat-sql-server","7":"product_cat-technical","9":"first","10":"instock","11":"taxable","12":"shipping-taxable","13":"purchasable","14":"product-type-simple"},"jetpack_sharing_enabled":true,"_links":{"self":[{"href":"https:\/\/republify.se\/index.php\/wp-json\/wp\/v2\/product\/8622","targetHints":{"allow":["GET"]}}],"collection":[{"href":"https:\/\/republify.se\/index.php\/wp-json\/wp\/v2\/product"}],"about":[{"href":"https:\/\/republify.se\/index.php\/wp-json\/wp\/v2\/types\/product"}],"replies":[{"embeddable":true,"href":"https:\/\/republify.se\/index.php\/wp-json\/wp\/v2\/comments?post=8622"}],"wp:featuredmedia":[{"embeddable":true,"href":"https:\/\/republify.se\/index.php\/wp-json\/wp\/v2\/media\/2762"}],"wp:attachment":[{"href":"https:\/\/republify.se\/index.php\/wp-json\/wp\/v2\/media?parent=8622"}],"wp:term":[{"taxonomy":"product_brand","embeddable":true,"href":"https:\/\/republify.se\/index.php\/wp-json\/wp\/v2\/product_brand?post=8622"},{"taxonomy":"product_cat","embeddable":true,"href":"https:\/\/republify.se\/index.php\/wp-json\/wp\/v2\/product_cat?post=8622"},{"taxonomy":"product_tag","embeddable":true,"href":"https:\/\/republify.se\/index.php\/wp-json\/wp\/v2\/product_tag?post=8622"}],"curies":[{"name":"wp","href":"https:\/\/api.w.org\/{rel}","templated":true}]}}