{"id":8582,"date":"2024-09-26T10:05:35","date_gmt":"2024-09-26T09:05:35","guid":{"rendered":"https:\/\/republify.se\/?post_type=product&#038;p=8582"},"modified":"2026-01-09T07:59:14","modified_gmt":"2026-01-09T06:59:14","slug":"spring-boot-foundation-spring-boot-for-javautvecklare","status":"publish","type":"product","link":"https:\/\/republify.se\/index.php\/produkt\/spring-boot-foundation-spring-boot-for-javautvecklare\/","title":{"rendered":"Spring Boot Foundation \u2013 Spring Boot f\u00f6r Javautvecklare"},"content":{"rendered":"<div class=\"wpb_text_column wpb_content_element vc_custom_1712652572302\">\n<div class=\"wpb_wrapper\">\n<p><strong>F\u00f6rkunskaper:<\/strong><\/p>\n<p>Grundl\u00e4ggande programmeringskunskaper i Java. Det \u00e4r \u00e4ven en f\u00f6rdel att ha kunskap om webbutveckling, HTML och HTTP, samt kunskap om databaser och SQL.<\/p>\n<\/div>\n<\/div>\n<h2><\/h2>\n<h2 class=\"vcex-heading vcex-module wpex-text-2xl wpex-font-normal wpex-m-auto wpex-max-w-100 vcex-heading-bottom-border-w-color wpex-h2 wpex-block vc_custom_1709402918315 wpex-border-b-2 wpex-border-solid wpex-border-main\">Uppl\u00e4gg<\/h2>\n<div class=\"wpb_text_column wpb_content_element vc_custom_1712652637338\">\n<div class=\"wpb_wrapper\">\n<p>I den h\u00e4r kursen l\u00e4r sig deltagare att utveckla applikationer med Spring Boot genom praktiska \u00f6vningar. Vi k\u00f6r ig\u00e5ng direkt med en crash course d\u00e4r vi skapar enkla Spring Boot-applikationer och g\u00e5r sedan vidare till hur man skapar webbapplikationer och REST APIer med Spring MVC. Vi g\u00e5r igenom hur Spring Boot fungerar och hur man kopplar upp sig mot databaser med Spring Data JPA.<\/p>\n<p>Alla koncept introduceras med ett kort teoripass, men s\u00e5 mycket tid som m\u00f6jligt l\u00e4gger vi p\u00e5 att verkligen l\u00e4ra oss anv\u00e4nda dessa koncept genom l\u00e4rarledda \u00f6vningar.<\/p>\n<\/div>\n<\/div>\n<h2><\/h2>\n<h2 class=\"vcex-heading vcex-module wpex-text-2xl wpex-font-normal wpex-m-auto wpex-max-w-100 vcex-heading-bottom-border-w-color wpex-h2 wpex-block vc_custom_1709402969330 wpex-border-b-2 wpex-border-solid wpex-border-main\"><span class=\"vcex-heading-inner wpex-inline-block wpex-clr wpex-relative wpex-pb-5 wpex-border-b-2 wpex-border-solid wpex-border-accent\">Inneh\u00e5ll<\/span><\/h2>\n<div class=\"wpb_text_column wpb_content_element vc_custom_1709293972549\">\n<div class=\"wpb_wrapper\">\n<ul>\n<li>Introduktion till Spring Boot<\/li>\n<li>Skapa en enkel Spring Boot-applikation (Crash course)<\/li>\n<li>Spring Boot Auto-configuration<\/li>\n<li>Skapa webbapplikationer med Spring MVC<\/li>\n<li>Anv\u00e4nda databaser med Spring Data JPA<\/li>\n<li>Testning med Unit Tests och Integration Tests<\/li>\n<li>Skapa och konsumera ett REST API<\/li>\n<li>Hantera Spring beans och Dependency Injection<\/li>\n<li>Effektiv anv\u00e4ndning av Spring Boot<\/li>\n<\/ul>\n<\/div>\n<\/div>\n<h2><\/h2>\n<h2 class=\"vcex-heading vcex-module wpex-text-2xl wpex-font-normal wpex-m-auto wpex-max-w-100 vcex-heading-bottom-border-w-color wpex-h2 wpex-block vc_custom_1709402980307 wpex-border-b-2 wpex-border-solid wpex-border-main\"><span class=\"vcex-heading-inner wpex-inline-block wpex-clr wpex-relative wpex-pb-5 wpex-border-b-2 wpex-border-solid wpex-border-accent\">L\u00e4rom\u00e5l<\/span><\/h2>\n<div class=\"wpb_text_column wpb_content_element \">\n<div class=\"wpb_wrapper\">\n<ul>\n<li>Teamet kommer att l\u00e4mna kursen med mycket praktisk erfarenhet och m\u00e5nga egna kodexempel som t\u00e4cker grunderna i Spring Boot.<\/li>\n<li>Deltagare kommer att kunna anv\u00e4nda Spring Boot och Spring MVC f\u00f6r att snabbt skapa webbapplikationer och REST API<\/li>\n<li>Teamet kommer att kunna anv\u00e4nda Spring Data JPA f\u00f6r att enkelt koppla Spring Boot-applikationen till databaser<\/li>\n<li>Deltagare kommer att ha kunskap om hur Spring Boot fungerar och hur man effektivt anv\u00e4nder detta ramverk<\/li>\n<\/ul>\n<\/div>\n<\/div>\n<p>&nbsp;<\/p>\n<h3>Utbildningen genomf\u00f6rs i samarbete med Actlea<\/h3>\n","protected":false},"excerpt":{"rendered":"<p><strong>I den h\u00e4r kursen l\u00e4r sig deltagare att utveckla applikationer med Spring Boot genom praktiska \u00f6vningar. <\/strong><\/p>\n<p>Vi k\u00f6r ig\u00e5ng direkt med en crash course d\u00e4r vi skapar enkla Spring Boot-applikationer och g\u00e5r sedan vidare till hur man skapar webbapplikationer och REST APIer med Spring MVC. Vi g\u00e5r igenom hur Spring Boot fungerar och hur man kopplar upp sig mot databaser med Spring Data JPA.<\/p>\n","protected":false},"featured_media":5419,"comment_status":"open","ping_status":"closed","template":"","meta":{"wds_primary_product_brand":0,"wds_primary_product_cat":0},"product_brand":[],"product_cat":[73,188,29],"product_tag":[],"class_list":{"0":"post-8582","1":"product","2":"type-product","3":"status-publish","4":"has-post-thumbnail","6":"product_cat-java","7":"product_cat-spring","8":"product_cat-technical","10":"first","11":"instock","12":"taxable","13":"shipping-taxable","14":"purchasable","15":"product-type-simple"},"jetpack_sharing_enabled":true,"_links":{"self":[{"href":"https:\/\/republify.se\/index.php\/wp-json\/wp\/v2\/product\/8582","targetHints":{"allow":["GET"]}}],"collection":[{"href":"https:\/\/republify.se\/index.php\/wp-json\/wp\/v2\/product"}],"about":[{"href":"https:\/\/republify.se\/index.php\/wp-json\/wp\/v2\/types\/product"}],"replies":[{"embeddable":true,"href":"https:\/\/republify.se\/index.php\/wp-json\/wp\/v2\/comments?post=8582"}],"wp:featuredmedia":[{"embeddable":true,"href":"https:\/\/republify.se\/index.php\/wp-json\/wp\/v2\/media\/5419"}],"wp:attachment":[{"href":"https:\/\/republify.se\/index.php\/wp-json\/wp\/v2\/media?parent=8582"}],"wp:term":[{"taxonomy":"product_brand","embeddable":true,"href":"https:\/\/republify.se\/index.php\/wp-json\/wp\/v2\/product_brand?post=8582"},{"taxonomy":"product_cat","embeddable":true,"href":"https:\/\/republify.se\/index.php\/wp-json\/wp\/v2\/product_cat?post=8582"},{"taxonomy":"product_tag","embeddable":true,"href":"https:\/\/republify.se\/index.php\/wp-json\/wp\/v2\/product_tag?post=8582"}],"curies":[{"name":"wp","href":"https:\/\/api.w.org\/{rel}","templated":true}]}}