{"id":8524,"date":"2024-09-14T01:36:21","date_gmt":"2024-09-14T00:36:21","guid":{"rendered":"https:\/\/republify.se\/?post_type=product&#038;p=8524"},"modified":"2026-01-09T08:06:46","modified_gmt":"2026-01-09T07:06:46","slug":"ai-machine-learning-i-praktiken-workshop","status":"publish","type":"product","link":"https:\/\/republify.se\/index.php\/produkt\/ai-machine-learning-i-praktiken-workshop\/","title":{"rendered":"AI &#038; Machine Learning i praktiken &#8211; workshop"},"content":{"rendered":"<p><strong>Sammanfattning<\/strong><br \/>\nUppt\u00e4ck kraften och potentialen hos maskininl\u00e4rning i denna workshop. Under workshopen kommer vi att introducera de viktigaste begreppen samt tillsammans med dig till\u00e4mpa maskininl\u00e4rning p\u00e5 ett exempel.<\/p>\n<p>Workshopen \u00e4r designad f\u00f6r att vara interaktiv och praktikorienterad, med en blandning av teori, hands-on programmering, och diskussioner.<\/p>\n<p><strong>M\u00e5lgrupp<\/strong><br \/>\nDenna utbildning \u00e4r idealisk f\u00f6r utvecklare, dataanalytiker, och alla som vill tr\u00e4da in i maskininl\u00e4rningens v\u00e4rld.<\/p>\n<p><strong>Inneh\u00e5ll<\/strong><\/p>\n<ul>\n<li>Introduktion till AI<\/li>\n<li>Introduktion till Maskininl\u00e4rning<\/li>\n<li>Maskininl\u00e4rning i praktiken<\/li>\n<\/ul>\n<p>&nbsp;<\/p>\n<p><strong>F\u00f6rkunskaper<\/strong><br \/>\nGrundl\u00e4ggande kunskaper i programmering (helst i Python).<\/p>\n<p>&nbsp;<\/p>\n<p><strong>Lite mer kring varf\u00f6r just du som nyb\u00f6rjare drar nytta av kursen:<\/strong><\/p>\n<p>Workshopen \u00e4r medvetet kort (en dag) och fokuserad, vilket g\u00f6r att du kommer ig\u00e5ng utan att fastna i omfattande material.<\/p>\n<p>Den \u00e4r designad att vara interaktiv och praktikorienterad \u2013 du f\u00e5r g\u00f6ra snarare \u00e4n bara lyssna, vilket \u00e4r s\u00e4rskilt v\u00e4rdefullt n\u00e4r man \u00e4r ny.<\/p>\n<p>Kursen kr\u00e4ver bara grundl\u00e4ggande programmeringskunskaper (g\u00e4rna i Python), vilket betyder att du inte beh\u00f6ver vara expert innan du b\u00f6rjar.<\/p>\n<p>Du f\u00e5r en tydlig koppling mellan teori och verklig kod\/exempel, vilket hj\u00e4lper dig bygga f\u00f6rtroende att forts\u00e4tta vidare i l\u00e4randet.<\/p>\n<p>&nbsp;<\/p>\n<h3>Kursen genomf\u00f6rs i samarbete med<\/h3>\n<p><img decoding=\"async\" class=\"alignnone size-full wp-image-8663 lazyload\" data-src=\"https:\/\/republify.se\/wp-content\/uploads\/2024\/10\/brivalo.jpg\" alt=\"\" width=\"193\" height=\"54\" src=\"data:image\/svg+xml;base64,PHN2ZyB3aWR0aD0iMSIgaGVpZ2h0PSIxIiB4bWxucz0iaHR0cDovL3d3dy53My5vcmcvMjAwMC9zdmciPjwvc3ZnPg==\" style=\"--smush-placeholder-width: 193px; --smush-placeholder-aspect-ratio: 193\/54;\" \/><\/p>\n","protected":false},"excerpt":{"rendered":"<p><strong>Uppt\u00e4ck kraften och potentialen hos maskininl\u00e4rning i denna utbildning. Under workshopen kommer vi att introducera de viktigaste begreppen samt tillsammans med dig till\u00e4mpa maskininl\u00e4rning p\u00e5 ett exempel.<\/strong><\/p>\n<p>Vill du ta klivet in i maskininl\u00e4rningens v\u00e4rld utan att drunkna i teorier? Den h\u00e4r workshopen \u201dAI &amp; Machine Learning i praktiken\u201d ger dig en trygg och konkret start genom att kombinera grundl\u00e4ggande begrepp med praktiskt till\u00e4mpade \u00f6vningar. Du f\u00e5r arbeta hands-on med ett verkligt exempel under handledning och st\u00e4lla fr\u00e5gor i realtid. Det \u00e4r den perfekta introduktionen f\u00f6r dig som vill f\u00f6rst\u00e5 hur AI fungerar i praktiken, inte bara i teorin.<\/p>\n","protected":false},"featured_media":10773,"comment_status":"open","ping_status":"closed","template":"","meta":{"wds_primary_product_brand":0,"wds_primary_product_cat":0},"product_brand":[],"product_cat":[137,91,56],"product_tag":[],"class_list":{"0":"post-8524","1":"product","2":"type-product","3":"status-publish","4":"has-post-thumbnail","6":"product_cat-ai","7":"product_cat-arbetsmiljo","8":"product_cat-it-sakerhet","10":"first","11":"instock","12":"taxable","13":"shipping-taxable","14":"purchasable","15":"product-type-simple"},"jetpack_sharing_enabled":true,"_links":{"self":[{"href":"https:\/\/republify.se\/index.php\/wp-json\/wp\/v2\/product\/8524","targetHints":{"allow":["GET"]}}],"collection":[{"href":"https:\/\/republify.se\/index.php\/wp-json\/wp\/v2\/product"}],"about":[{"href":"https:\/\/republify.se\/index.php\/wp-json\/wp\/v2\/types\/product"}],"replies":[{"embeddable":true,"href":"https:\/\/republify.se\/index.php\/wp-json\/wp\/v2\/comments?post=8524"}],"wp:featuredmedia":[{"embeddable":true,"href":"https:\/\/republify.se\/index.php\/wp-json\/wp\/v2\/media\/10773"}],"wp:attachment":[{"href":"https:\/\/republify.se\/index.php\/wp-json\/wp\/v2\/media?parent=8524"}],"wp:term":[{"taxonomy":"product_brand","embeddable":true,"href":"https:\/\/republify.se\/index.php\/wp-json\/wp\/v2\/product_brand?post=8524"},{"taxonomy":"product_cat","embeddable":true,"href":"https:\/\/republify.se\/index.php\/wp-json\/wp\/v2\/product_cat?post=8524"},{"taxonomy":"product_tag","embeddable":true,"href":"https:\/\/republify.se\/index.php\/wp-json\/wp\/v2\/product_tag?post=8524"}],"curies":[{"name":"wp","href":"https:\/\/api.w.org\/{rel}","templated":true}]}}