{"id":8523,"date":"2024-09-14T01:35:51","date_gmt":"2024-09-14T00:35:51","guid":{"rendered":"https:\/\/republify.se\/?post_type=product&#038;p=8523"},"modified":"2026-01-09T08:07:07","modified_gmt":"2026-01-09T07:07:07","slug":"webbinar-ai-och-machine-learning-forsta-steget","status":"publish","type":"product","link":"https:\/\/republify.se\/index.php\/produkt\/webbinar-ai-och-machine-learning-forsta-steget\/","title":{"rendered":"AI och Machine Learning \u2013 f\u00f6rsta steget"},"content":{"rendered":"<p><strong>AI \u2013 Artificiell Intelligence och Machine Learning \u00e4r h\u00f6gaktuellt, \u00f6verallt. Alla bolag t\u00e4vlar om att inf\u00f6ra AI \u00f6verallt och ofta utan mer fokus \u00e4n att \u201dvi ska arbeta med AI f\u00f6r alla andra kommer att g\u00f6ra det\u201d. Det \u00e4r dags att ta n\u00e4sta steg!<\/strong><\/p>\n<p>I detta l\u00e4rarledda webbinar\u00a0 kommer du att f\u00e5 en snabb inblick i maskininl\u00e4rningens mysterier. Under seminariet kommer vi att introducera de viktigaste begreppen samt snabbt g\u00e5 igenom ett exempel fr\u00e5n ax till limpa hur ni kan dra nytta av dessa nya omr\u00e5den inom era fokusomr\u00e5den.<\/p>\n<p>Webbinariet \u00e4r framtaget f\u00f6r beslutsfattare, systemutvecklare, dataanalytiker, och egentligen alla som vill f\u00e5 en inblick i maskininl\u00e4rningens v\u00e4rld.<\/p>\n<p><strong>Agenda<\/strong><\/p>\n<ul>\n<li>Introduktion till AI \u2013 vad finns just nu och vad inneb\u00e4r det f\u00f6r er<\/li>\n<li>Introduktion till Maskininl\u00e4rning \u2013 hur kan ni dra nytta av AI<\/li>\n<li>Maskininl\u00e4rning i praktiken \u2013 vad \u00e4r egentligen n\u00e4sta steg<\/li>\n<\/ul>\n<p>Webbinariet genomf\u00f6rs i samarbete med Brivalo och f\u00f6rel\u00e4sare \u00e4r Patrik Jonsson som har flera \u00e5rs yrkesm\u00e4ssig erfarenhet av anv\u00e4ndning av AI i storskalig verksamhet<\/p>\n<h2><img decoding=\"async\" class=\"alignnone size-full wp-image-8663 lazyload\" data-src=\"https:\/\/republify.se\/wp-content\/uploads\/2024\/10\/brivalo.jpg\" alt=\"\" width=\"193\" height=\"54\" src=\"data:image\/svg+xml;base64,PHN2ZyB3aWR0aD0iMSIgaGVpZ2h0PSIxIiB4bWxucz0iaHR0cDovL3d3dy53My5vcmcvMjAwMC9zdmciPjwvc3ZnPg==\" style=\"--smush-placeholder-width: 193px; --smush-placeholder-aspect-ratio: 193\/54;\" \/><\/h2>\n","protected":false},"excerpt":{"rendered":"<p><strong>AI \u2013 Artificiell Intelligence och Machine Learning \u00e4r h\u00f6gaktuellt, \u00f6verallt. Alla bolag t\u00e4vlar om att inf\u00f6ra AI \u00f6verallt och ofta utan mer fokus \u00e4n att \u201dvi ska arbeta med AI f\u00f6r alla andra kommer att g\u00f6ra det\u201d. <\/strong><\/p>\n<p><em>Det \u00f6ppna webbinariet \u00e4r nu genomf\u00f6rt, men vi kan \u00e4ven leverera detta som f\u00f6retagsinternt seminarium, kontakta oss via formul\u00e4ret nedan!<\/em><\/p>\n","protected":false},"featured_media":7778,"comment_status":"open","ping_status":"closed","template":"","meta":{"wds_primary_product_brand":0,"wds_primary_product_cat":0},"product_brand":[],"product_cat":[137,91,174,128,37,135],"product_tag":[],"class_list":{"0":"post-8523","1":"product","2":"type-product","3":"status-publish","4":"has-post-thumbnail","6":"product_cat-ai","7":"product_cat-arbetsmiljo","8":"product_cat-copilot","9":"product_cat-hr","10":"product_cat-kommunikation","11":"product_cat-seminarium","13":"first","14":"instock","15":"taxable","16":"shipping-taxable","17":"purchasable","18":"product-type-simple"},"jetpack_sharing_enabled":true,"_links":{"self":[{"href":"https:\/\/republify.se\/index.php\/wp-json\/wp\/v2\/product\/8523","targetHints":{"allow":["GET"]}}],"collection":[{"href":"https:\/\/republify.se\/index.php\/wp-json\/wp\/v2\/product"}],"about":[{"href":"https:\/\/republify.se\/index.php\/wp-json\/wp\/v2\/types\/product"}],"replies":[{"embeddable":true,"href":"https:\/\/republify.se\/index.php\/wp-json\/wp\/v2\/comments?post=8523"}],"wp:featuredmedia":[{"embeddable":true,"href":"https:\/\/republify.se\/index.php\/wp-json\/wp\/v2\/media\/7778"}],"wp:attachment":[{"href":"https:\/\/republify.se\/index.php\/wp-json\/wp\/v2\/media?parent=8523"}],"wp:term":[{"taxonomy":"product_brand","embeddable":true,"href":"https:\/\/republify.se\/index.php\/wp-json\/wp\/v2\/product_brand?post=8523"},{"taxonomy":"product_cat","embeddable":true,"href":"https:\/\/republify.se\/index.php\/wp-json\/wp\/v2\/product_cat?post=8523"},{"taxonomy":"product_tag","embeddable":true,"href":"https:\/\/republify.se\/index.php\/wp-json\/wp\/v2\/product_tag?post=8523"}],"curies":[{"name":"wp","href":"https:\/\/api.w.org\/{rel}","templated":true}]}}