{"id":8502,"date":"2024-09-13T08:29:35","date_gmt":"2024-09-13T07:29:35","guid":{"rendered":"https:\/\/republify.se\/?post_type=product&#038;p=8502"},"modified":"2026-02-12T14:00:42","modified_gmt":"2026-02-12T13:00:42","slug":"go-golang-for-developers-and-testers","status":"publish","type":"product","link":"https:\/\/republify.se\/index.php\/produkt\/go-golang-for-developers-and-testers\/","title":{"rendered":"Go (Golang) for developers and testers"},"content":{"rendered":"<div class=\"elementor-element elementor-element-7723ba8 elementor-widget elementor-widget-text-editor\" data-id=\"7723ba8\" data-element_type=\"widget\" data-widget_type=\"text-editor.default\">\n<div class=\"elementor-widget-container\">\n<div class=\"elementor-element elementor-element-70419e9c elementor-widget elementor-widget-text-editor\" data-id=\"70419e9c\" data-element_type=\"widget\" data-widget_type=\"text-editor.default\">\n<div class=\"elementor-widget-container\">\n<div class=\"elementor-element elementor-element-4b939308 elementor-widget elementor-widget-text-editor\" data-id=\"4b939308\" data-element_type=\"widget\" data-widget_type=\"text-editor.default\">\n<div class=\"elementor-widget-container\">\n<p>Golang \u00e4r ett enkelt, s\u00e4kert programmeringsspr\u00e5k med fokus p\u00e5 parallellprogrammering och utvecklarergonomi. Det beskrivs ofta som ett spr\u00e5k som \u00e4r enkelt att l\u00e4ra sig om man sedan tidigare kan ett eller flera programspr\u00e5k, och anses bjuda p\u00e5 en rolig utvecklar-upplevelse varvat med h\u00f6g produktivitet.<\/p>\n<p><strong>F\u00f6rkunskaper<\/strong><\/p>\n<p>Kursen f\u00f6ruts\u00e4tter inte tidigare erfarenhet av programmering, men kunskap om ett annat programmeringsspr\u00e5k kommer att underl\u00e4tta. Grundl\u00e4ggande kunskap om Unix\/Linux \u00e4r en f\u00f6rdel.<\/p>\n<p><strong>Inneh\u00e5ll<\/strong><\/p>\n<p><em>Kursen inneh\u00e5ller f\u00f6ljande delmoment:<\/em><br \/>\n\u2022 Kort om Golangs historia<br \/>\n\u2022 Introduktion till Golang<br \/>\n\u2022 Variabler och typer<br \/>\n\u2022 Fl\u00f6deskontroll<br \/>\n\u2022 Funktioner<br \/>\n\u2022 Arrays, slices och ranges<br \/>\n\u2022 Maps<br \/>\n\u2022 Structs<br \/>\n\u2022 Polymorfism och interface<br \/>\n\u2022 Go-rutiner och kanaler<br \/>\n\u2022 Felhantering<br \/>\n\u2022 IO och filsystem<br \/>\n\u2022 Kort om n\u00e4tverksprogrammering i Golang<\/p>\n<p>&nbsp;<\/p>\n<\/div>\n<\/div>\n<\/div>\n<\/div>\n<\/div>\n<\/div>\n<h3>Kursen levereras i samarbete med Mindroad<\/h3>\n","protected":false},"excerpt":{"rendered":"<p><strong>Sedan m\u00e5nga \u00e5r har systemprogrammering skett n\u00e4stan uteslutande i C eller C++, men under de senaste \u00e5ren s\u00e5 har flertalet nya systemprogrammeringsspr\u00e5k b\u00f6rjat f\u00e5 fotf\u00e4ste. Av dessa s\u00e5 \u00e4r Go, eller Golang, etablerat sin st\u00e4llning som det \u00f6verl\u00e4gset popul\u00e4raste alternativet.<\/strong><\/p>\n<p>Detta \u00e4r kursen f\u00f6r utvecklare och testare som beh\u00f6ver komma ig\u00e5ng med Golang. \u00c4ven vana applikationsutvecklare inom till exempel C\/C++\/Java kommer ocks\u00e5 dra stor nytta av de kunskaper som l\u00e4rs ut under kursen.<\/p>\n","protected":false},"featured_media":5356,"comment_status":"open","ping_status":"closed","template":"","meta":{"wds_primary_product_brand":0,"wds_primary_product_cat":0},"product_brand":[],"product_cat":[41,177,183,73,39,29,182],"product_tag":[],"class_list":{"0":"post-8502","1":"product","2":"type-product","3":"status-publish","4":"has-post-thumbnail","6":"product_cat-net","7":"product_cat-angular","8":"product_cat-go-golang","9":"product_cat-java","10":"product_cat-systemutveckling","11":"product_cat-technical","12":"product_cat-typescript","14":"first","15":"instock","16":"taxable","17":"shipping-taxable","18":"purchasable","19":"product-type-simple"},"jetpack_sharing_enabled":true,"_links":{"self":[{"href":"https:\/\/republify.se\/index.php\/wp-json\/wp\/v2\/product\/8502","targetHints":{"allow":["GET"]}}],"collection":[{"href":"https:\/\/republify.se\/index.php\/wp-json\/wp\/v2\/product"}],"about":[{"href":"https:\/\/republify.se\/index.php\/wp-json\/wp\/v2\/types\/product"}],"replies":[{"embeddable":true,"href":"https:\/\/republify.se\/index.php\/wp-json\/wp\/v2\/comments?post=8502"}],"wp:featuredmedia":[{"embeddable":true,"href":"https:\/\/republify.se\/index.php\/wp-json\/wp\/v2\/media\/5356"}],"wp:attachment":[{"href":"https:\/\/republify.se\/index.php\/wp-json\/wp\/v2\/media?parent=8502"}],"wp:term":[{"taxonomy":"product_brand","embeddable":true,"href":"https:\/\/republify.se\/index.php\/wp-json\/wp\/v2\/product_brand?post=8502"},{"taxonomy":"product_cat","embeddable":true,"href":"https:\/\/republify.se\/index.php\/wp-json\/wp\/v2\/product_cat?post=8502"},{"taxonomy":"product_tag","embeddable":true,"href":"https:\/\/republify.se\/index.php\/wp-json\/wp\/v2\/product_tag?post=8502"}],"curies":[{"name":"wp","href":"https:\/\/api.w.org\/{rel}","templated":true}]}}