{"id":8482,"date":"2024-09-11T17:35:52","date_gmt":"2024-09-11T16:35:52","guid":{"rendered":"https:\/\/republify.se\/?post_type=product&#038;p=8482"},"modified":"2026-01-09T08:11:38","modified_gmt":"2026-01-09T07:11:38","slug":"c-professional-development","status":"publish","type":"product","link":"https:\/\/republify.se\/index.php\/produkt\/c-professional-development\/","title":{"rendered":"C++ Professional Development"},"content":{"rendered":"<div class=\"elementor-element elementor-element-7723ba8 elementor-widget elementor-widget-text-editor\" data-id=\"7723ba8\" data-element_type=\"widget\" data-widget_type=\"text-editor.default\">\n<div class=\"elementor-widget-container\">\n<div class=\"elementor-element elementor-element-70419e9c elementor-widget elementor-widget-text-editor\" data-id=\"70419e9c\" data-element_type=\"widget\" data-widget_type=\"text-editor.default\">\n<div class=\"elementor-widget-container\">\n<div class=\"elementor-element elementor-element-4b939308 elementor-widget elementor-widget-text-editor\" data-id=\"4b939308\" data-element_type=\"widget\" data-widget_type=\"text-editor.default\">\n<div class=\"elementor-widget-container\">\n<p><em>Utbildningen \u00e4r en blandning av teori och praktiska \u00f6vningar.<\/em><\/p>\n<p><strong>M\u00e5lgrupp<\/strong><br \/>\nM\u00e5lgruppen \u00e4r mjukvaruutvecklare som vill f\u00f6rdjupa sina kunskaper i effektiv C++-programmering.<\/p>\n<p><strong>M\u00e5l<\/strong><br \/>\nEfter kursen slut har du en f\u00f6rst\u00e5else f\u00f6r hur du utvecklar professionellt i C++ och skriver effektiv C++-kod. Du f\u00e5r ocks\u00e5 l\u00e4ra dig att skriva plattformsoberoende kod och hur du kodar med stil i C++.<\/p>\n<p><strong>Bakgrundskunskaper<\/strong><br \/>\nDeltagarna b\u00f6r vara vana vid\u00a0utveckling i C++.<\/p>\n<p><strong>Spr\u00e5k<\/strong><br \/>\nUtbildningsmaterialet \u00e4r skrivet p\u00e5 engelska. Utbildningen kan genomf\u00f6ras antingen p\u00e5 svenska eller engelska.<\/p>\n<p><strong>Inneh\u00e5ll<\/strong><br \/>\nSom kursmaterial anv\u00e4nds\u00a0boken &#8221;Professional C++&#8221;, av Marc Gregoire, Nicholas A. Solter, Scott J. Kleper, som man ocks\u00e5 f\u00e5r med sig efter genomf\u00f6rd utbildning. I kursen g\u00e5r vi igenom teorin i de olika kapitlen och varvar med praktiska \u00f6vningar. Vi g\u00e5r igenom:<\/p>\n<p><em>Introduction to professional C++<\/em><\/p>\n<ul>\n<li>Designing professional C++ programs.<\/li>\n<li>Designing for reuse.<\/li>\n<li>Coding with style.<\/li>\n<\/ul>\n<p><em>C++ programming the professional way<\/em><\/p>\n<ul>\n<li>Gaining proficiency with classes and objects.<\/li>\n<li>Mastering classes and objects.<\/li>\n<li>Discovering inheritance techniques.<\/li>\n<li>Understanding C++ quirks and oddities.<\/li>\n<li>Handling Errors.<\/li>\n<li>Delving into the standard library.<\/li>\n<li>Understanding Containers and Iterators.<\/li>\n<li>Mastering STL Algorithms.<\/li>\n<li>Using strings and regular\u00a0expressions<\/li>\n<li>Demystifying C++ I\/O.<\/li>\n<li>Additional library utilities.<\/li>\n<li>Customizing and extending the STL.<\/li>\n<\/ul>\n<p><em>Mastering advanced features of C++<\/em><\/p>\n<ul>\n<li>Overloading C++ operators.<\/li>\n<li>Writing generic code with templates.<\/li>\n<li>Effective memory management.<\/li>\n<li>Multithreaded programming with C++.<\/li>\n<\/ul>\n<p><em>C++ Software Engineering<\/em><\/p>\n<ul>\n<li>Maximizing software engineering methods.<\/li>\n<li>Writing efficient C++.<\/li>\n<li>Developing cross-platform and cross-language applications.<\/li>\n<li>Becoming adept at testing.<\/li>\n<li>Conquering debugging.<\/li>\n<li>Incorporating design techniques and frameworks.<\/li>\n<li>Applying design patterns.<\/li>\n<\/ul>\n<\/div>\n<\/div>\n<\/div>\n<\/div>\n<p>&nbsp;<\/p>\n<\/div>\n<\/div>\n<h3>Kursen levereras i samarbete med Mindroad<\/h3>\n","protected":false},"excerpt":{"rendered":"<p><strong>C++ \u00e4r standardspr\u00e5ket f\u00f6r att implementera m\u00e5nga former av objektorienterade l\u00f6sningar, men det \u00e4r samtidigt ett av de sv\u00e5raste spr\u00e5ken att fullst\u00e4ndig bem\u00e4stra. <\/strong><\/p>\n<p>I den h\u00e4r kursen g\u00e5r vi igenom hur man utvecklar professionella C++ applikationer med h\u00f6g tillf\u00f6rlitlighet som \u00e4r \u00e5teranv\u00e4ndbara, l\u00e4tta att testa och l\u00e4tta att vidareutveckla b\u00e5de av dig sj\u00e4lv och av andra. Du f\u00e5r ocks\u00e5 l\u00e4ra dig att beh\u00e4rskar de avancerade koncepten i C++ och hur du g\u00f6r utvecklar effektiv kod med optimal minneshantering som kan exekvera p\u00e5 olika plattformar.<\/p>\n","protected":false},"featured_media":7180,"comment_status":"open","ping_status":"closed","template":"","meta":{"wds_primary_product_brand":0,"wds_primary_product_cat":0},"product_brand":[],"product_cat":[77,179,29],"product_tag":[],"class_list":{"0":"post-8482","1":"product","2":"type-product","3":"status-publish","4":"has-post-thumbnail","6":"product_cat-c-technical","7":"product_cat-embedded","8":"product_cat-technical","10":"first","11":"instock","12":"taxable","13":"shipping-taxable","14":"purchasable","15":"product-type-simple"},"jetpack_sharing_enabled":true,"_links":{"self":[{"href":"https:\/\/republify.se\/index.php\/wp-json\/wp\/v2\/product\/8482","targetHints":{"allow":["GET"]}}],"collection":[{"href":"https:\/\/republify.se\/index.php\/wp-json\/wp\/v2\/product"}],"about":[{"href":"https:\/\/republify.se\/index.php\/wp-json\/wp\/v2\/types\/product"}],"replies":[{"embeddable":true,"href":"https:\/\/republify.se\/index.php\/wp-json\/wp\/v2\/comments?post=8482"}],"wp:featuredmedia":[{"embeddable":true,"href":"https:\/\/republify.se\/index.php\/wp-json\/wp\/v2\/media\/7180"}],"wp:attachment":[{"href":"https:\/\/republify.se\/index.php\/wp-json\/wp\/v2\/media?parent=8482"}],"wp:term":[{"taxonomy":"product_brand","embeddable":true,"href":"https:\/\/republify.se\/index.php\/wp-json\/wp\/v2\/product_brand?post=8482"},{"taxonomy":"product_cat","embeddable":true,"href":"https:\/\/republify.se\/index.php\/wp-json\/wp\/v2\/product_cat?post=8482"},{"taxonomy":"product_tag","embeddable":true,"href":"https:\/\/republify.se\/index.php\/wp-json\/wp\/v2\/product_tag?post=8482"}],"curies":[{"name":"wp","href":"https:\/\/api.w.org\/{rel}","templated":true}]}}