{"id":8464,"date":"2024-09-10T15:16:33","date_gmt":"2024-09-10T14:16:33","guid":{"rendered":"https:\/\/republify.se\/?post_type=product&#038;p=8464"},"modified":"2026-01-09T08:35:40","modified_gmt":"2026-01-09T07:35:40","slug":"grundkurs-i-c-sharp-och-net","status":"publish","type":"product","link":"https:\/\/republify.se\/index.php\/produkt\/grundkurs-i-c-sharp-och-net\/","title":{"rendered":"Grundkurs i C# och .NET"},"content":{"rendered":"<div class=\"elementor-element elementor-element-7723ba8 elementor-widget elementor-widget-text-editor\" data-id=\"7723ba8\" data-element_type=\"widget\" data-widget_type=\"text-editor.default\">\n<div class=\"elementor-widget-container\">\n<div class=\"elementor-element elementor-element-70419e9c elementor-widget elementor-widget-text-editor\" data-id=\"70419e9c\" data-element_type=\"widget\" data-widget_type=\"text-editor.default\">\n<div class=\"elementor-widget-container\">\n<div class=\"elementor-element elementor-element-4b939308 elementor-widget elementor-widget-text-editor\" data-id=\"4b939308\" data-element_type=\"widget\" data-widget_type=\"text-editor.default\">\n<div class=\"elementor-widget-container\">\n<p>Microsofts .NET-plattform har blivit f\u00f6rstahandsvalet f\u00f6r m\u00e5nga f\u00f6retag som \u00e4r p\u00e5 v\u00e4g att f\u00f6rnya sina IT-system. Anledningen till detta \u00e4r bland annat det l\u00e4ttillg\u00e4ngliga s\u00e4tt p\u00e5 vilket b\u00e5de Windows- webb- och Web Services-applikationer kan utvecklas. I .NET Framework finns dessutom m\u00e4ngder av f\u00e4rdig funktionalitet redo att utnyttjas f\u00f6r alla olika typer av applikationer.<\/p>\n<p><strong>Kursm\u00e5l<\/strong><\/p>\n<p>Efter kursen kommer du f\u00f6rst\u00e5 hur spr\u00e5ket C# fungerar samt hur kodning, fels\u00f6kning och kompilering fungerar i utvecklingsverktyget Visual Studio. Vidare kommer du f\u00e5 en inblick i .NET Framework samt f\u00f6rst\u00e5 hur ramverket kan anv\u00e4ndas i egna applikationer.<\/p>\n<p><strong>Inneh\u00e5ll (Dag 1):<\/strong><br \/>\n\u2022 Vad \u00e4r .NET Framework?<br \/>\n\u2022 Utvecklingsverktyget Visual Studio<br \/>\n\u2022 Grunderna i C#<br \/>\no Nyckelord<br \/>\no Variabler<br \/>\no Enumreringar och arrayer<br \/>\no Operatorer<br \/>\n\u2022 Fl\u00f6deskontroll<br \/>\no if, else, while, for, foreach<\/p>\n<p><strong>Inneh\u00e5ll (Dag 2):<\/strong><br \/>\n\u2022 Metoder i C#<br \/>\no Metodanrop<br \/>\no Returv\u00e4rden<br \/>\no Parametrar (ref, out, params)<br \/>\n\u2022 Klasser<br \/>\no Strukturer<br \/>\n\u2022 Arv<br \/>\n\u2022 Interface<br \/>\n\u2022 Namnrymder<br \/>\n\u2022 H\u00e4ndelser och delegater<\/p>\n<p><strong>Inneh\u00e5ll (Dag 3):<\/strong><br \/>\n\u2022 L\u00e4r oss anv\u00e4nda klasserna .NET Framework<br \/>\no Undantagshantering<br \/>\no Hantera datastrukturer<br \/>\no L\u00e4sa och skriva till filer<br \/>\no GUI-programmering<\/p>\n<p>\u2022 Utvecklingsverktyget Visual Studio<br \/>\no IntelliSense<br \/>\no GUI-designer<br \/>\no Debuggern<br \/>\no Installationsprogram<\/p>\n<\/div>\n<\/div>\n<\/div>\n<\/div>\n<p>&nbsp;<\/p>\n<\/div>\n<\/div>\n<h3>Kursen levereras i samarbete med<\/h3>\n<p><img decoding=\"async\" class=\"alignnone size-medium wp-image-1242 lazyload\" data-src=\"https:\/\/republify.se\/wp-content\/uploads\/2022\/02\/DocebIT_Logo-300x96.jpg\" alt=\"\" width=\"300\" height=\"96\" data-srcset=\"https:\/\/republify.se\/wp-content\/uploads\/2022\/02\/DocebIT_Logo-300x96.jpg 300w, https:\/\/republify.se\/wp-content\/uploads\/2022\/02\/DocebIT_Logo-scaled-600x191.jpg 600w, https:\/\/republify.se\/wp-content\/uploads\/2022\/02\/DocebIT_Logo-1024x327.jpg 1024w, https:\/\/republify.se\/wp-content\/uploads\/2022\/02\/DocebIT_Logo-768x245.jpg 768w, https:\/\/republify.se\/wp-content\/uploads\/2022\/02\/DocebIT_Logo-1536x490.jpg 1536w, https:\/\/republify.se\/wp-content\/uploads\/2022\/02\/DocebIT_Logo-2048x654.jpg 2048w\" data-sizes=\"(max-width: 300px) 100vw, 300px\" src=\"data:image\/svg+xml;base64,PHN2ZyB3aWR0aD0iMSIgaGVpZ2h0PSIxIiB4bWxucz0iaHR0cDovL3d3dy53My5vcmcvMjAwMC9zdmciPjwvc3ZnPg==\" style=\"--smush-placeholder-width: 300px; --smush-placeholder-aspect-ratio: 300\/96;\" \/><\/p>\n","protected":false},"excerpt":{"rendered":"<p>Programmeringsspr\u00e5ket C# (CSharp) \u00e4r det naturliga valet f\u00f6r utveckling av applikationer i .NET-milj\u00f6n. C# f\u00f6renar styrkan hos C\/C++ med det enkla uttryckss\u00e4ttet hos Visual Basic. Goda kunskaper i C# kommer d\u00e4rmed att bli en viktig faktor i framtidens systemutveckling.<\/p>\n<p>Under den h\u00e4r mycket efterfr\u00e5gade tredagarskursen l\u00e4r du dig grunderna i programmeringsspr\u00e5ket C#, .NET Framework samt f\u00e5r arbeta med Visual Studio<\/p>\n","protected":false},"featured_media":5356,"comment_status":"open","ping_status":"closed","template":"","meta":{"wds_primary_product_brand":0,"wds_primary_product_cat":0},"product_brand":[],"product_cat":[41,40,39,29],"product_tag":[],"class_list":{"0":"post-8464","1":"product","2":"type-product","3":"status-publish","4":"has-post-thumbnail","6":"product_cat-net","7":"product_cat-c","8":"product_cat-systemutveckling","9":"product_cat-technical","11":"first","12":"instock","13":"taxable","14":"shipping-taxable","15":"purchasable","16":"product-type-simple"},"jetpack_sharing_enabled":true,"_links":{"self":[{"href":"https:\/\/republify.se\/index.php\/wp-json\/wp\/v2\/product\/8464","targetHints":{"allow":["GET"]}}],"collection":[{"href":"https:\/\/republify.se\/index.php\/wp-json\/wp\/v2\/product"}],"about":[{"href":"https:\/\/republify.se\/index.php\/wp-json\/wp\/v2\/types\/product"}],"replies":[{"embeddable":true,"href":"https:\/\/republify.se\/index.php\/wp-json\/wp\/v2\/comments?post=8464"}],"wp:featuredmedia":[{"embeddable":true,"href":"https:\/\/republify.se\/index.php\/wp-json\/wp\/v2\/media\/5356"}],"wp:attachment":[{"href":"https:\/\/republify.se\/index.php\/wp-json\/wp\/v2\/media?parent=8464"}],"wp:term":[{"taxonomy":"product_brand","embeddable":true,"href":"https:\/\/republify.se\/index.php\/wp-json\/wp\/v2\/product_brand?post=8464"},{"taxonomy":"product_cat","embeddable":true,"href":"https:\/\/republify.se\/index.php\/wp-json\/wp\/v2\/product_cat?post=8464"},{"taxonomy":"product_tag","embeddable":true,"href":"https:\/\/republify.se\/index.php\/wp-json\/wp\/v2\/product_tag?post=8464"}],"curies":[{"name":"wp","href":"https:\/\/api.w.org\/{rel}","templated":true}]}}