{"id":4944,"date":"2022-10-13T14:13:20","date_gmt":"2022-10-13T13:13:20","guid":{"rendered":"https:\/\/republify.se\/?post_type=product&#038;p=4944"},"modified":"2026-01-09T08:51:18","modified_gmt":"2026-01-09T07:51:18","slug":"cybr-cybersakerhet-hela-paketet","status":"publish","type":"product","link":"https:\/\/republify.se\/index.php\/produkt\/cybr-cybersakerhet-hela-paketet\/","title":{"rendered":"CYBR \u2013 CYBERS\u00c4KERHET \u2013 HELA PAKETET"},"content":{"rendered":"<h3><strong>1 \u2013 INTRODUKTION TILL CYBERS\u00c4KERHET<\/strong><\/h3>\n<ul>\n<li>CYBR-standarder<\/li>\n<li>L\u00f6senord: Minimikrav<\/li>\n<li>L\u00f6senord: Att skriva eller inte skriva<\/li>\n<li>L\u00f6senord: MFA och L\u00f6senordshanterare<\/li>\n<\/ul>\n<h3><strong>2 &#8211; PHISHING<\/strong><\/h3>\n<ul>\n<li>Phishing 101<\/li>\n<li>Phishing: Spoofing av e-post<\/li>\n<li>Phishing: Spoofing av webbplatser<\/li>\n<li>Phishing: Dom\u00e4ner, rot-dom\u00e4ner och under-dom\u00e4ner<\/li>\n<li>Phishing: Spear phishing<\/li>\n<\/ul>\n<h3><strong>3 \u2013 SOCIAL ENGINEERING<\/strong><\/h3>\n<ul>\n<li>Social manipulation<\/li>\n<li>Tailgating<\/li>\n<li>Pretexting<\/li>\n<li>Din identitet p\u00e5 n\u00e4tet<\/li>\n<li>Identitetsst\u00f6ld<\/li>\n<\/ul>\n<h3><strong>4 \u2013 PERSONLIG ENHETSS\u00c4KERHET<\/strong><\/h3>\n<ul>\n<li>Mobil s\u00e4kerhet<\/li>\n<li>SMiSHing<\/li>\n<li>S\u00e4ker resa<\/li>\n<li>S\u00e4kra n\u00e4tverk<\/li>\n<li>Social Media Phishing<\/li>\n<\/ul>\n<h3><strong>5 \u2013 LEGALA ASPEKTER<\/strong><\/h3>\n<ul>\n<li>Globala datakrav<\/li>\n<li>Introduktion till GDPR<\/li>\n<li>Vad \u00e4r personuppgifter<\/li>\n<li>Hantering och behandling av uppgifter<\/li>\n<li>Dina personuppgiftsr\u00e4ttigheter<\/li>\n<\/ul>\n<h3><strong>6 &#8211; MALWARE<\/strong><\/h3>\n<ul>\n<li>Introduktion till Malware<\/li>\n<li>Ransomware<\/li>\n<li>Ransomware f\u00f6rebyggande<\/li>\n<li>Ransomware svar<\/li>\n<li>Virus<\/li>\n<li>USB<\/li>\n<\/ul>\n<h3>Kursen levereras i samarbete med<\/h3>\n<p><img decoding=\"async\" class=\"alignnone size-medium wp-image-4952 lazyload\" data-src=\"https:\/\/republify.se\/wp-content\/uploads\/2022\/10\/cybr-300x86.jpg\" alt=\"\" width=\"300\" height=\"86\" data-srcset=\"https:\/\/republify.se\/wp-content\/uploads\/2022\/10\/cybr-300x86.jpg 300w, https:\/\/republify.se\/wp-content\/uploads\/2022\/10\/cybr.jpg 497w\" data-sizes=\"(max-width: 300px) 100vw, 300px\" src=\"data:image\/svg+xml;base64,PHN2ZyB3aWR0aD0iMSIgaGVpZ2h0PSIxIiB4bWxucz0iaHR0cDovL3d3dy53My5vcmcvMjAwMC9zdmciPjwvc3ZnPg==\" style=\"--smush-placeholder-width: 300px; --smush-placeholder-aspect-ratio: 300\/86;\" \/><\/p>\n","protected":false},"excerpt":{"rendered":"<p>V\u00e4lkommen till denna sj\u00e4lvstudieutbildning i s\u00e4kerhetsmedvetande med IT-fokus. Du kan k\u00f6pa hela paketet och f\u00e5 tillg\u00e5ng till alla utbildningsmodulerna under ett helt \u00e5r eller v\u00e4lja ut de delar som \u00e4r mest aktuella f\u00f6r er! I varje modul f\u00e5r du bekanta dig med Roby som \u00e4r din coach och guide i cybers\u00e4kerhet. Ruby kommer att hj\u00e4lpa dig att navigera genom utbildningsavsnitten st\u00f6d i din inl\u00e4rning.<\/p>\n<p><em>Se utbildningsdetaljer under respektive modul nedan<\/em><\/p>\n<p><strong>0 \u2013 CYBR \u2013 SAMTLIGA 6 MODULER<br \/>\n<\/strong>1 \u2013 <a href=\"https:\/\/republify.se\/index.php\/produkt\/cybr-1-introduktion-till-cybersakerhet\/\">INTRODUKTION TILL CYBERS\u00c4KERHET<\/a><br \/>\n2 \u2013 <a href=\"https:\/\/republify.se\/index.php\/produkt\/cybr-2-phishing\/\">PHISHING<\/a><br \/>\n3 \u2013 <a href=\"https:\/\/republify.se\/index.php\/produkt\/cybr-3-social-engineering\/\">SOCIAL ENGINEERING<\/a><br \/>\n4 \u2013 <a href=\"https:\/\/republify.se\/index.php\/produkt\/cybr-4-personlig-enhetssakerhet\/\">PERSONLIG ENHETSS\u00c4KERHET<\/a><br \/>\n5 \u2013 <a href=\"https:\/\/republify.se\/index.php\/produkt\/cybr-5-legala-aspekter\/\">LEGALA ASPEKTER<\/a><br \/>\n6 &#8211; <a href=\"https:\/\/republify.se\/index.php\/produkt\/cybr-6-malware\/\">MALWARE<\/a><\/p>\n","protected":false},"featured_media":4945,"comment_status":"open","ping_status":"closed","template":"","meta":{"wds_primary_product_brand":0,"wds_primary_product_cat":0},"product_brand":[],"product_cat":[134,149,31],"product_tag":[],"class_list":{"0":"post-4944","1":"product","2":"type-product","3":"status-publish","4":"has-post-thumbnail","6":"product_cat-cyber-security","7":"product_cat-e-learning","8":"product_cat-security","10":"first","11":"instock","12":"taxable","13":"shipping-taxable","14":"purchasable","15":"product-type-simple"},"jetpack_sharing_enabled":true,"_links":{"self":[{"href":"https:\/\/republify.se\/index.php\/wp-json\/wp\/v2\/product\/4944","targetHints":{"allow":["GET"]}}],"collection":[{"href":"https:\/\/republify.se\/index.php\/wp-json\/wp\/v2\/product"}],"about":[{"href":"https:\/\/republify.se\/index.php\/wp-json\/wp\/v2\/types\/product"}],"replies":[{"embeddable":true,"href":"https:\/\/republify.se\/index.php\/wp-json\/wp\/v2\/comments?post=4944"}],"wp:featuredmedia":[{"embeddable":true,"href":"https:\/\/republify.se\/index.php\/wp-json\/wp\/v2\/media\/4945"}],"wp:attachment":[{"href":"https:\/\/republify.se\/index.php\/wp-json\/wp\/v2\/media?parent=4944"}],"wp:term":[{"taxonomy":"product_brand","embeddable":true,"href":"https:\/\/republify.se\/index.php\/wp-json\/wp\/v2\/product_brand?post=4944"},{"taxonomy":"product_cat","embeddable":true,"href":"https:\/\/republify.se\/index.php\/wp-json\/wp\/v2\/product_cat?post=4944"},{"taxonomy":"product_tag","embeddable":true,"href":"https:\/\/republify.se\/index.php\/wp-json\/wp\/v2\/product_tag?post=4944"}],"curies":[{"name":"wp","href":"https:\/\/api.w.org\/{rel}","templated":true}]}}