{"id":4256,"date":"2022-06-16T14:33:29","date_gmt":"2022-06-16T13:33:29","guid":{"rendered":"https:\/\/republify.se\/?post_type=product&#038;p=4256"},"modified":"2026-01-09T08:53:27","modified_gmt":"2026-01-09T07:53:27","slug":"presentationsteknik-for-it-proffs","status":"publish","type":"product","link":"https:\/\/republify.se\/index.php\/produkt\/presentationsteknik-for-it-proffs\/","title":{"rendered":"Presentationsteknik f\u00f6r IT-proffs"},"content":{"rendered":"<p>Efter kursen k\u00e4nner du dig tryggare n\u00e4r du talar inf\u00f6r en grupp. Det du s\u00e4ger f\u00e5r ett st\u00f6rre v\u00e4rde f\u00f6r din m\u00e5lgrupp, de lyssnar p\u00e5 dig och det st\u00e4rker f\u00f6rtroendet f\u00f6r dig och f\u00f6r dina budskap. Du f\u00e5r kunskap om retorik, tr\u00e4na mycket, feedback p\u00e5 vad du kan utveckla, r\u00e5d hur du kan g\u00f6ra och erfarenhetsutbyte med de andra deltagarna<\/p>\n<ul>\n<li>Hur skulle det k\u00e4nnas om du blev mer s\u00e4ker och effektiv i din kommunikation?<\/li>\n<li>Vilka resultat och f\u00f6r\u00e4ndringar skulle du kunna uppn\u00e5 om du blev b\u00e4ttre p\u00e5 att inspirera, motivera och \u00f6vertyga andra?<\/li>\n<\/ul>\n<p>&nbsp;<\/p>\n<p><em>Retorik \u00e4r ingen konst, det \u00e4r en f\u00f6rm\u00e5ga som alla kan utveckla och l\u00e4ra sig. Modern retorik bygger p\u00e5 konkreta metoder hur du planerar vad du ska s\u00e4ga, praktiska verktyg hur du framf\u00f6r ditt budskap och modern forskning om kommunikativa hinder som du beh\u00f6ver hantera och framf\u00f6rallt: Tr\u00e4ning, tr\u00e4ning, tr\u00e4ning.<\/em><\/p>\n<h3><strong>Sju retoriska tekniker f\u00f6r att presentera b\u00e4ttre<\/strong><\/h3>\n<ol>\n<li><strong> M\u00e5l\u00adgrupp\u00ads\u00adtek\u00adni\u00adker<\/strong><\/li>\n<\/ol>\n<p>F\u00f6r att n\u00e5 fram med budskapet ska du utg\u00e5 fr\u00e5n din m\u00e5lgrupps referensramar \u2013 inte din! Vidga ditt perspektiv: l\u00e4r dig att analysera din situation och din mottagare s\u00e5 n\u00e5r du hela v\u00e4gen fram med ditt budskap.<\/p>\n<ol start=\"2\">\n<li><strong> Ar\u00adgu\u00admen\u00adta\u00adtio\u00adnens ABC<\/strong><\/li>\n<\/ol>\n<p>Om du vill \u00f6vertyga m\u00e5ste du kunna f\u00f6rst\u00e4rka ditt budskap med argument och ha en tydlig struktur med relevant information. L\u00e4r dig att samla r\u00e4tt inneh\u00e5ll, f\u00f6rdela det och skapa h\u00e5llbara argument som bevisar det du p\u00e5st\u00e5r och kan accepteras av m\u00e5lgruppen.<\/p>\n<ol start=\"3\">\n<li><strong> Spr\u00e5k\u00adtek\u00adni\u00adker<\/strong><\/li>\n<\/ol>\n<p>F\u00f6r att effektivisera ditt budskap beh\u00f6ver du engagera mottagarna med ett tydligt och tilltalande spr\u00e5k som engagerar dem. Du f\u00e5r l\u00e4ra dig retorikens spr\u00e5kknep som bidrar till f\u00f6rst\u00e5else och f\u00f6rtydligar ditt budskap.<\/p>\n<ol start=\"4\">\n<li><strong> R\u00f6st\u00adtek\u00adni\u00adker<\/strong><\/li>\n<\/ol>\n<p>Vad du s\u00e4ger har stor betydelse \u2013 men hur l\u00e5ter du n\u00e4r du framf\u00f6r ditt budskap? Utveckla din r\u00f6st och st\u00e4mma med enkla r\u00f6sttekniker. Med konstpauser, betoningar och variation av r\u00f6stl\u00e4get kommer du att g\u00f6ra intryck p\u00e5 mottagarna genom dina uttryck.<\/p>\n<ol start=\"5\">\n<li><strong> Kropps\u00adspr\u00e5ks\u00adtek\u00adni\u00adker<\/strong><\/li>\n<\/ol>\n<p>Av dina uttrycksmedel \u00e4r kroppsspr\u00e5k ditt viktigaste redskap f\u00f6r att ge ett trov\u00e4rdigt intryck \u2013 hela 56 % enligt en amerikansk studie. L\u00e4r dig kroppsh\u00e5llningar, positionering och gester som du har nytta av n\u00e4r du vill sticka ut eller sm\u00e4lta in.<\/p>\n<ol start=\"6\">\n<li><strong> Po\u00adwer\u00adpoint\u00adtek\u00adni\u00adker<\/strong><\/li>\n<\/ol>\n<p>Att anv\u00e4nda visuella hj\u00e4lpmedel och f\u00e5 r\u00e4tt effekt \u00e4r en konst. Det kan bli succ\u00e9 eller platt fall. L\u00e4r dig att anv\u00e4nda powerpointbilder som f\u00f6rst\u00e4rker och f\u00f6rtydligar ditt budskap.<\/p>\n<ol start=\"7\">\n<li><strong> Men\u00adta\u00adla stra\u00adte\u00adgi\u00ader<\/strong><\/li>\n<\/ol>\n<p>Att v\u00e5ga, vilja och kunna \u00e4r tre nycklar f\u00f6r att du ska utveckla din kommunikativa f\u00f6rm\u00e5ga. L\u00e4r dig mentala strategier f\u00f6r att bli en framg\u00e5ngsrik kommunikat\u00f6r n\u00e4r du m\u00f6ter din publik.<\/p>\n<h4><strong>M\u00e5l\u00adgrupp<\/strong><\/h4>\n<ul>\n<li>Du som har ansvar f\u00f6r vissa omr\u00e5den, m\u00e5l och arbetsuppgifter d\u00e4r du ska motivera andra som ocks\u00e5 beh\u00f6ver bidra med sin tid och kompetens.<\/li>\n<li>Du som vill k\u00e4nna dig s\u00e4krare n\u00e4r alla tittar p\u00e5 dig och trygg i hur du ska presentera.<\/li>\n<li>Du som beh\u00f6ver f\u00e5 andra att f\u00f6rst\u00e5 och acceptera dina id\u00e9er, f\u00f6rslag eller beslut.<\/li>\n<li>Du som vill s\u00e4lja in dig sj\u00e4lv och din kompetens vid intervjuer med kunder.<\/li>\n<li>Du som beh\u00f6ver f\u00f6rklara beslut eller \u201dnegativa\u201d nyheter f\u00f6r gruppen eller best\u00e4llare.<\/li>\n<li>Du som beh\u00f6ver fler verktyg f\u00f6r att anpassa dina presentationer till olika m\u00e5lgrupper.<\/li>\n<\/ul>\n<h2><strong>M\u00e5l<\/strong><\/h2>\n<p>Under kursen f\u00e5r du kunskap om retorikens metoder s\u00e5 du kan planera presentationer effektivt. Du l\u00e4r dig ta fram ett tydligt syfte, anpassa budskap och argument efter m\u00e5lgrupp och anv\u00e4nda en talstruktur som g\u00f6r det enklare f\u00f6r mottagarna att f\u00f6lja med och f\u00f6rst\u00e5 v\u00e4rdet av ditt budskap. Du tr\u00e4nar p\u00e5 framf\u00f6randeteknik och l\u00e4r dig att agera framf\u00f6r en grupp och \u00e4ga \u201dscenen\u201d. Du l\u00e4r dig anv\u00e4nda ditt kroppsspr\u00e5k och din r\u00f6st f\u00f6r att engagera och f\u00f6rst\u00e4rka det du s\u00e4ger. Du kommer att k\u00e4nna dig tryggare och mer n\u00e4rvarande vilket g\u00f6r dig mer intressant att lyssna p\u00e5 och d\u00e4rmed mer \u00f6vertygande i ditt budskap.<\/p>\n<p>Under kursen ges du m\u00f6jlighet att n\u00e5gon filmar din slutpresentation med din mobil. Du kan i lugn och ro efter utbildningen g\u00e5 igenom framf\u00f6randet och iaktta framsteg och f\u00f6rb\u00e4ttringar. Inspelningen \u00e4r helt frivillig och sker endast om deltagaren s\u00e5 \u00f6nskar.<\/p>\n<h4><strong>F\u00f6r\u00adkun\u00adska\u00adper<\/strong><\/h4>\n<p>Inga speciella f\u00f6rkunskaper. D\u00e4remot \u00e4r det bra om du funderar p\u00e5 situationer \u201driktiga case\u201d som du vill tr\u00e4na p\u00e5 under utbildningen.<\/p>\n<h2><strong>Kurs\u00adin\u00adne\u00adh\u00e5ll:\u00a0<\/strong><\/h2>\n<ul>\n<li>Effektiv f\u00f6rberedelse som st\u00e4rker dig<\/li>\n<li>Disponera din presentation \u2013 vad vill du uppn\u00e5?<\/li>\n<li>Anpassa syfte och budskap efter m\u00e5lgrupp<\/li>\n<li>Att tala s\u00e5 andra lyssnar \u2013 val av spr\u00e5kbruk<\/li>\n<li>Bli medveten om de signaler du s\u00e4nder ut<\/li>\n<li>S\u00e4tt att bli engagerad och skapa engagemang<\/li>\n<li>F\u00e4ngslande inledningar och starka avslutningar<\/li>\n<li>Kroppsspr\u00e5k som f\u00f6rst\u00e4rker ditt budskap<\/li>\n<li>S\u00e5 bem\u00f6ter du kritiska fr\u00e5gor och motargument<\/li>\n<li>Utveckla din r\u00f6st och utstr\u00e5lning f\u00f6r att engagera<\/li>\n<li>S\u00e5 omvandlar du nervositet till positiv ansp\u00e4nning<\/li>\n<li>Att presentera f\u00f6r ledning, marknad och verksamhet<\/li>\n<li>Bildspr\u00e5k och Power Point som f\u00f6renklar och f\u00f6rst\u00e4rker<\/li>\n<\/ul>\n<p>&nbsp;<\/p>\n<h3>I samarbete med Kronkvist kommunikation AB<\/h3>\n","protected":false},"excerpt":{"rendered":"<p><strong>Denna kurs \u00e4r f\u00f6r dig som \u00e4r konsult, ingenj\u00f6r, tekniker, utvecklare eller specialist som jobbar med IT, i projekt eller uppdrag och som vill bidra till din egen och ditt f\u00f6retags framg\u00e5ng genom att st\u00e4rka dina f\u00f6rm\u00e5gor att presentera och kommunicera effektivt.<\/strong><\/p>\n<p>Den vanligaste orsaken till att projekt misslyckas \u00e4r d\u00e5lig kommunikation, otydlighet och missf\u00f6rst\u00e5nd. Under kursen f\u00e5r du kunskap som g\u00f6r att du blir s\u00e4krare, tydligare och effektivare n\u00e4r du talar inf\u00f6r en grupp och \u00e4r med p\u00e5 m\u00f6ten. Du l\u00e4r dig kommunicera och presentera p\u00e5 en j\u00e4mn, h\u00f6g niv\u00e5 och l\u00e4r dig motivera och bidra \u00e4nnu mer i ditt team.<\/p>\n","protected":false},"featured_media":7780,"comment_status":"open","ping_status":"closed","template":"","meta":{"wds_primary_product_brand":0,"wds_primary_product_cat":0},"product_brand":[],"product_cat":[30,37,32,113,129],"product_tag":[],"class_list":{"0":"post-4256","1":"product","2":"type-product","3":"status-publish","4":"has-post-thumbnail","6":"product_cat-business","7":"product_cat-kommunikation","8":"product_cat-ledarskap","9":"product_cat-presentationsteknik","10":"product_cat-utbildning","12":"first","13":"instock","14":"taxable","15":"shipping-taxable","16":"purchasable","17":"product-type-simple"},"jetpack_sharing_enabled":true,"_links":{"self":[{"href":"https:\/\/republify.se\/index.php\/wp-json\/wp\/v2\/product\/4256","targetHints":{"allow":["GET"]}}],"collection":[{"href":"https:\/\/republify.se\/index.php\/wp-json\/wp\/v2\/product"}],"about":[{"href":"https:\/\/republify.se\/index.php\/wp-json\/wp\/v2\/types\/product"}],"replies":[{"embeddable":true,"href":"https:\/\/republify.se\/index.php\/wp-json\/wp\/v2\/comments?post=4256"}],"wp:featuredmedia":[{"embeddable":true,"href":"https:\/\/republify.se\/index.php\/wp-json\/wp\/v2\/media\/7780"}],"wp:attachment":[{"href":"https:\/\/republify.se\/index.php\/wp-json\/wp\/v2\/media?parent=4256"}],"wp:term":[{"taxonomy":"product_brand","embeddable":true,"href":"https:\/\/republify.se\/index.php\/wp-json\/wp\/v2\/product_brand?post=4256"},{"taxonomy":"product_cat","embeddable":true,"href":"https:\/\/republify.se\/index.php\/wp-json\/wp\/v2\/product_cat?post=4256"},{"taxonomy":"product_tag","embeddable":true,"href":"https:\/\/republify.se\/index.php\/wp-json\/wp\/v2\/product_tag?post=4256"}],"curies":[{"name":"wp","href":"https:\/\/api.w.org\/{rel}","templated":true}]}}