{"id":3483,"date":"2022-04-05T14:18:09","date_gmt":"2022-04-05T13:18:09","guid":{"rendered":"https:\/\/republify.se\/?post_type=product&#038;p=3483"},"modified":"2022-04-05T14:18:12","modified_gmt":"2022-04-05T13:18:12","slug":"dl-i-programmering-fran-grunden","status":"publish","type":"product","link":"https:\/\/republify.se\/index.php\/produkt\/dl-i-programmering-fran-grunden\/","title":{"rendered":"DL\/I programmering fr\u00e5n grunden"},"content":{"rendered":"<p><strong>Kursen v\u00e4nder sig till COBOL-programmerare som skall anv\u00e4nda DL\/I-databaser och siktar in sig p\u00e5 att l\u00e4ra sig skriva COBOL batchprogram som inneh\u00e5ller de vanligaste anropen f\u00f6r att l\u00e4sa, skapa, radera och f\u00f6r\u00e4ndra data i en DL\/I-databas.<\/strong><\/p>\n<p>F\u00f6r att delta i denna kurs beh\u00f6ver du kunskaper i COBOL motsvarande inneh\u00e5llet i kursen <a href=\"https:\/\/republify.se\/index.php\/produkt\/cobol-fran-grunden\/\">COBOL fr\u00e5n grunden<\/a>.<\/p>\n<h3>Kurs\u00f6versikt<\/h3>\n<ul>\n<li><strong>Introduktion till DL\/I<\/strong><br \/>\n<em>\u00d6versikt av program- och databasmilj\u00f6.<\/em><\/li>\n<li><strong>Databasbeskrivningar, DBD<\/strong><br \/>\n<em>\u00d6versikt av segment, f\u00e4lt, nyckelbeskrivningar m.m.<\/em><\/li>\n<li><strong>Program Specification Block, PSB, Program Communication Block,<br \/>\nPCB<\/strong><br \/>\n<em>En beskrivning av programmets kommunikationsarea till DL\/I,<br \/>\nstatuskoder, key feedback area m.m.<\/em><\/li>\n<li><strong>Applikationsprogrammets uppbyggnad<\/strong><br \/>\n<em>Linkage Section, Procedure Division.<\/em><\/li>\n<li><strong>Hierarkiska strukturer<\/strong><br \/>\n<em>F\u00f6r\u00e4lder-barn f\u00f6rh\u00e5llande, hierarkisk sekvens, navigering i den<br \/>\nhierarkiska sekvensen.<\/em><\/li>\n<li><strong>Databas\u00e5tkomst<\/strong><br \/>\n<em>Beskrivning av l\u00e4sande och skrivande databasanrop samt statuskoder<br \/>\nsom b\u00f6r beaktas.<\/em><\/li>\n<li><strong>Segment Search Argument, SSA<\/strong><br \/>\n<em>Okvalificerade och kvalificerade s\u00f6kargument.<br \/>\nLogiska operatorer.<\/em><\/li>\n<li><strong>Funktionskoder<\/strong><br \/>\n<em>En \u00f6versikt av vanliga funktionskoder och deras anv\u00e4ndningsomr\u00e5den.<\/em><\/li>\n<li><strong>Kommandokoder<\/strong><br \/>\n<em>En \u00f6versikt av vanliga kommandokoder och deras anv\u00e4ndningsomr\u00e5den.<\/em><\/li>\n<li><strong>\u00d6vningar<\/strong><br \/>\n<em>Kursen inneh\u00e5ller flera sm\u00e5 programmerings\u00f6vningar i samband med<br \/>\ngenomg\u00e5ng av de olika kursavsnitten, men har ocks\u00e5 en mer omfattande<br \/>\nprogrammerings\u00f6vning som omfattar kursens samtliga teoriavsnitt.<\/em><\/li>\n<\/ul>\n<p>&nbsp;<\/p>\n<h3>Kursen levereras i samarbete med<\/h3>\n<p><img decoding=\"async\" class=\"alignnone size-medium wp-image-3007 lazyload\" data-src=\"https:\/\/republify.se\/wp-content\/uploads\/2022\/03\/cropped-pngwing.com_-300x75.png\" alt=\"\" width=\"300\" height=\"75\" data-srcset=\"https:\/\/republify.se\/wp-content\/uploads\/2022\/03\/cropped-pngwing.com_-300x75.png 300w, https:\/\/republify.se\/wp-content\/uploads\/2022\/03\/cropped-pngwing.com_-1024x257.png 1024w, https:\/\/republify.se\/wp-content\/uploads\/2022\/03\/cropped-pngwing.com_-768x193.png 768w, https:\/\/republify.se\/wp-content\/uploads\/2022\/03\/cropped-pngwing.com_-600x151.png 600w, https:\/\/republify.se\/wp-content\/uploads\/2022\/03\/cropped-pngwing.com_.png 1142w\" data-sizes=\"(max-width: 300px) 100vw, 300px\" src=\"data:image\/svg+xml;base64,PHN2ZyB3aWR0aD0iMSIgaGVpZ2h0PSIxIiB4bWxucz0iaHR0cDovL3d3dy53My5vcmcvMjAwMC9zdmciPjwvc3ZnPg==\" style=\"--smush-placeholder-width: 300px; --smush-placeholder-aspect-ratio: 300\/75;\" \/><\/p>\n<h2>Kontakta oss om denna kurs<\/h2>\n<div data-test='contact-form'\n\t\t\tid='contact-form-3483'\n\t\t\tclass='jetpack-contact-form-container '\n\t\t\tdata-wp-interactive='jetpack\/form' data-wp-context='{\"formId\":\"3483\",\"formHash\":\"d3c0fcb951ce28df6cc53c3879bacf98fb31cc42\",\"showErrors\":false,\"errors\":[],\"fields\":[],\"isMultiStep\":false,\"useAjax\":true,\"submissionData\":null,\"formattedSubmissionData\":[],\"submissionSuccess\":false,\"submissionError\":null,\"elementId\":\"jp-form-d3c0fcb951ce28df6cc53c3879bacf98fb31cc42\",\"isSingleInputForm\":false,\"isForcedHorizontal\":false}'\n\t\t\tdata-wp-watch--scroll-to-wrapper=\"callbacks.scrollToWrapper\"\n\t\t>\n<div class=\"contact-form-submission contact-form-ajax-submission\" data-wp-bind--aria-hidden=\"state.isSuccessMessageAriaHidden\" data-wp-class--submission-success=\"context.submissionSuccess\" id=\"contact-form-success-d3c0fcb951ce28df6cc53c3879bacf98fb31cc42\" tabindex=\"-1\" aria-labelledby=\"contact-form-success-header-d3c0fcb951ce28df6cc53c3879bacf98fb31cc42\"><p class=\"go-back-message\"><a class=\"link\" role=\"button\" tabindex=\"0\" data-wp-on--click=\"actions.goBack\" href=\"\/index.php\/wp-json\/wp\/v2\/product\/3483\">\u2190 Tillbaka<\/a><\/p><h4 data-wp-bind--aria-hidden=\"state.isSuccessMessageAriaHidden\" id=\"contact-form-success-header-d3c0fcb951ce28df6cc53c3879bacf98fb31cc42\">Tack f\u00f6r din respons. \u2728<\/h4>\n\n<template data-wp-each--submission=\"context.formattedSubmissionData\">\n\t\t\t\t\t<div class=\"jetpack_forms_contact-form-success-summary\">\n\t\t\t\t\t\t<div class=\"field-name-wrapper\">\n\t\t\t\t\t\t\t<div class=\"field-type-icon\" data-wp-watch=\"callbacks.watchFieldTypeIcon\"><\/div>\n\t\t\t\t\t\t\t<div class=\"field-name\" data-wp-text=\"context.submission.label\" data-wp-bind--hidden=\"!context.submission.label\"><\/div>\n\t\t\t\t\t\t<\/div>\n\t\t\t\t\t\t<div class=\"field-value\" data-wp-text=\"context.submission.value\" data-wp-bind--hidden=\"!context.submission.showPlainValue\"><\/div>\n\t\t\t\t\t\t<a class=\"field-url\" data-wp-bind--href=\"context.submission.url\" data-wp-text=\"context.submission.value\" data-wp-bind--hidden=\"!context.submission.url\" target=\"_blank\" rel=\"noopener noreferrer\"><\/a>\n\t\t\t\t\t\t<div class=\"field-rating\" data-wp-bind--hidden=\"!context.submission.rating\" data-wp-watch=\"callbacks.watchRatingIcons\"><\/div>\n\t\t\t\t\t\t<div class=\"field-images\" data-wp-bind--hidden=\"!context.submission.images\">\n\t\t\t\t\t\t\t<template data-wp-each--image=\"context.submission.images\">\n\t\t\t\t\t\t\t\t<div class=\"field-image-option\" data-wp-class--is-empty=\"!context.image.src\">\n\t\t\t\t\t\t\t\t\t<figure class=\"field-image-option__image\" data-wp-class--is-empty=\"!context.image.src\">\n\t\t\t\t\t\t\t\t\t\t<img data-wp-bind--src=\"context.image.src\" data-wp-bind--hidden=\"!context.image.src\" \/>\n\t\t\t\t\t\t\t\t\t\t<img decoding=\"async\" src=\"data:image\/gif;base64,R0lGODlhAQABAAD\/ACwAAAAAAQABAAACADs=\" data-wp-bind--hidden=\"context.image.src\" \/>\n\t\t\t\t\t\t\t\t\t<\/figure>\n\t\t\t\t\t\t\t\t\t<div class=\"field-image-option__label-wrapper\">\n\t\t\t\t\t\t\t\t\t\t<span class=\"field-image-option__label-code\" data-wp-text=\"context.image.letterCode\"><\/span>\n\t\t\t\t\t\t\t\t\t\t<span class=\"field-image-option__label\" data-wp-text=\"context.image.label\" data-wp-bind--hidden=\"!context.image.label\"><\/span>\n\t\t\t\t\t\t\t\t\t<\/div>\n\t\t\t\t\t\t\t\t<\/div>\n\t\t\t\t\t\t\t<\/template>\n\t\t\t\t\t\t<\/div>\n\t\t\t\t\t\t<div class=\"field-files\" data-wp-bind--hidden=\"!context.submission.files\">\n\t\t\t\t\t\t\t<template data-wp-each--file=\"context.submission.files\">\n\t\t\t\t\t\t\t\t<div class=\"field-file\">\n\t\t\t\t\t\t\t\t\t<div class=\"field-file__thumbnail\" data-wp-style--background-image=\"context.file.previewUrl\" data-wp-style--mask-image=\"context.file.iconUrl\" data-wp-bind--hidden=\"!context.file.hasPreview\"><\/div>\n\t\t\t\t\t\t\t\t\t<svg class=\"field-file__icon\" data-wp-bind--hidden=\"context.file.hasPreview\" width=\"20\" height=\"20\" viewBox=\"0 0 24 24\" fill=\"none\" xmlns=\"http:\/\/www.w3.org\/2000\/svg\" aria-hidden=\"true\">\n\t\t\t\t\t\t\t\t\t\t<path d=\"M14 2H6C4.9 2 4 2.9 4 4V20C4 21.1 4.89 22 5.99 22H18C19.1 22 20 21.1 20 20V8L14 2ZM18 20H6V4H13V9H18V20Z\" fill=\"currentColor\"\/>\n\t\t\t\t\t\t\t\t\t<\/svg>\n\t\t\t\t\t\t\t\t\t<span class=\"field-file__name\" data-wp-text=\"context.file.name\"><\/span>\n\t\t\t\t\t\t\t\t\t<span class=\"field-file__size\" data-wp-text=\"context.file.size\"><\/span>\n\t\t\t\t\t\t\t\t<\/div>\n\t\t\t\t\t\t\t<\/template>\n\t\t\t\t\t\t<\/div>\n\t\t\t\t\t<\/div>\n\t\t\t\t<\/template><\/div><form action='https:\/\/republify.se\/index.php\/produkt\/dl-i-programmering-fran-grunden\/'\n\t\t\t\tid='jp-form-d3c0fcb951ce28df6cc53c3879bacf98fb31cc42'\n\t\t\t\tmethod='post'\n\t\t\t\tclass='contact-form commentsblock jetpack-contact-form__form has-no-jetpack-form-layout' aria-label=\"DL\/I programmering fr\u00e5n grunden\"\n\t\t\t\tdata-wp-on--submit=\"actions.onFormSubmit\"\n\t\t\t\tdata-wp-on--reset=\"actions.onFormReset\"\n\t\t\t\tdata-wp-class--submission-success=\"context.submissionSuccess\"\n\t\t\t\tdata-wp-class--is-first-step=\"state.isFirstStep\"\n\t\t\t\tdata-wp-class--is-last-step=\"state.isLastStep\"\n\t\t\t\tdata-wp-class--is-ajax-form=\"context.useAjax\"\n\t\t\t\tnovalidate >\n<input type='hidden' name='jetpack_contact_form_jwt' value='eyJ0eXAiOiJKV1QiLCJhbGciOiJIUzI1NiJ9.eyJlbmNyeXB0ZWRfYXR0cmlidXRlcyI6InVJL3Z2L1JMNnlzWGQ2QnN2SnViTnNpM3hmU3dUbTQrK3FxRU9VN1l6OHNOWjJmbi9WYm44NmtaNVJqRjh3RmI2dHE3THpxd3RBUGZWdzJyaTlMY3ZGRGRZTVZEQ3A4WFhzdjlpclpRdW1GVmlpRUIzenNXdCsraUg3UCs0UnZONGsxaUUwZ0hXenNQamJEVEVXMlNQZk1GVVRDNXFlRDlWZ0IxdFc0bGdzM1hrVTU3d2FCZjhEMm9OUnpYelozazFqcFBwK3liNFdwb29wNEp4VEVwek9PNHVabFQ4TEtOcnlzRTNlaDlqb2twYmlNL1M1Q0hTNzdveGVUQTdRQTdBL1BxdW1kWHFYMUdibVR2eURNNU52dCt5dnlIbVZORmhKZ3hhUi9kRHdDUlRhUlRYN2pLNElBT0t2SSt5aGNnMERHa3ZzWkNvazFMd0IvZ0I5ZTYzN3YveE5IZnlIeisvdmR2YWVFdGE2dXJpajBzN3VpcEIzUEQ5bjhCUW9IVDFtem90T0RYM0l1Mm01OVdhUG1PbERKNWo5NnRNOWJkN013RG1sb0N2dzUwSi9LMGl0WEtqZGtPN0c4OHkxNThtaWlJelFoUndJRTVyN2tEUXM4ckVoTkNDYy9WanAxd2FtT255MnZBVU0wNTcxQ3JxMWQzdEYydENqWCtpdE41ZFhUbXJsS3pBUGZBRmhTMVNkK1lEKytISnNPNXJEak5oVmwwSjNCbXlaWGxnZktGMXd2TktLL2F3b05yU1lXSXU4b3Q4eGJOck8vUzdnTUVCUDB4eUEwOVV1d0VoZGhTT0pZNHRGd1NDdkFPcDFxWHdRK0ZXODBKdFI4QU1XYWJkbERiZ3QxV3VKVmdxM3dxa2hrTk1MTGpCcEM0NmdaSjFLcWtIcE15Yy9sZXFiN0RKejV3eUVrZmJIZTdoRkVMai83WlJQMnVhRWlyaS85cHRiaXRoMDJTSVhCTGFMM2JzTDhBOVcyZ3NNL2VuSS9EdkdkYW0wNExPdXAxVzY2dHVTUzlRaHlYdkNNTHNNK2Q0SThGL2VFSkU5eVZSbldnU0wwaUg3NU1oTHNOTVdzMWJkZ3l0a0dvTW1jL0tDVFNNNktmRnZMNXc5MFlobHZqdEJibThpeGdlWng5Wk02aEIva2UwUGtZTTBUMTFzZXJMV3BXaDl3SjVpSnpRdzdLZnNCYlFXSTYvSmJSbzVkQ3I0WkllRGdwcnhFd1VMWE5vYlhXQ0E9PSIsImNvbnRlbnQiOiJbY29udGFjdC1maWVsZCBsYWJlbD1cIk5hbW5cIiB0eXBlPVwibmFtZVwiIHJlcXVpcmVkPVwiMVwiXVtjb250YWN0LWZpZWxkIGxhYmVsPVwiRS1wb3N0XCIgdHlwZT1cImVtYWlsXCIgcmVxdWlyZWQ9XCIxXCJdW2NvbnRhY3QtZmllbGQgbGFiZWw9XCJNZWRkZWxhbmRlXCIgdHlwZT1cInRleHRhcmVhXCJdIiwiaGFzaCI6ImQzYzBmY2I5NTFjZTI4ZGY2Y2M1M2MzODc5YmFjZjk4ZmIzMWNjNDIiLCJzb3VyY2UiOnsiZW50cnlfdGl0bGUiOiJETC9JIHByb2dyYW1tZXJpbmcgZnJcdTAwZTVuIGdydW5kZW4iLCJlbnRyeV9wYWdlIjoxLCJzb3VyY2VfaWQiOjM0ODMsInNvdXJjZV90eXBlIjoic2luZ2xlIiwicmVxdWVzdF91cmwiOiJodHRwczovL3JlcHVibGlmeS5zZS93cC1qc29uL3dwL3YyL3Byb2R1Y3QvMzQ4MyJ9LCJ2ZXJzaW9uIjoyLCJjaXBoZXIiOiJhZXMtMjU2LWdjbSJ9.iRiEFI7dhSqoDKOvuqE9WlvPU8ceHY-o_K1JVtbRdBw' \/>\n\n<div style=\"\"  data-wp-interactive=\"jetpack\/form\" data-wp-context='{\"fieldId\":\"g3483-namn\",\"fieldType\":\"name\",\"fieldLabel\":\"Namn\",\"fieldValue\":\"\",\"fieldPlaceholder\":\"\",\"fieldIsRequired\":\"1\",\"fieldErrorMessage\":\"\",\"fieldExtra\":[],\"formHash\":\"d3c0fcb951ce28df6cc53c3879bacf98fb31cc42\"}'  class='grunion-field-name-wrap grunion-field-wrap'  data-wp-init='callbacks.initializeField' data-wp-on--jetpack-form-reset='callbacks.initializeField' >\n<label\n\t\t\t\tfor='g3483-namn' class=\"grunion-field-label name\" >Namn<span class=\"grunion-label-required\" aria-hidden=\"true\">(obligatoriskt)<\/span><\/label>\n<input\n\t\t\t\t\ttype='text'\n\t\t\t\t\tname='g3483-namn'\n\t\t\t\t\tid='g3483-namn'\n\t\t\t\t\tvalue=''\n\n\t\t\t\t\tdata-wp-bind--aria-invalid='state.fieldAriaInvalid'\n\t\t\t\t\tdata-wp-bind--value='state.getFieldValue'\n\t\t\t\t\taria-describedby='g3483-namn-text-error-message'\n\t\t\t\t\tdata-wp-on--input='actions.onFieldChange'\n\t\t\t\t\tdata-wp-on--blur='actions.onFieldBlur'\n\t\t\t\t\tdata-wp-class--has-value='state.hasFieldValue'\n\n\t\t\t\t\tclass='name  grunion-field' \n\t\t\t\t\trequired='true' aria-required='true'  \/>\n \n\t\t\t<div id=\"g3483-namn-text-error\" class=\"contact-form__input-error\" data-wp-class--has-errors=\"state.fieldHasErrors\">\n\t\t\t\t<span class=\"contact-form__warning-icon\" aria-hidden=\"true\">\n\t\t\t\t\t<svg width=\"16\" height=\"16\" viewBox=\"0 0 16 16\" fill=\"none\" xmlns=\"http:\/\/www.w3.org\/2000\/svg\">\n\t\t\t\t\t\t<path d=\"M8.50015 11.6402H7.50015V10.6402H8.50015V11.6402Z\" \/>\n\t\t\t\t\t\t<path d=\"M7.50015 9.64018H8.50015V6.30684H7.50015V9.64018Z\" \/>\n\t\t\t\t\t\t<path fill-rule=\"evenodd\" clip-rule=\"evenodd\" d=\"M6.98331 3.0947C7.42933 2.30177 8.57096 2.30177 9.01698 3.09469L13.8771 11.7349C14.3145 12.5126 13.7525 13.4735 12.8602 13.4735H3.14004C2.24774 13.4735 1.68575 12.5126 2.12321 11.7349L6.98331 3.0947ZM8.14541 3.58496C8.08169 3.47168 7.9186 3.47168 7.85488 3.58496L2.99478 12.2251C2.93229 12.3362 3.01257 12.4735 3.14004 12.4735H12.8602C12.9877 12.4735 13.068 12.3362 13.0055 12.2251L8.14541 3.58496Z\" \/>\n\t\t\t\t\t<\/svg>\n\t\t\t\t<\/span>\n\t\t\t\t<span data-wp-text=\"state.errorMessage\" id=\"g3483-namn-text-error-message\"><\/span>\n\t\t\t<\/div> \n\t<\/div>\n\n<div style=\"\"  data-wp-interactive=\"jetpack\/form\" data-wp-context='{\"fieldId\":\"g3483-epost\",\"fieldType\":\"email\",\"fieldLabel\":\"E-post\",\"fieldValue\":\"\",\"fieldPlaceholder\":\"\",\"fieldIsRequired\":\"1\",\"fieldErrorMessage\":\"\",\"fieldExtra\":[],\"formHash\":\"d3c0fcb951ce28df6cc53c3879bacf98fb31cc42\"}'  class='grunion-field-email-wrap grunion-field-wrap'  data-wp-init='callbacks.initializeField' data-wp-on--jetpack-form-reset='callbacks.initializeField' >\n<label\n\t\t\t\tfor='g3483-epost' class=\"grunion-field-label email\" >E-post<span class=\"grunion-label-required\" aria-hidden=\"true\">(obligatoriskt)<\/span><\/label>\n<input\n\t\t\t\t\ttype='email'\n\t\t\t\t\tname='g3483-epost'\n\t\t\t\t\tid='g3483-epost'\n\t\t\t\t\tvalue=''\n\n\t\t\t\t\tdata-wp-bind--aria-invalid='state.fieldAriaInvalid'\n\t\t\t\t\tdata-wp-bind--value='state.getFieldValue'\n\t\t\t\t\taria-describedby='g3483-epost-email-error-message'\n\t\t\t\t\tdata-wp-on--input='actions.onFieldChange'\n\t\t\t\t\tdata-wp-on--blur='actions.onFieldBlur'\n\t\t\t\t\tdata-wp-class--has-value='state.hasFieldValue'\n\n\t\t\t\t\tclass='email  grunion-field' \n\t\t\t\t\trequired='true' aria-required='true'  \/>\n \n\t\t\t<div id=\"g3483-epost-email-error\" class=\"contact-form__input-error\" data-wp-class--has-errors=\"state.fieldHasErrors\">\n\t\t\t\t<span class=\"contact-form__warning-icon\" aria-hidden=\"true\">\n\t\t\t\t\t<svg width=\"16\" height=\"16\" viewBox=\"0 0 16 16\" fill=\"none\" xmlns=\"http:\/\/www.w3.org\/2000\/svg\">\n\t\t\t\t\t\t<path d=\"M8.50015 11.6402H7.50015V10.6402H8.50015V11.6402Z\" \/>\n\t\t\t\t\t\t<path d=\"M7.50015 9.64018H8.50015V6.30684H7.50015V9.64018Z\" \/>\n\t\t\t\t\t\t<path fill-rule=\"evenodd\" clip-rule=\"evenodd\" d=\"M6.98331 3.0947C7.42933 2.30177 8.57096 2.30177 9.01698 3.09469L13.8771 11.7349C14.3145 12.5126 13.7525 13.4735 12.8602 13.4735H3.14004C2.24774 13.4735 1.68575 12.5126 2.12321 11.7349L6.98331 3.0947ZM8.14541 3.58496C8.08169 3.47168 7.9186 3.47168 7.85488 3.58496L2.99478 12.2251C2.93229 12.3362 3.01257 12.4735 3.14004 12.4735H12.8602C12.9877 12.4735 13.068 12.3362 13.0055 12.2251L8.14541 3.58496Z\" \/>\n\t\t\t\t\t<\/svg>\n\t\t\t\t<\/span>\n\t\t\t\t<span data-wp-text=\"state.errorMessage\" id=\"g3483-epost-email-error-message\"><\/span>\n\t\t\t<\/div> \n\t<\/div>\n\n<div style=\"\"  data-wp-interactive=\"jetpack\/form\" data-wp-context='{\"fieldId\":\"g3483-meddelande\",\"fieldType\":\"textarea\",\"fieldLabel\":\"Meddelande\",\"fieldValue\":\"\",\"fieldPlaceholder\":\"\",\"fieldIsRequired\":\"\",\"fieldErrorMessage\":\"\",\"fieldExtra\":[],\"formHash\":\"d3c0fcb951ce28df6cc53c3879bacf98fb31cc42\"}'  class='grunion-field-textarea-wrap grunion-field-wrap'  data-wp-init='callbacks.initializeField' data-wp-on--jetpack-form-reset='callbacks.initializeField' >\n<label\n\t\t\t\tfor='contact-form-comment-g3483-meddelande' class=\"grunion-field-label textarea\" >Meddelande<\/label>\n<textarea\n\t\t                style=''\n\t\t                name='g3483-meddelande'\n\t\t                id='contact-form-comment-g3483-meddelande'\n\t\t                rows='20'\n\t\t\t\t\t\tdata-wp-text='state.getFieldValue'\n\t\t\t\t\t\tdata-wp-on--input='actions.onFieldChange'\n\t\t\t\t\t\tdata-wp-on--blur='actions.onFieldBlur'\n\t\t\t\t\t\tdata-wp-class--has-value='state.hasFieldValue'\n\t\t\t\t\t\taria-describedby='g3483-meddelande-textarea-error-message'\n\t\t\t\t\t\tdata-wp-bind--aria-invalid='state.fieldAriaInvalid'\n\t\t\t\t\t\tclass='textarea  grunion-field'  ><\/textarea>\n \n\t\t\t<div id=\"g3483-meddelande-textarea-error\" class=\"contact-form__input-error\" data-wp-class--has-errors=\"state.fieldHasErrors\">\n\t\t\t\t<span class=\"contact-form__warning-icon\" aria-hidden=\"true\">\n\t\t\t\t\t<svg width=\"16\" height=\"16\" viewBox=\"0 0 16 16\" fill=\"none\" xmlns=\"http:\/\/www.w3.org\/2000\/svg\">\n\t\t\t\t\t\t<path d=\"M8.50015 11.6402H7.50015V10.6402H8.50015V11.6402Z\" \/>\n\t\t\t\t\t\t<path d=\"M7.50015 9.64018H8.50015V6.30684H7.50015V9.64018Z\" \/>\n\t\t\t\t\t\t<path fill-rule=\"evenodd\" clip-rule=\"evenodd\" d=\"M6.98331 3.0947C7.42933 2.30177 8.57096 2.30177 9.01698 3.09469L13.8771 11.7349C14.3145 12.5126 13.7525 13.4735 12.8602 13.4735H3.14004C2.24774 13.4735 1.68575 12.5126 2.12321 11.7349L6.98331 3.0947ZM8.14541 3.58496C8.08169 3.47168 7.9186 3.47168 7.85488 3.58496L2.99478 12.2251C2.93229 12.3362 3.01257 12.4735 3.14004 12.4735H12.8602C12.9877 12.4735 13.068 12.3362 13.0055 12.2251L8.14541 3.58496Z\" \/>\n\t\t\t\t\t<\/svg>\n\t\t\t\t<\/span>\n\t\t\t\t<span data-wp-text=\"state.errorMessage\" id=\"g3483-meddelande-textarea-error-message\"><\/span>\n\t\t\t<\/div>\n\t<\/div>\n\t<p class='contact-submit'>\n<div class=\"contact-form__error\" data-wp-class--show-errors=\"state.showFormErrors\"><span class=\"contact-form__warning-icon\" aria-hidden=\"true\"><i><\/i><\/span><span class=\"contact-form__error-message\" tabindex=\"-1\" data-wp-watch=\"callbacks.focusOnValidationError\" data-wp-text=\"state.getFormErrorMessage\"><\/span><ul aria-label=\"Formul\u00e4rfel\">\n\t\t\t\t<template data-wp-each=\"state.getErrorList\" data-wp-key=\"context.item.id\">\n\t\t\t\t\t<li><a data-wp-bind--href=\"context.item.anchor\" data-wp-on--click=\"actions.scrollIntoView\" data-wp-text=\"context.item.label\"><\/a><\/li>\n\t\t\t\t<\/template>\n\t\t\t\t<\/ul><\/div><div class=\"contact-form__error\" data-wp-class--show-errors=\"state.showSubmissionError\" data-wp-text=\"context.submissionError\" tabindex=\"-1\" data-wp-watch=\"callbacks.focusOnSubmissionError\"><\/div>\t\t<button type='submit' class='pushbutton-wide'>Skicka<\/button>\t\t<input type='hidden' name='contact-form-id' value='3483' \/>\n\t\t<input type='hidden' name='action' value='grunion-contact-form' \/>\n\t\t<input type='hidden' name='contact-form-hash' value='d3c0fcb951ce28df6cc53c3879bacf98fb31cc42' \/>\n\t<\/p>\n<\/form>\n<\/div>\n","protected":false},"excerpt":{"rendered":"<p><strong>Kursen v\u00e4nder sig till COBOL-programmerare som skall anv\u00e4nda DL\/I-databaser och siktar in sig p\u00e5 att l\u00e4ra sig skriva COBOL batchprogram som inneh\u00e5ller de vanligaste anropen f\u00f6r att l\u00e4sa, skapa, radera och f\u00f6r\u00e4ndra data i en DL\/I-databas.<\/strong><\/p>\n<p>F\u00f6r att delta i denna kurs beh\u00f6ver du kunskaper i COBOL motsvarande inneh\u00e5llet i kursen <a href=\"https:\/\/republify.se\/index.php\/produkt\/cobol-fran-grunden\/\">COBOL fr\u00e5n grunden<\/a>.<\/p>\n","protected":false},"featured_media":3480,"comment_status":"open","ping_status":"closed","template":"","meta":{"wds_primary_product_brand":0,"wds_primary_product_cat":0},"product_brand":[],"product_cat":[96,29],"product_tag":[],"class_list":{"0":"post-3483","1":"product","2":"type-product","3":"status-publish","4":"has-post-thumbnail","6":"product_cat-cobol","7":"product_cat-technical","9":"first","10":"instock","11":"taxable","12":"shipping-taxable","13":"product-type-simple"},"jetpack_sharing_enabled":true,"_links":{"self":[{"href":"https:\/\/republify.se\/index.php\/wp-json\/wp\/v2\/product\/3483","targetHints":{"allow":["GET"]}}],"collection":[{"href":"https:\/\/republify.se\/index.php\/wp-json\/wp\/v2\/product"}],"about":[{"href":"https:\/\/republify.se\/index.php\/wp-json\/wp\/v2\/types\/product"}],"replies":[{"embeddable":true,"href":"https:\/\/republify.se\/index.php\/wp-json\/wp\/v2\/comments?post=3483"}],"wp:featuredmedia":[{"embeddable":true,"href":"https:\/\/republify.se\/index.php\/wp-json\/wp\/v2\/media\/3480"}],"wp:attachment":[{"href":"https:\/\/republify.se\/index.php\/wp-json\/wp\/v2\/media?parent=3483"}],"wp:term":[{"taxonomy":"product_brand","embeddable":true,"href":"https:\/\/republify.se\/index.php\/wp-json\/wp\/v2\/product_brand?post=3483"},{"taxonomy":"product_cat","embeddable":true,"href":"https:\/\/republify.se\/index.php\/wp-json\/wp\/v2\/product_cat?post=3483"},{"taxonomy":"product_tag","embeddable":true,"href":"https:\/\/republify.se\/index.php\/wp-json\/wp\/v2\/product_tag?post=3483"}],"curies":[{"name":"wp","href":"https:\/\/api.w.org\/{rel}","templated":true}]}}