{"id":3294,"date":"2022-03-30T14:12:27","date_gmt":"2022-03-30T13:12:27","guid":{"rendered":"https:\/\/republify.se\/?post_type=product&#038;p=3294"},"modified":"2025-11-21T08:34:31","modified_gmt":"2025-11-21T07:34:31","slug":"presentationsteknik","status":"publish","type":"product","link":"https:\/\/republify.se\/index.php\/produkt\/presentationsteknik\/","title":{"rendered":"Presentationsteknik"},"content":{"rendered":"<p><strong>M\u00e5l\u00adgrupp<\/strong><\/p>\n<p>Att tala v\u00e4l \u00e4r en konst vi l\u00e4r oss &#8211; ingenting vi f\u00f6ds med. Utbildningen v\u00e4nder sig till dig som vill l\u00e4ra dig grunderna i presentationsteknik med klassisk retorik som bas.<\/p>\n<ul>\n<li>Du som ska h\u00e5lla presentationer men vill n\u00e5 ut \u00e4nnu b\u00e4ttre med ditt budskap, skapa engagemang och k\u00e4nna dig b\u00e4ttre f\u00f6rberedd.<\/li>\n<li>Du som \u00e4r ovan eller nyb\u00f6rjare men vill k\u00e4nna dig redo inf\u00f6r nya utmaningar.<\/li>\n<li>Du som lider av \u201drampfeber\u201d.<\/li>\n<\/ul>\n<p>&nbsp;<\/p>\n<p><strong>M\u00e5l<\/strong><\/p>\n<p>Utbildningen ger dig kunskap och tr\u00e4ning, s\u00e5 att du med stor tillf\u00f6rsikt och gl\u00e4dje kan se fram emot n\u00e4sta presentation.<\/p>\n<p><strong>Kurs\u00adin\u00adne\u00adh\u00e5ll<\/strong><\/p>\n<p><strong>Planering och f\u00f6rberedelser<\/strong><\/p>\n<p>F\u00f6ruts\u00e4ttningarna f\u00f6r en lyckad presentation \u00e4r noggranna f\u00f6rberedelserna. Vilka \u00e4r \u00e5h\u00f6rarna? Vad ska presentationen leda till? Vad \u00e4r budskapet och hur ska presentationen byggas upp f\u00f6r att lyfta fram budskapet? Hur skapas ett uppl\u00e4gg som \u00e4r tydligt och engagerande?Under utbildningen arbetar vi med en l\u00e4ttanv\u00e4nd och effektiv metod f\u00f6r planering och f\u00f6rberedelser. Analys av budskap och m\u00e5l, disposition och utformning av presentationen \u00e4r viktiga moment i denna del.<\/p>\n<p><strong>Manus<\/strong><\/p>\n<p>Hur ska det utformas och anv\u00e4ndas? Hur h\u00e5ller jag ordning p\u00e5 mitt eget uppl\u00e4gg? Vad \u00e4r ett bra manus? Vi l\u00e4r oss hur manus kan utformas f\u00f6r b\u00e4sta m\u00f6jliga st\u00f6d.<\/p>\n<p><strong>Framf\u00f6rande<\/strong><\/p>\n<p>Hur mycket betyder presentat\u00f6ren sj\u00e4lv f\u00f6r en bra presentation? Hur kommunicerar jag? Vad s\u00e4ger jag och vad h\u00f6r andra? Vilka sidor kan jag utveckla? Hur g\u00f6r man?<\/p>\n<p><strong>Hantera olustk\u00e4nsla inf\u00f6r en presentation<\/strong><\/p>\n<p>En viss ansp\u00e4nning inf\u00f6r ett framtr\u00e4dande upplever de flesta m\u00e4nniskor. Men n\u00e4r ansp\u00e4nningen \u00f6verg\u00e5r till att du tackar nej eller avst\u00e5r fr\u00e5n att genomf\u00f6ra en presentation blir det inte bra. Med r\u00e4tt f\u00f6rberedelser och tr\u00e4ning \u00e4r det l\u00e4ttare att se fram emot presentationen. Vi ger dig tips om hur du kan g\u00f6ra.<\/p>\n<p>&nbsp;<\/p>\n<p>&nbsp;<\/p>\n<h3>Kursen levereras i samarbete med<\/h3>\n<p><img decoding=\"async\" class=\"alignnone size-medium wp-image-3305 lazyload\" data-src=\"https:\/\/republify.se\/wp-content\/uploads\/2022\/03\/ellgiza-1-300x110.png\" alt=\"\" width=\"300\" height=\"110\" data-srcset=\"https:\/\/republify.se\/wp-content\/uploads\/2022\/03\/ellgiza-1-300x110.png 300w, https:\/\/republify.se\/wp-content\/uploads\/2022\/03\/ellgiza-1-600x220.png 600w, https:\/\/republify.se\/wp-content\/uploads\/2022\/03\/ellgiza-1.png 729w\" data-sizes=\"(max-width: 300px) 100vw, 300px\" src=\"data:image\/svg+xml;base64,PHN2ZyB3aWR0aD0iMSIgaGVpZ2h0PSIxIiB4bWxucz0iaHR0cDovL3d3dy53My5vcmcvMjAwMC9zdmciPjwvc3ZnPg==\" style=\"--smush-placeholder-width: 300px; --smush-placeholder-aspect-ratio: 300\/110;\" \/><\/p>\n<h2>Kontakta oss om denna kurs<\/h2>\n<div data-test='contact-form'\n\t\t\tid='contact-form-3294'\n\t\t\tclass='jetpack-contact-form-container '\n\t\t\tdata-wp-interactive='jetpack\/form' data-wp-context='{\"formId\":\"3294\",\"formHash\":\"c977e76e1ff9c4e4f916721bcf5e17b7ef345407\",\"showErrors\":false,\"errors\":[],\"fields\":[],\"isMultiStep\":false,\"useAjax\":true,\"submissionData\":null,\"formattedSubmissionData\":[],\"submissionSuccess\":false,\"submissionError\":null,\"elementId\":\"jp-form-c977e76e1ff9c4e4f916721bcf5e17b7ef345407\",\"isSingleInputForm\":false,\"isForcedHorizontal\":false}'\n\t\t\tdata-wp-watch--scroll-to-wrapper=\"callbacks.scrollToWrapper\"\n\t\t>\n<div class=\"contact-form-submission contact-form-ajax-submission\" data-wp-bind--aria-hidden=\"state.isSuccessMessageAriaHidden\" data-wp-class--submission-success=\"context.submissionSuccess\" id=\"contact-form-success-c977e76e1ff9c4e4f916721bcf5e17b7ef345407\" tabindex=\"-1\" aria-labelledby=\"contact-form-success-header-c977e76e1ff9c4e4f916721bcf5e17b7ef345407\"><p class=\"go-back-message\"><a class=\"link\" role=\"button\" tabindex=\"0\" data-wp-on--click=\"actions.goBack\" href=\"\/index.php\/wp-json\/wp\/v2\/product\/3294\">\u2190 Tillbaka<\/a><\/p><h4 data-wp-bind--aria-hidden=\"state.isSuccessMessageAriaHidden\" id=\"contact-form-success-header-c977e76e1ff9c4e4f916721bcf5e17b7ef345407\">Tack f\u00f6r din respons. \u2728<\/h4>\n\n<template data-wp-each--submission=\"context.formattedSubmissionData\">\n\t\t\t\t\t<div class=\"jetpack_forms_contact-form-success-summary\">\n\t\t\t\t\t\t<div class=\"field-name-wrapper\">\n\t\t\t\t\t\t\t<div class=\"field-type-icon\" data-wp-watch=\"callbacks.watchFieldTypeIcon\"><\/div>\n\t\t\t\t\t\t\t<div class=\"field-name\" data-wp-text=\"context.submission.label\" data-wp-bind--hidden=\"!context.submission.label\"><\/div>\n\t\t\t\t\t\t<\/div>\n\t\t\t\t\t\t<div class=\"field-value\" data-wp-text=\"context.submission.value\" data-wp-bind--hidden=\"!context.submission.showPlainValue\"><\/div>\n\t\t\t\t\t\t<a class=\"field-url\" data-wp-bind--href=\"context.submission.url\" data-wp-text=\"context.submission.value\" data-wp-bind--hidden=\"!context.submission.url\" target=\"_blank\" rel=\"noopener noreferrer\"><\/a>\n\t\t\t\t\t\t<div class=\"field-rating\" data-wp-bind--hidden=\"!context.submission.rating\" data-wp-watch=\"callbacks.watchRatingIcons\"><\/div>\n\t\t\t\t\t\t<div class=\"field-images\" data-wp-bind--hidden=\"!context.submission.images\">\n\t\t\t\t\t\t\t<template data-wp-each--image=\"context.submission.images\">\n\t\t\t\t\t\t\t\t<div class=\"field-image-option\" data-wp-class--is-empty=\"!context.image.src\">\n\t\t\t\t\t\t\t\t\t<figure class=\"field-image-option__image\" data-wp-class--is-empty=\"!context.image.src\">\n\t\t\t\t\t\t\t\t\t\t<img data-wp-bind--src=\"context.image.src\" data-wp-bind--hidden=\"!context.image.src\" \/>\n\t\t\t\t\t\t\t\t\t\t<img decoding=\"async\" src=\"data:image\/gif;base64,R0lGODlhAQABAAD\/ACwAAAAAAQABAAACADs=\" data-wp-bind--hidden=\"context.image.src\" \/>\n\t\t\t\t\t\t\t\t\t<\/figure>\n\t\t\t\t\t\t\t\t\t<div class=\"field-image-option__label-wrapper\">\n\t\t\t\t\t\t\t\t\t\t<span class=\"field-image-option__label-code\" data-wp-text=\"context.image.letterCode\"><\/span>\n\t\t\t\t\t\t\t\t\t\t<span class=\"field-image-option__label\" data-wp-text=\"context.image.label\" data-wp-bind--hidden=\"!context.image.label\"><\/span>\n\t\t\t\t\t\t\t\t\t<\/div>\n\t\t\t\t\t\t\t\t<\/div>\n\t\t\t\t\t\t\t<\/template>\n\t\t\t\t\t\t<\/div>\n\t\t\t\t\t\t<div class=\"field-files\" data-wp-bind--hidden=\"!context.submission.files\">\n\t\t\t\t\t\t\t<template data-wp-each--file=\"context.submission.files\">\n\t\t\t\t\t\t\t\t<div class=\"field-file\">\n\t\t\t\t\t\t\t\t\t<div class=\"field-file__thumbnail\" data-wp-style--background-image=\"context.file.previewUrl\" data-wp-style--mask-image=\"context.file.iconUrl\" data-wp-bind--hidden=\"!context.file.hasPreview\"><\/div>\n\t\t\t\t\t\t\t\t\t<svg class=\"field-file__icon\" data-wp-bind--hidden=\"context.file.hasPreview\" width=\"20\" height=\"20\" viewBox=\"0 0 24 24\" fill=\"none\" xmlns=\"http:\/\/www.w3.org\/2000\/svg\" aria-hidden=\"true\">\n\t\t\t\t\t\t\t\t\t\t<path d=\"M14 2H6C4.9 2 4 2.9 4 4V20C4 21.1 4.89 22 5.99 22H18C19.1 22 20 21.1 20 20V8L14 2ZM18 20H6V4H13V9H18V20Z\" fill=\"currentColor\"\/>\n\t\t\t\t\t\t\t\t\t<\/svg>\n\t\t\t\t\t\t\t\t\t<span class=\"field-file__name\" data-wp-text=\"context.file.name\"><\/span>\n\t\t\t\t\t\t\t\t\t<span class=\"field-file__size\" data-wp-text=\"context.file.size\"><\/span>\n\t\t\t\t\t\t\t\t<\/div>\n\t\t\t\t\t\t\t<\/template>\n\t\t\t\t\t\t<\/div>\n\t\t\t\t\t<\/div>\n\t\t\t\t<\/template><\/div><form action='https:\/\/republify.se\/index.php\/produkt\/presentationsteknik\/'\n\t\t\t\tid='jp-form-c977e76e1ff9c4e4f916721bcf5e17b7ef345407'\n\t\t\t\tmethod='post'\n\t\t\t\tclass='contact-form commentsblock jetpack-contact-form__form has-no-jetpack-form-layout' aria-label=\"Presentationsteknik\"\n\t\t\t\tdata-wp-on--submit=\"actions.onFormSubmit\"\n\t\t\t\tdata-wp-on--reset=\"actions.onFormReset\"\n\t\t\t\tdata-wp-class--submission-success=\"context.submissionSuccess\"\n\t\t\t\tdata-wp-class--is-first-step=\"state.isFirstStep\"\n\t\t\t\tdata-wp-class--is-last-step=\"state.isLastStep\"\n\t\t\t\tdata-wp-class--is-ajax-form=\"context.useAjax\"\n\t\t\t\tnovalidate >\n<input type='hidden' name='jetpack_contact_form_jwt' value='eyJ0eXAiOiJKV1QiLCJhbGciOiJIUzI1NiJ9.eyJlbmNyeXB0ZWRfYXR0cmlidXRlcyI6InQwM1BjMkthODJnNHpCTS9qYnc2WE90dHFOc0EyaTZkZlltcURlakdEZFlzd3A2REpidVNsdkFqcExsdFQyUHBvSTVvT1JsZFNnZGxDTVlJM0lFQkxTM1B1TDVydVRMYUV3MWNnakRENXFmZzZFTjgvRStpd1Fjcm1rZjE3elRKVXJ2V1hWZE9KcmdNVk4xeDFyQmtwZVNlVzNUUE1ia0QyU2thT2dHTFNqcWJRNVhnekFoOWVYYzI4U2xTa0oyM3JkS2lKaEVGb1lZWXNFeitPMGZ4Y2NZWVpnRThQNVFtY3ltM1NjbjdzNFZleEJDQjJmdHFWN2NHM1BkcmNza3R3WUNYUkhTeVZpbTlsc1U4YzJwVWFMMC9KNEpBcW9uYjh3dkFuZEVpdm9BYkt2ZTV5L2dEMi9QQ1dSQWw2cWJGY3h3YVVlYnIxcjVnOWQvSVgzZUZYS2xSVGF5TmtubmNFY21zVlFyYm1VL1ZoREMvaUxpdUx0TElOc0ZDNTZ5aU0zRCtVTVBhSFowY0Q3SkdHZG5hdGFBOHp0V1FHc0xxNDIxRlhQM2FJT2hZQnFUKzV5MHg2d1NjbkhSVkEzc05PWnFaajVEdGVFMS9PbjVLUEEyRVI5a2M5anI0UjJtMCs0cm0vS0pEZ2IzemVJamdZZjJBVGVITG5RSCtxQWlrMDE3V1RzWElFekRwL2tha3RJaDZiNGg4WHNwanE4dVBNTm1IMGZ4N0JWWnRYNGFhalk5cFdFTXhkQmx0ZHoyTjU4TEs3ejZudDBkcU5jV0FlYnFBcWx6Z1Ewc2RKZzR0MDNKcUFIejVNK3Z5Ykh4VnNQTlhWMC9FNFBDcmRUTVZNU01nYnhBRjRzdXE2UWZUVitWZzZzaFY0d29GSEJOZkgyK29jUVNxRWpsaXNoWkJOaVpET3dEcFVlSEhlZWhtd0x3OHc5MVhoRk1oZ0ppYUY2aHJoTzAvYXlNQldWY0tsSEpUenJXNnFkOWRyRnFEYk5yZ0tjUjVERnhjYy8ycjVqN283SDZiM1hzTjNEWE5HSGM1dnA0Y1VVV1E5THBKVzdoSldBNkZybTl5OWZseWJSS0tBWGhvNVNpS0RDM24yUWNzWjFZcitzTWU3SVUrSHQyL0hQTm4welF0enRJc01tMHlmQUVrbzU2MlhqZkxJd1VhUDkrRTFKYnczVUZ0V0ZLR3BmUnRxMnkzaFlTSVdIbHJIUkU3bDd4dHBBPT0iLCJjb250ZW50IjoiW2NvbnRhY3QtZmllbGQgbGFiZWw9XCJOYW1uXCIgdHlwZT1cIm5hbWVcIiByZXF1aXJlZD1cIjFcIl1bY29udGFjdC1maWVsZCBsYWJlbD1cIkUtcG9zdFwiIHR5cGU9XCJlbWFpbFwiIHJlcXVpcmVkPVwiMVwiXVtjb250YWN0LWZpZWxkIGxhYmVsPVwiTWVkZGVsYW5kZVwiIHR5cGU9XCJ0ZXh0YXJlYVwiXSIsImhhc2giOiJjOTc3ZTc2ZTFmZjljNGU0ZjkxNjcyMWJjZjVlMTdiN2VmMzQ1NDA3Iiwic291cmNlIjp7ImVudHJ5X3RpdGxlIjoiUHJlc2VudGF0aW9uc3Rla25payIsImVudHJ5X3BhZ2UiOjEsInNvdXJjZV9pZCI6MzI5NCwic291cmNlX3R5cGUiOiJzaW5nbGUiLCJyZXF1ZXN0X3VybCI6Imh0dHBzOi8vcmVwdWJsaWZ5LnNlL3dwLWpzb24vd3AvdjIvcHJvZHVjdC8zMjk0In0sInZlcnNpb24iOjIsImNpcGhlciI6ImFlcy0yNTYtZ2NtIn0.BI7oMBijYL1dUBdYdEEMNKAo38kOS9OTD8EflyTetdo' \/>\n\n<div style=\"\"  data-wp-interactive=\"jetpack\/form\" data-wp-context='{\"fieldId\":\"g3294-namn\",\"fieldType\":\"name\",\"fieldLabel\":\"Namn\",\"fieldValue\":\"\",\"fieldPlaceholder\":\"\",\"fieldIsRequired\":\"1\",\"fieldErrorMessage\":\"\",\"fieldExtra\":[],\"formHash\":\"c977e76e1ff9c4e4f916721bcf5e17b7ef345407\"}'  class='grunion-field-name-wrap grunion-field-wrap'  data-wp-init='callbacks.initializeField' data-wp-on--jetpack-form-reset='callbacks.initializeField' >\n<label\n\t\t\t\tfor='g3294-namn' class=\"grunion-field-label name\" >Namn<span class=\"grunion-label-required\" aria-hidden=\"true\">(obligatoriskt)<\/span><\/label>\n<input\n\t\t\t\t\ttype='text'\n\t\t\t\t\tname='g3294-namn'\n\t\t\t\t\tid='g3294-namn'\n\t\t\t\t\tvalue=''\n\n\t\t\t\t\tdata-wp-bind--aria-invalid='state.fieldAriaInvalid'\n\t\t\t\t\tdata-wp-bind--value='state.getFieldValue'\n\t\t\t\t\taria-describedby='g3294-namn-text-error-message'\n\t\t\t\t\tdata-wp-on--input='actions.onFieldChange'\n\t\t\t\t\tdata-wp-on--blur='actions.onFieldBlur'\n\t\t\t\t\tdata-wp-class--has-value='state.hasFieldValue'\n\n\t\t\t\t\tclass='name  grunion-field' \n\t\t\t\t\trequired='true' aria-required='true'  \/>\n \n\t\t\t<div id=\"g3294-namn-text-error\" class=\"contact-form__input-error\" data-wp-class--has-errors=\"state.fieldHasErrors\">\n\t\t\t\t<span class=\"contact-form__warning-icon\" aria-hidden=\"true\">\n\t\t\t\t\t<svg width=\"16\" height=\"16\" viewBox=\"0 0 16 16\" fill=\"none\" xmlns=\"http:\/\/www.w3.org\/2000\/svg\">\n\t\t\t\t\t\t<path d=\"M8.50015 11.6402H7.50015V10.6402H8.50015V11.6402Z\" \/>\n\t\t\t\t\t\t<path d=\"M7.50015 9.64018H8.50015V6.30684H7.50015V9.64018Z\" \/>\n\t\t\t\t\t\t<path fill-rule=\"evenodd\" clip-rule=\"evenodd\" d=\"M6.98331 3.0947C7.42933 2.30177 8.57096 2.30177 9.01698 3.09469L13.8771 11.7349C14.3145 12.5126 13.7525 13.4735 12.8602 13.4735H3.14004C2.24774 13.4735 1.68575 12.5126 2.12321 11.7349L6.98331 3.0947ZM8.14541 3.58496C8.08169 3.47168 7.9186 3.47168 7.85488 3.58496L2.99478 12.2251C2.93229 12.3362 3.01257 12.4735 3.14004 12.4735H12.8602C12.9877 12.4735 13.068 12.3362 13.0055 12.2251L8.14541 3.58496Z\" \/>\n\t\t\t\t\t<\/svg>\n\t\t\t\t<\/span>\n\t\t\t\t<span data-wp-text=\"state.errorMessage\" id=\"g3294-namn-text-error-message\"><\/span>\n\t\t\t<\/div> \n\t<\/div>\n\n<div style=\"\"  data-wp-interactive=\"jetpack\/form\" data-wp-context='{\"fieldId\":\"g3294-epost\",\"fieldType\":\"email\",\"fieldLabel\":\"E-post\",\"fieldValue\":\"\",\"fieldPlaceholder\":\"\",\"fieldIsRequired\":\"1\",\"fieldErrorMessage\":\"\",\"fieldExtra\":[],\"formHash\":\"c977e76e1ff9c4e4f916721bcf5e17b7ef345407\"}'  class='grunion-field-email-wrap grunion-field-wrap'  data-wp-init='callbacks.initializeField' data-wp-on--jetpack-form-reset='callbacks.initializeField' >\n<label\n\t\t\t\tfor='g3294-epost' class=\"grunion-field-label email\" >E-post<span class=\"grunion-label-required\" aria-hidden=\"true\">(obligatoriskt)<\/span><\/label>\n<input\n\t\t\t\t\ttype='email'\n\t\t\t\t\tname='g3294-epost'\n\t\t\t\t\tid='g3294-epost'\n\t\t\t\t\tvalue=''\n\n\t\t\t\t\tdata-wp-bind--aria-invalid='state.fieldAriaInvalid'\n\t\t\t\t\tdata-wp-bind--value='state.getFieldValue'\n\t\t\t\t\taria-describedby='g3294-epost-email-error-message'\n\t\t\t\t\tdata-wp-on--input='actions.onFieldChange'\n\t\t\t\t\tdata-wp-on--blur='actions.onFieldBlur'\n\t\t\t\t\tdata-wp-class--has-value='state.hasFieldValue'\n\n\t\t\t\t\tclass='email  grunion-field' \n\t\t\t\t\trequired='true' aria-required='true'  \/>\n \n\t\t\t<div id=\"g3294-epost-email-error\" class=\"contact-form__input-error\" data-wp-class--has-errors=\"state.fieldHasErrors\">\n\t\t\t\t<span class=\"contact-form__warning-icon\" aria-hidden=\"true\">\n\t\t\t\t\t<svg width=\"16\" height=\"16\" viewBox=\"0 0 16 16\" fill=\"none\" xmlns=\"http:\/\/www.w3.org\/2000\/svg\">\n\t\t\t\t\t\t<path d=\"M8.50015 11.6402H7.50015V10.6402H8.50015V11.6402Z\" \/>\n\t\t\t\t\t\t<path d=\"M7.50015 9.64018H8.50015V6.30684H7.50015V9.64018Z\" \/>\n\t\t\t\t\t\t<path fill-rule=\"evenodd\" clip-rule=\"evenodd\" d=\"M6.98331 3.0947C7.42933 2.30177 8.57096 2.30177 9.01698 3.09469L13.8771 11.7349C14.3145 12.5126 13.7525 13.4735 12.8602 13.4735H3.14004C2.24774 13.4735 1.68575 12.5126 2.12321 11.7349L6.98331 3.0947ZM8.14541 3.58496C8.08169 3.47168 7.9186 3.47168 7.85488 3.58496L2.99478 12.2251C2.93229 12.3362 3.01257 12.4735 3.14004 12.4735H12.8602C12.9877 12.4735 13.068 12.3362 13.0055 12.2251L8.14541 3.58496Z\" \/>\n\t\t\t\t\t<\/svg>\n\t\t\t\t<\/span>\n\t\t\t\t<span data-wp-text=\"state.errorMessage\" id=\"g3294-epost-email-error-message\"><\/span>\n\t\t\t<\/div> \n\t<\/div>\n\n<div style=\"\"  data-wp-interactive=\"jetpack\/form\" data-wp-context='{\"fieldId\":\"g3294-meddelande\",\"fieldType\":\"textarea\",\"fieldLabel\":\"Meddelande\",\"fieldValue\":\"\",\"fieldPlaceholder\":\"\",\"fieldIsRequired\":\"\",\"fieldErrorMessage\":\"\",\"fieldExtra\":[],\"formHash\":\"c977e76e1ff9c4e4f916721bcf5e17b7ef345407\"}'  class='grunion-field-textarea-wrap grunion-field-wrap'  data-wp-init='callbacks.initializeField' data-wp-on--jetpack-form-reset='callbacks.initializeField' >\n<label\n\t\t\t\tfor='contact-form-comment-g3294-meddelande' class=\"grunion-field-label textarea\" >Meddelande<\/label>\n<textarea\n\t\t                style=''\n\t\t                name='g3294-meddelande'\n\t\t                id='contact-form-comment-g3294-meddelande'\n\t\t                rows='20'\n\t\t\t\t\t\tdata-wp-text='state.getFieldValue'\n\t\t\t\t\t\tdata-wp-on--input='actions.onFieldChange'\n\t\t\t\t\t\tdata-wp-on--blur='actions.onFieldBlur'\n\t\t\t\t\t\tdata-wp-class--has-value='state.hasFieldValue'\n\t\t\t\t\t\taria-describedby='g3294-meddelande-textarea-error-message'\n\t\t\t\t\t\tdata-wp-bind--aria-invalid='state.fieldAriaInvalid'\n\t\t\t\t\t\tclass='textarea  grunion-field'  ><\/textarea>\n \n\t\t\t<div id=\"g3294-meddelande-textarea-error\" class=\"contact-form__input-error\" data-wp-class--has-errors=\"state.fieldHasErrors\">\n\t\t\t\t<span class=\"contact-form__warning-icon\" aria-hidden=\"true\">\n\t\t\t\t\t<svg width=\"16\" height=\"16\" viewBox=\"0 0 16 16\" fill=\"none\" xmlns=\"http:\/\/www.w3.org\/2000\/svg\">\n\t\t\t\t\t\t<path d=\"M8.50015 11.6402H7.50015V10.6402H8.50015V11.6402Z\" \/>\n\t\t\t\t\t\t<path d=\"M7.50015 9.64018H8.50015V6.30684H7.50015V9.64018Z\" \/>\n\t\t\t\t\t\t<path fill-rule=\"evenodd\" clip-rule=\"evenodd\" d=\"M6.98331 3.0947C7.42933 2.30177 8.57096 2.30177 9.01698 3.09469L13.8771 11.7349C14.3145 12.5126 13.7525 13.4735 12.8602 13.4735H3.14004C2.24774 13.4735 1.68575 12.5126 2.12321 11.7349L6.98331 3.0947ZM8.14541 3.58496C8.08169 3.47168 7.9186 3.47168 7.85488 3.58496L2.99478 12.2251C2.93229 12.3362 3.01257 12.4735 3.14004 12.4735H12.8602C12.9877 12.4735 13.068 12.3362 13.0055 12.2251L8.14541 3.58496Z\" \/>\n\t\t\t\t\t<\/svg>\n\t\t\t\t<\/span>\n\t\t\t\t<span data-wp-text=\"state.errorMessage\" id=\"g3294-meddelande-textarea-error-message\"><\/span>\n\t\t\t<\/div>\n\t<\/div>\n\t<p class='contact-submit'>\n<div class=\"contact-form__error\" data-wp-class--show-errors=\"state.showFormErrors\"><span class=\"contact-form__warning-icon\" aria-hidden=\"true\"><i><\/i><\/span><span class=\"contact-form__error-message\" tabindex=\"-1\" data-wp-watch=\"callbacks.focusOnValidationError\" data-wp-text=\"state.getFormErrorMessage\"><\/span><ul aria-label=\"Formul\u00e4rfel\">\n\t\t\t\t<template data-wp-each=\"state.getErrorList\" data-wp-key=\"context.item.id\">\n\t\t\t\t\t<li><a data-wp-bind--href=\"context.item.anchor\" data-wp-on--click=\"actions.scrollIntoView\" data-wp-text=\"context.item.label\"><\/a><\/li>\n\t\t\t\t<\/template>\n\t\t\t\t<\/ul><\/div><div class=\"contact-form__error\" data-wp-class--show-errors=\"state.showSubmissionError\" data-wp-text=\"context.submissionError\" tabindex=\"-1\" data-wp-watch=\"callbacks.focusOnSubmissionError\"><\/div>\t\t<button type='submit' class='pushbutton-wide'>Skicka<\/button>\t\t<input type='hidden' name='contact-form-id' value='3294' \/>\n\t\t<input type='hidden' name='action' value='grunion-contact-form' \/>\n\t\t<input type='hidden' name='contact-form-hash' value='c977e76e1ff9c4e4f916721bcf5e17b7ef345407' \/>\n\t<\/p>\n<\/form>\n<\/div>\n","protected":false},"excerpt":{"rendered":"<p><strong>Som projektledare, chef, medarbetare hamnar du ofta i situationer d\u00e4r du beh\u00f6ver presentera n\u00e5got. Det kan vara en id\u00e9, en teknisk beskrivning, ett arbetss\u00e4tt eller \u00f6nskan om att f\u00e5 igenom ett beslut. Ju b\u00e4ttre du kan uttrycka dig s\u00e5 att de du presenterar f\u00f6r ser det du ser ju st\u00f6rre framg\u00e5ng f\u00e5r du med din presentation.<\/strong><\/p>\n<p>P\u00e5 den h\u00e4r utbildningen l\u00e4r du dig hur du drar nytta av dina egna personliga resurser och kompetenser f\u00f6r att genomf\u00f6ra \u00f6vertygande och intressanta presentationer. Presentationer som f\u00e5ngar m\u00e5lgruppens intresse och beh\u00e5ller det. Korta teoriavsnitt varvas med praktisk tr\u00e4ning. Du v\u00e4ljer sj\u00e4lv \u00e4mnen du vill presentera utifr\u00e5n din vardag.<\/p>\n","protected":false},"featured_media":3295,"comment_status":"open","ping_status":"closed","template":"","meta":{"wds_primary_product_brand":0,"wds_primary_product_cat":0},"product_brand":[],"product_cat":[30,37,32,113,51],"product_tag":[],"class_list":{"0":"post-3294","1":"product","2":"type-product","3":"status-publish","4":"has-post-thumbnail","6":"product_cat-business","7":"product_cat-kommunikation","8":"product_cat-ledarskap","9":"product_cat-presentationsteknik","10":"product_cat-projektledning","12":"first","13":"instock","14":"taxable","15":"shipping-taxable","16":"purchasable","17":"product-type-simple"},"jetpack_sharing_enabled":true,"_links":{"self":[{"href":"https:\/\/republify.se\/index.php\/wp-json\/wp\/v2\/product\/3294","targetHints":{"allow":["GET"]}}],"collection":[{"href":"https:\/\/republify.se\/index.php\/wp-json\/wp\/v2\/product"}],"about":[{"href":"https:\/\/republify.se\/index.php\/wp-json\/wp\/v2\/types\/product"}],"replies":[{"embeddable":true,"href":"https:\/\/republify.se\/index.php\/wp-json\/wp\/v2\/comments?post=3294"}],"wp:featuredmedia":[{"embeddable":true,"href":"https:\/\/republify.se\/index.php\/wp-json\/wp\/v2\/media\/3295"}],"wp:attachment":[{"href":"https:\/\/republify.se\/index.php\/wp-json\/wp\/v2\/media?parent=3294"}],"wp:term":[{"taxonomy":"product_brand","embeddable":true,"href":"https:\/\/republify.se\/index.php\/wp-json\/wp\/v2\/product_brand?post=3294"},{"taxonomy":"product_cat","embeddable":true,"href":"https:\/\/republify.se\/index.php\/wp-json\/wp\/v2\/product_cat?post=3294"},{"taxonomy":"product_tag","embeddable":true,"href":"https:\/\/republify.se\/index.php\/wp-json\/wp\/v2\/product_tag?post=3294"}],"curies":[{"name":"wp","href":"https:\/\/api.w.org\/{rel}","templated":true}]}}