{"id":2690,"date":"2022-03-13T15:19:02","date_gmt":"2022-03-13T14:19:02","guid":{"rendered":"https:\/\/republify.se\/?post_type=product&#038;p=2690"},"modified":"2025-11-21T08:55:36","modified_gmt":"2025-11-21T07:55:36","slug":"introduktion-till-agila-arbetssatt-och-metoder","status":"publish","type":"product","link":"https:\/\/republify.se\/index.php\/produkt\/introduktion-till-agila-arbetssatt-och-metoder\/","title":{"rendered":"Introduktion till agila arbetss\u00e4tt och metoder"},"content":{"rendered":"<p><strong>I dagens samh\u00e4lle arbetar fler och fler f\u00f6retag med ett agilt syns\u00e4tt, men vad inneb\u00e4r egentligen det och hur kan er organisations dra nytta av redan existerande ramverk och best practices?\u00a0<\/strong><\/p>\n<p>Denna heldags\u00f6versikt g\u00e5r igenom exempel p\u00e5 agila arbetss\u00e4tt fr\u00e5n ramverk som till exempel Scrum, LEAN, Kanban, Heart of Agile, Modern Agile, SAFe med mera. Kursdagen \u00e4r \u00f6vningsintensiv d\u00e5 du som deltagare skall f\u00e5 en inblick i f\u00f6rslag som kan passa i er verksamhet och baseras p\u00e5 b\u00e5de teori men framf\u00f6rallt grupp\u00f6vningar.<\/p>\n<p><strong>F\u00f6rkunskaper<\/strong>:<\/p>\n<p>Kursen kr\u00e4ver inga f\u00f6rkunskaper, men riktar sig till dig som vill f\u00e5 andra att v\u00e4xa<\/p>\n<p><strong>M\u00e5lgrupp<\/strong><\/p>\n<p>Denna utbildning riktar sig b\u00e5de till dig som leder medarbetare s\u00e5v\u00e4l som du som \u00e4r en del av teamet. Att skapa en agil organisation bygger p\u00e5 att alla, oavsett roll har en gemensam bild kring hur arbetet skall genomf\u00f6ras! Som extralitteratur f\u00e5r du tillg\u00e5ng till boken Agilt ledarskap i den digital v\u00e4rld.<\/p>\n<p><strong>Bakgrund<\/strong><\/p>\n<p>Att genomf\u00f6ra en agil transformation \u00e4r en f\u00f6r\u00e4ndring av f\u00f6retagets kultur vilket ofta \u00e4r en stor utmaning. F\u00f6rst och fr\u00e4mst b\u00f6r man fundera p\u00e5 varf\u00f6r f\u00f6retaget ska\/b\u00f6r genomf\u00f6ra en transformation. Det \u00e4r l\u00e4tt att tro att det handlar om att hitta nya processer och arbetss\u00e4tt, men ist\u00e4llet handlar det om att visa en tilltro till medarbetarna och ett \u00f6msesidigt f\u00f6rtroende d\u00e4r alla g\u00f6r sitt b\u00e4sta utifr\u00e5n f\u00f6ruts\u00e4ttningarna just nu.<\/p>\n<p>Vid en transformation m\u00e5ste hela ledningen vara \u00f6verens om att det \u00e4r en insats som beh\u00f6ver g\u00f6ras, se nyttan, och sedan praktisera ett ledarskap som st\u00f6djer det agila f\u00f6rh\u00e5llningss\u00e4ttet. Extern hj\u00e4lp av agila experter kan ofta underl\u00e4tta f\u00f6r\u00e4ndringsresan s\u00e5 att genomf\u00f6randet inte blir en \u201dquick-fix\u201d med fel fokus. Att arbeta mot att bli mer agila \u00e4r n\u00e5got som aldrig blir klart, det \u00e4r ett mindset d\u00e5 resan dit \u00e4r minst lika viktig, om inte viktigare, \u00e4n att n\u00e5 m\u00e5let i sig.<\/p>\n<p>Som i alla processer bygger f\u00f6r\u00e4ndringsarbete p\u00e5 kontinuerlig kommunikation och m\u00e5let att hitta ett gemensamt syns\u00e4tt p\u00e5 vart vi \u00e4r p\u00e5 v\u00e4g och varf\u00f6r vi tillsammans g\u00f6r detta arbete. Att d\u00e5 \u00e4ven st\u00e4lla krav p\u00e5 engagemang \u00e4r viktigt f\u00f6r att hela gruppen skall k\u00e4nna att det vi g\u00f6r \u00e4r lika viktigt f\u00f6r alla!<\/p>\n<p>\u00c4r ni sj\u00e4lv i b\u00f6rjan av eller kanske redan p\u00e5b\u00f6rjat en agil resa har vi flera utbildningar som kan st\u00f6tta och f\u00f6renkla er v\u00e4g.<\/p>\n<p><strong>Inneh\u00e5ll<\/strong><\/p>\n<ul>\n<li>Agilt t\u00e4nkande vs traditionell projektmetodik<\/li>\n<li>Det agila manifestet<\/li>\n<li>Hur och varf\u00f6r metoderna fungerar<\/li>\n<li>Agila metoder &#8211; historik<\/li>\n<li>Genomg\u00e5ng Scrum och Kanban<\/li>\n<li>Lean &#8211; historik och principer<\/li>\n<li>Retrospektiv<\/li>\n<\/ul>\n<p>&nbsp;<\/p>\n<h2>Kontakta oss om denna kurs<\/h2>\n<div data-test='contact-form'\n\t\t\tid='contact-form-2690'\n\t\t\tclass='jetpack-contact-form-container '\n\t\t\tdata-wp-interactive='jetpack\/form' data-wp-context='{\"formId\":\"2690\",\"formHash\":\"774343be91840e685aa4ba19b6299dcc4f0c8948\",\"showErrors\":false,\"errors\":[],\"fields\":[],\"isMultiStep\":false,\"useAjax\":true,\"submissionData\":null,\"formattedSubmissionData\":[],\"submissionSuccess\":false,\"submissionError\":null,\"elementId\":\"jp-form-774343be91840e685aa4ba19b6299dcc4f0c8948\",\"isSingleInputForm\":false,\"isForcedHorizontal\":false}'\n\t\t\tdata-wp-watch--scroll-to-wrapper=\"callbacks.scrollToWrapper\"\n\t\t>\n<div class=\"contact-form-submission contact-form-ajax-submission\" data-wp-bind--aria-hidden=\"state.isSuccessMessageAriaHidden\" data-wp-class--submission-success=\"context.submissionSuccess\" id=\"contact-form-success-774343be91840e685aa4ba19b6299dcc4f0c8948\" tabindex=\"-1\" aria-labelledby=\"contact-form-success-header-774343be91840e685aa4ba19b6299dcc4f0c8948\"><p class=\"go-back-message\"><a class=\"link\" role=\"button\" tabindex=\"0\" data-wp-on--click=\"actions.goBack\" href=\"\/index.php\/wp-json\/wp\/v2\/product\/2690\">\u2190 Tillbaka<\/a><\/p><h4 data-wp-bind--aria-hidden=\"state.isSuccessMessageAriaHidden\" id=\"contact-form-success-header-774343be91840e685aa4ba19b6299dcc4f0c8948\">Tack f\u00f6r din respons. \u2728<\/h4>\n\n<template data-wp-each--submission=\"context.formattedSubmissionData\">\n\t\t\t\t\t<div class=\"jetpack_forms_contact-form-success-summary\">\n\t\t\t\t\t\t<div class=\"field-name-wrapper\">\n\t\t\t\t\t\t\t<div class=\"field-type-icon\" data-wp-watch=\"callbacks.watchFieldTypeIcon\"><\/div>\n\t\t\t\t\t\t\t<div class=\"field-name\" data-wp-text=\"context.submission.label\" data-wp-bind--hidden=\"!context.submission.label\"><\/div>\n\t\t\t\t\t\t<\/div>\n\t\t\t\t\t\t<div class=\"field-value\" data-wp-text=\"context.submission.value\" data-wp-bind--hidden=\"!context.submission.showPlainValue\"><\/div>\n\t\t\t\t\t\t<a class=\"field-url\" data-wp-bind--href=\"context.submission.url\" data-wp-text=\"context.submission.value\" data-wp-bind--hidden=\"!context.submission.url\" target=\"_blank\" rel=\"noopener noreferrer\"><\/a>\n\t\t\t\t\t\t<div class=\"field-rating\" data-wp-bind--hidden=\"!context.submission.rating\" data-wp-watch=\"callbacks.watchRatingIcons\"><\/div>\n\t\t\t\t\t\t<div class=\"field-images\" data-wp-bind--hidden=\"!context.submission.images\">\n\t\t\t\t\t\t\t<template data-wp-each--image=\"context.submission.images\">\n\t\t\t\t\t\t\t\t<div class=\"field-image-option\" data-wp-class--is-empty=\"!context.image.src\">\n\t\t\t\t\t\t\t\t\t<figure class=\"field-image-option__image\" data-wp-class--is-empty=\"!context.image.src\">\n\t\t\t\t\t\t\t\t\t\t<img data-wp-bind--src=\"context.image.src\" data-wp-bind--hidden=\"!context.image.src\" \/>\n\t\t\t\t\t\t\t\t\t\t<img decoding=\"async\" src=\"data:image\/gif;base64,R0lGODlhAQABAAD\/ACwAAAAAAQABAAACADs=\" data-wp-bind--hidden=\"context.image.src\" \/>\n\t\t\t\t\t\t\t\t\t<\/figure>\n\t\t\t\t\t\t\t\t\t<div class=\"field-image-option__label-wrapper\">\n\t\t\t\t\t\t\t\t\t\t<span class=\"field-image-option__label-code\" data-wp-text=\"context.image.letterCode\"><\/span>\n\t\t\t\t\t\t\t\t\t\t<span class=\"field-image-option__label\" data-wp-text=\"context.image.label\" data-wp-bind--hidden=\"!context.image.label\"><\/span>\n\t\t\t\t\t\t\t\t\t<\/div>\n\t\t\t\t\t\t\t\t<\/div>\n\t\t\t\t\t\t\t<\/template>\n\t\t\t\t\t\t<\/div>\n\t\t\t\t\t\t<div class=\"field-files\" data-wp-bind--hidden=\"!context.submission.files\">\n\t\t\t\t\t\t\t<template data-wp-each--file=\"context.submission.files\">\n\t\t\t\t\t\t\t\t<div class=\"field-file\">\n\t\t\t\t\t\t\t\t\t<div class=\"field-file__thumbnail\" data-wp-style--background-image=\"context.file.previewUrl\" data-wp-style--mask-image=\"context.file.iconUrl\" data-wp-bind--hidden=\"!context.file.hasPreview\"><\/div>\n\t\t\t\t\t\t\t\t\t<svg class=\"field-file__icon\" data-wp-bind--hidden=\"context.file.hasPreview\" width=\"20\" height=\"20\" viewBox=\"0 0 24 24\" fill=\"none\" xmlns=\"http:\/\/www.w3.org\/2000\/svg\" aria-hidden=\"true\">\n\t\t\t\t\t\t\t\t\t\t<path d=\"M14 2H6C4.9 2 4 2.9 4 4V20C4 21.1 4.89 22 5.99 22H18C19.1 22 20 21.1 20 20V8L14 2ZM18 20H6V4H13V9H18V20Z\" fill=\"currentColor\"\/>\n\t\t\t\t\t\t\t\t\t<\/svg>\n\t\t\t\t\t\t\t\t\t<span class=\"field-file__name\" data-wp-text=\"context.file.name\"><\/span>\n\t\t\t\t\t\t\t\t\t<span class=\"field-file__size\" data-wp-text=\"context.file.size\"><\/span>\n\t\t\t\t\t\t\t\t<\/div>\n\t\t\t\t\t\t\t<\/template>\n\t\t\t\t\t\t<\/div>\n\t\t\t\t\t<\/div>\n\t\t\t\t<\/template><\/div><form action='https:\/\/republify.se\/index.php\/produkt\/introduktion-till-agila-arbetssatt-och-metoder\/'\n\t\t\t\tid='jp-form-774343be91840e685aa4ba19b6299dcc4f0c8948'\n\t\t\t\tmethod='post'\n\t\t\t\tclass='contact-form commentsblock jetpack-contact-form__form has-no-jetpack-form-layout' aria-label=\"Introduktion till agila arbetss\u00e4tt och metoder\"\n\t\t\t\tdata-wp-on--submit=\"actions.onFormSubmit\"\n\t\t\t\tdata-wp-on--reset=\"actions.onFormReset\"\n\t\t\t\tdata-wp-class--submission-success=\"context.submissionSuccess\"\n\t\t\t\tdata-wp-class--is-first-step=\"state.isFirstStep\"\n\t\t\t\tdata-wp-class--is-last-step=\"state.isLastStep\"\n\t\t\t\tdata-wp-class--is-ajax-form=\"context.useAjax\"\n\t\t\t\tnovalidate >\n<input type='hidden' name='jetpack_contact_form_jwt' value='eyJ0eXAiOiJKV1QiLCJhbGciOiJIUzI1NiJ9.eyJlbmNyeXB0ZWRfYXR0cmlidXRlcyI6IjUrL1hSRkNHd2VvVElIc0RjS0hNbEtwZmcyN3Z0VElNUHpNSjRDUHcwQmtTc21WM0NwM3FCRUhmUmVpVkk4NWNqeGZ2NzBHM1d4U0dIM3Q2WE14Qmc3d2dhSkZkQW5DZDBSNEtEUmRLcGQzb3BTVEQzQUtzSHRYZ1NjTmZaM09XN1IvdyszblcvWHVRTTNDajlBUGIyV0M5K1NlbENTZFUrVWgvKzBJbVNzYUZQUDVUVTkvc2k2eGtabDVYcDFtMGpFRmw4UU5YUlFXaEswbWo4NXVubStJSVFWaEhwNUNhcDZnMFd3R3hPUWs1aExNYUh3TnpyUVZiRjlOMGJYWlVFamhDeUVnTnF4VWxEU3QwejZzQnpzaDVOeVd3WmViQmV2Sm5zRG10NXpoc0tzZklFd2ZCNHlvSzdDczQxVThZMlA5amVmT0w0eFhRcU9nbFQ3cEVqQzFQNTl4aHV0RU15eS9nRDRtS2dxbFdQMy9ZNjNwRjFPbVc1TDJXZnNUT2g0Rys4L2dmQVZNNythOXU3V2lIdFVQUFRxYm9lQ0RjbWtOVlJwM2gyUlVZMVpiNnpnZ0k5cUgwekNUc0pPcmxhZlV4TUpuK2JqZTU4RERNMXBOamF0V295MFNwSjRMK0xESU1UMTY5TTY4U0JHek1WR0V0Vzl6VGFvdWMvNFZrTVBBdG14WWJKRzJpa09XU1NiL2FoVTVYVzdMbCtDZ2RyeTJ3RTV3TDFVSTdmcVd4ZHN4eXBOZk5Vd2xic3M4bE90cWgyT3hGcEErUHB4aXh1RkFhZFlIWmxRNEIyellGb1IvUEpQQ21FSlFtZC9KQ3llSlUyTTQ4bjNLQkIwaDhCR0pjUHhXclVWZldhaDY3NEYwRksvYTYzS2RBMURpS25oRkZuZjNOL2lOQXFiZVhGejE0dWt4Y2V6bXJoS3RKcUpXWlk3VjhpT2E4RTF2V0dhamF5MjlYSzFVTGUreEZUNVBEd2VhNEt1ZGhJMVRHNWNoMEViSHJjaVZ4UXh0MEJhTEJqUkxuc3c1NmFJYUsxQ2NrY2ZUTExsTWNCSXNJSHZ0U21zZ29wdy9HZVVncngzK3BFSFRLVkN4MnY3dGF5V0hlbUJCTlBrQ2NtUTE0U0dRdTlXWGU3SVZhRHdGOVlBTk5jR0ZFRk1jcW1Ec05Nd3RRUTFQTXlKc0htWVo4S2szK0hWTVBKM0dKbHNwaXpvd2pxNHJKUVQ4clpkMkRIWStlUmdBPSIsImNvbnRlbnQiOiJbY29udGFjdC1maWVsZCBsYWJlbD1cIk5hbW5cIiB0eXBlPVwibmFtZVwiIHJlcXVpcmVkPVwiMVwiXVtjb250YWN0LWZpZWxkIGxhYmVsPVwiRS1wb3N0XCIgdHlwZT1cImVtYWlsXCIgcmVxdWlyZWQ9XCIxXCJdW2NvbnRhY3QtZmllbGQgbGFiZWw9XCJNZWRkZWxhbmRlXCIgdHlwZT1cInRleHRhcmVhXCJdIiwiaGFzaCI6Ijc3NDM0M2JlOTE4NDBlNjg1YWE0YmExOWI2Mjk5ZGNjNGYwYzg5NDgiLCJzb3VyY2UiOnsiZW50cnlfdGl0bGUiOiJJbnRyb2R1a3Rpb24gdGlsbCBhZ2lsYSBhcmJldHNzXHUwMGU0dHQgb2NoIG1ldG9kZXIiLCJlbnRyeV9wYWdlIjoxLCJzb3VyY2VfaWQiOjI2OTAsInNvdXJjZV90eXBlIjoic2luZ2xlIiwicmVxdWVzdF91cmwiOiJodHRwczovL3JlcHVibGlmeS5zZS93cC1qc29uL3dwL3YyL3Byb2R1Y3QvMjY5MCJ9LCJ2ZXJzaW9uIjoyLCJjaXBoZXIiOiJhZXMtMjU2LWdjbSJ9.Sm1TROQowuHSUz98Cv-jbyQVIhqFV8ipTLtHcbeoseo' \/>\n\n<div style=\"\"  data-wp-interactive=\"jetpack\/form\" data-wp-context='{\"fieldId\":\"g2690-namn\",\"fieldType\":\"name\",\"fieldLabel\":\"Namn\",\"fieldValue\":\"\",\"fieldPlaceholder\":\"\",\"fieldIsRequired\":\"1\",\"fieldErrorMessage\":\"\",\"fieldExtra\":[],\"formHash\":\"774343be91840e685aa4ba19b6299dcc4f0c8948\"}'  class='grunion-field-name-wrap grunion-field-wrap'  data-wp-init='callbacks.initializeField' data-wp-on--jetpack-form-reset='callbacks.initializeField' >\n<label\n\t\t\t\tfor='g2690-namn' class=\"grunion-field-label name\" >Namn<span class=\"grunion-label-required\" aria-hidden=\"true\">(obligatoriskt)<\/span><\/label>\n<input\n\t\t\t\t\ttype='text'\n\t\t\t\t\tname='g2690-namn'\n\t\t\t\t\tid='g2690-namn'\n\t\t\t\t\tvalue=''\n\n\t\t\t\t\tdata-wp-bind--aria-invalid='state.fieldAriaInvalid'\n\t\t\t\t\tdata-wp-bind--value='state.getFieldValue'\n\t\t\t\t\taria-describedby='g2690-namn-text-error-message'\n\t\t\t\t\tdata-wp-on--input='actions.onFieldChange'\n\t\t\t\t\tdata-wp-on--blur='actions.onFieldBlur'\n\t\t\t\t\tdata-wp-class--has-value='state.hasFieldValue'\n\n\t\t\t\t\tclass='name  grunion-field' \n\t\t\t\t\trequired='true' aria-required='true'  \/>\n \n\t\t\t<div id=\"g2690-namn-text-error\" class=\"contact-form__input-error\" data-wp-class--has-errors=\"state.fieldHasErrors\">\n\t\t\t\t<span class=\"contact-form__warning-icon\" aria-hidden=\"true\">\n\t\t\t\t\t<svg width=\"16\" height=\"16\" viewBox=\"0 0 16 16\" fill=\"none\" xmlns=\"http:\/\/www.w3.org\/2000\/svg\">\n\t\t\t\t\t\t<path d=\"M8.50015 11.6402H7.50015V10.6402H8.50015V11.6402Z\" \/>\n\t\t\t\t\t\t<path d=\"M7.50015 9.64018H8.50015V6.30684H7.50015V9.64018Z\" \/>\n\t\t\t\t\t\t<path fill-rule=\"evenodd\" clip-rule=\"evenodd\" d=\"M6.98331 3.0947C7.42933 2.30177 8.57096 2.30177 9.01698 3.09469L13.8771 11.7349C14.3145 12.5126 13.7525 13.4735 12.8602 13.4735H3.14004C2.24774 13.4735 1.68575 12.5126 2.12321 11.7349L6.98331 3.0947ZM8.14541 3.58496C8.08169 3.47168 7.9186 3.47168 7.85488 3.58496L2.99478 12.2251C2.93229 12.3362 3.01257 12.4735 3.14004 12.4735H12.8602C12.9877 12.4735 13.068 12.3362 13.0055 12.2251L8.14541 3.58496Z\" \/>\n\t\t\t\t\t<\/svg>\n\t\t\t\t<\/span>\n\t\t\t\t<span data-wp-text=\"state.errorMessage\" id=\"g2690-namn-text-error-message\"><\/span>\n\t\t\t<\/div> \n\t<\/div>\n\n<div style=\"\"  data-wp-interactive=\"jetpack\/form\" data-wp-context='{\"fieldId\":\"g2690-epost\",\"fieldType\":\"email\",\"fieldLabel\":\"E-post\",\"fieldValue\":\"\",\"fieldPlaceholder\":\"\",\"fieldIsRequired\":\"1\",\"fieldErrorMessage\":\"\",\"fieldExtra\":[],\"formHash\":\"774343be91840e685aa4ba19b6299dcc4f0c8948\"}'  class='grunion-field-email-wrap grunion-field-wrap'  data-wp-init='callbacks.initializeField' data-wp-on--jetpack-form-reset='callbacks.initializeField' >\n<label\n\t\t\t\tfor='g2690-epost' class=\"grunion-field-label email\" >E-post<span class=\"grunion-label-required\" aria-hidden=\"true\">(obligatoriskt)<\/span><\/label>\n<input\n\t\t\t\t\ttype='email'\n\t\t\t\t\tname='g2690-epost'\n\t\t\t\t\tid='g2690-epost'\n\t\t\t\t\tvalue=''\n\n\t\t\t\t\tdata-wp-bind--aria-invalid='state.fieldAriaInvalid'\n\t\t\t\t\tdata-wp-bind--value='state.getFieldValue'\n\t\t\t\t\taria-describedby='g2690-epost-email-error-message'\n\t\t\t\t\tdata-wp-on--input='actions.onFieldChange'\n\t\t\t\t\tdata-wp-on--blur='actions.onFieldBlur'\n\t\t\t\t\tdata-wp-class--has-value='state.hasFieldValue'\n\n\t\t\t\t\tclass='email  grunion-field' \n\t\t\t\t\trequired='true' aria-required='true'  \/>\n \n\t\t\t<div id=\"g2690-epost-email-error\" class=\"contact-form__input-error\" data-wp-class--has-errors=\"state.fieldHasErrors\">\n\t\t\t\t<span class=\"contact-form__warning-icon\" aria-hidden=\"true\">\n\t\t\t\t\t<svg width=\"16\" height=\"16\" viewBox=\"0 0 16 16\" fill=\"none\" xmlns=\"http:\/\/www.w3.org\/2000\/svg\">\n\t\t\t\t\t\t<path d=\"M8.50015 11.6402H7.50015V10.6402H8.50015V11.6402Z\" \/>\n\t\t\t\t\t\t<path d=\"M7.50015 9.64018H8.50015V6.30684H7.50015V9.64018Z\" \/>\n\t\t\t\t\t\t<path fill-rule=\"evenodd\" clip-rule=\"evenodd\" d=\"M6.98331 3.0947C7.42933 2.30177 8.57096 2.30177 9.01698 3.09469L13.8771 11.7349C14.3145 12.5126 13.7525 13.4735 12.8602 13.4735H3.14004C2.24774 13.4735 1.68575 12.5126 2.12321 11.7349L6.98331 3.0947ZM8.14541 3.58496C8.08169 3.47168 7.9186 3.47168 7.85488 3.58496L2.99478 12.2251C2.93229 12.3362 3.01257 12.4735 3.14004 12.4735H12.8602C12.9877 12.4735 13.068 12.3362 13.0055 12.2251L8.14541 3.58496Z\" \/>\n\t\t\t\t\t<\/svg>\n\t\t\t\t<\/span>\n\t\t\t\t<span data-wp-text=\"state.errorMessage\" id=\"g2690-epost-email-error-message\"><\/span>\n\t\t\t<\/div> \n\t<\/div>\n\n<div style=\"\"  data-wp-interactive=\"jetpack\/form\" data-wp-context='{\"fieldId\":\"g2690-meddelande\",\"fieldType\":\"textarea\",\"fieldLabel\":\"Meddelande\",\"fieldValue\":\"\",\"fieldPlaceholder\":\"\",\"fieldIsRequired\":\"\",\"fieldErrorMessage\":\"\",\"fieldExtra\":[],\"formHash\":\"774343be91840e685aa4ba19b6299dcc4f0c8948\"}'  class='grunion-field-textarea-wrap grunion-field-wrap'  data-wp-init='callbacks.initializeField' data-wp-on--jetpack-form-reset='callbacks.initializeField' >\n<label\n\t\t\t\tfor='contact-form-comment-g2690-meddelande' class=\"grunion-field-label textarea\" >Meddelande<\/label>\n<textarea\n\t\t                style=''\n\t\t                name='g2690-meddelande'\n\t\t                id='contact-form-comment-g2690-meddelande'\n\t\t                rows='20'\n\t\t\t\t\t\tdata-wp-text='state.getFieldValue'\n\t\t\t\t\t\tdata-wp-on--input='actions.onFieldChange'\n\t\t\t\t\t\tdata-wp-on--blur='actions.onFieldBlur'\n\t\t\t\t\t\tdata-wp-class--has-value='state.hasFieldValue'\n\t\t\t\t\t\taria-describedby='g2690-meddelande-textarea-error-message'\n\t\t\t\t\t\tdata-wp-bind--aria-invalid='state.fieldAriaInvalid'\n\t\t\t\t\t\tclass='textarea  grunion-field'  ><\/textarea>\n \n\t\t\t<div id=\"g2690-meddelande-textarea-error\" class=\"contact-form__input-error\" data-wp-class--has-errors=\"state.fieldHasErrors\">\n\t\t\t\t<span class=\"contact-form__warning-icon\" aria-hidden=\"true\">\n\t\t\t\t\t<svg width=\"16\" height=\"16\" viewBox=\"0 0 16 16\" fill=\"none\" xmlns=\"http:\/\/www.w3.org\/2000\/svg\">\n\t\t\t\t\t\t<path d=\"M8.50015 11.6402H7.50015V10.6402H8.50015V11.6402Z\" \/>\n\t\t\t\t\t\t<path d=\"M7.50015 9.64018H8.50015V6.30684H7.50015V9.64018Z\" \/>\n\t\t\t\t\t\t<path fill-rule=\"evenodd\" clip-rule=\"evenodd\" d=\"M6.98331 3.0947C7.42933 2.30177 8.57096 2.30177 9.01698 3.09469L13.8771 11.7349C14.3145 12.5126 13.7525 13.4735 12.8602 13.4735H3.14004C2.24774 13.4735 1.68575 12.5126 2.12321 11.7349L6.98331 3.0947ZM8.14541 3.58496C8.08169 3.47168 7.9186 3.47168 7.85488 3.58496L2.99478 12.2251C2.93229 12.3362 3.01257 12.4735 3.14004 12.4735H12.8602C12.9877 12.4735 13.068 12.3362 13.0055 12.2251L8.14541 3.58496Z\" \/>\n\t\t\t\t\t<\/svg>\n\t\t\t\t<\/span>\n\t\t\t\t<span data-wp-text=\"state.errorMessage\" id=\"g2690-meddelande-textarea-error-message\"><\/span>\n\t\t\t<\/div>\n\t<\/div>\n\t<p class='contact-submit'>\n<div class=\"contact-form__error\" data-wp-class--show-errors=\"state.showFormErrors\"><span class=\"contact-form__warning-icon\" aria-hidden=\"true\"><i><\/i><\/span><span class=\"contact-form__error-message\" tabindex=\"-1\" data-wp-watch=\"callbacks.focusOnValidationError\" data-wp-text=\"state.getFormErrorMessage\"><\/span><ul aria-label=\"Formul\u00e4rfel\">\n\t\t\t\t<template data-wp-each=\"state.getErrorList\" data-wp-key=\"context.item.id\">\n\t\t\t\t\t<li><a data-wp-bind--href=\"context.item.anchor\" data-wp-on--click=\"actions.scrollIntoView\" data-wp-text=\"context.item.label\"><\/a><\/li>\n\t\t\t\t<\/template>\n\t\t\t\t<\/ul><\/div><div class=\"contact-form__error\" data-wp-class--show-errors=\"state.showSubmissionError\" data-wp-text=\"context.submissionError\" tabindex=\"-1\" data-wp-watch=\"callbacks.focusOnSubmissionError\"><\/div>\t\t<button type='submit' class='pushbutton-wide'>Skicka<\/button>\t\t<input type='hidden' name='contact-form-id' value='2690' \/>\n\t\t<input type='hidden' name='action' value='grunion-contact-form' \/>\n\t\t<input type='hidden' name='contact-form-hash' value='774343be91840e685aa4ba19b6299dcc4f0c8948' \/>\n\t<\/p>\n<\/form>\n<\/div>\n","protected":false},"excerpt":{"rendered":"<p><strong>I dagens samh\u00e4lle arbetar fler och fler f\u00f6retag med ett agilt syns\u00e4tt, men vad inneb\u00e4r egentligen det och hur kan er organisations dra nytta av redan existerande ramverk och best practices?\u00a0<\/strong><\/p>\n<p>Denna heldags\u00f6versikt g\u00e5r igenom exempel p\u00e5 agila arbetss\u00e4tt fr\u00e5n ramverk som till exempel Scrum, LEAN, Kanban, Heart of Agile, Modern Agile med mera. Kursdagen \u00e4r \u00f6vningsintensiv d\u00e5 du som deltagare skall f\u00e5 en inblick i f\u00f6rslag som kan passa i er verksamhet och baseras p\u00e5 b\u00e5de teori men framf\u00f6rallt grupp\u00f6vningar.<\/p>\n","protected":false},"featured_media":4752,"comment_status":"open","ping_status":"closed","template":"","meta":{"wds_primary_product_brand":0,"wds_primary_product_cat":0},"product_brand":[],"product_cat":[33,91,37,32,28],"product_tag":[],"class_list":{"0":"post-2690","1":"product","2":"type-product","3":"status-publish","4":"has-post-thumbnail","6":"product_cat-agila-metoder","7":"product_cat-arbetsmiljo","8":"product_cat-kommunikation","9":"product_cat-ledarskap","10":"product_cat-teamship","12":"first","13":"instock","14":"taxable","15":"shipping-taxable","16":"purchasable","17":"product-type-simple"},"jetpack_sharing_enabled":true,"_links":{"self":[{"href":"https:\/\/republify.se\/index.php\/wp-json\/wp\/v2\/product\/2690","targetHints":{"allow":["GET"]}}],"collection":[{"href":"https:\/\/republify.se\/index.php\/wp-json\/wp\/v2\/product"}],"about":[{"href":"https:\/\/republify.se\/index.php\/wp-json\/wp\/v2\/types\/product"}],"replies":[{"embeddable":true,"href":"https:\/\/republify.se\/index.php\/wp-json\/wp\/v2\/comments?post=2690"}],"wp:featuredmedia":[{"embeddable":true,"href":"https:\/\/republify.se\/index.php\/wp-json\/wp\/v2\/media\/4752"}],"wp:attachment":[{"href":"https:\/\/republify.se\/index.php\/wp-json\/wp\/v2\/media?parent=2690"}],"wp:term":[{"taxonomy":"product_brand","embeddable":true,"href":"https:\/\/republify.se\/index.php\/wp-json\/wp\/v2\/product_brand?post=2690"},{"taxonomy":"product_cat","embeddable":true,"href":"https:\/\/republify.se\/index.php\/wp-json\/wp\/v2\/product_cat?post=2690"},{"taxonomy":"product_tag","embeddable":true,"href":"https:\/\/republify.se\/index.php\/wp-json\/wp\/v2\/product_tag?post=2690"}],"curies":[{"name":"wp","href":"https:\/\/api.w.org\/{rel}","templated":true}]}}