{"id":2668,"date":"2022-03-12T13:11:38","date_gmt":"2022-03-12T12:11:38","guid":{"rendered":"https:\/\/republify.se\/?post_type=product&#038;p=2668"},"modified":"2026-03-03T12:08:21","modified_gmt":"2026-03-03T11:08:21","slug":"it-sakerhet-for-administratorer","status":"publish","type":"product","link":"https:\/\/republify.se\/index.php\/produkt\/it-sakerhet-for-administratorer\/","title":{"rendered":"&#8211; IT-s\u00e4kerhet f\u00f6r administrat\u00f6rer &#8211; Cyber Security"},"content":{"rendered":"<p><script src='\/\/d31cr4zxq0qgev.cloudfront.net\/js\/reviews\/1.4.3\/widget.min.js'>\n<\/script><\/p>\n<div style=\"float: right;\">\n<div id=\"widget-reviews\"><\/div>\n<p><script>\n    emgReviewWidget.setup({\n        targetElementId: 'widget-reviews',\n        customerId: '40730',\n        sourceCourseId: '1712129', \n        source: 'utbildning.se'\n    });\n<\/script><\/p>\n<\/div>\n<h3><strong>M\u00e5lgrupp<\/strong><\/h3>\n<p>Kursen riktar sig till tekniker, IT-chefer och projektledare, produkt\u00e4gare och utvecklare<\/p>\n<h3><strong>F\u00f6rkunskaper<\/strong><\/h3>\n<p>Du beh\u00f6ver vana att arbeta i IT-milj\u00f6, men inga f\u00f6rkunskaper kring s\u00e4kerhetsarbete<\/p>\n<h3>Citat fr\u00e5n deltagare<\/h3>\n<p><em>&#8221;V\u00e4ldigt bra att kursen var s\u00e5 bred och inte specificerad p\u00e5 en separat l\u00f6sning&#8221;<\/em><\/p>\n<h2><strong>Inneh\u00e5ll<\/strong><\/h2>\n<h3 class=\"title\"><strong>1. Introduktion<\/strong><\/h3>\n<h3 class=\"title\"><strong>2. \u00d6versikt IT-s\u00e4kerhet<\/strong><\/h3>\n<ul>\n<li>S\u00e4kerhetsomr\u00e5den<\/li>\n<li>Hotbild och skydd<\/li>\n<li>Vanliga attacker och s\u00e4kerhetsproblem<\/li>\n<li>Riskanalys och \u00e5tg\u00e4rder<\/li>\n<li>IT-s\u00e4kerhet, hotbild, anv\u00e4ndarv\u00e4nlighet och kostnad<\/li>\n<li>Manipulera och avlyssna data<\/li>\n<\/ul>\n<h3 class=\"title\"><strong>3. Skadlig kod<\/strong><\/h3>\n<ul>\n<li>Virus, maskar och trojaner<\/li>\n<li>Riktade attacker<\/li>\n<li>Problem med antivirusprogramvaror och brandv\u00e4ggar<\/li>\n<li>Rootkits<\/li>\n<li>Backdoors<\/li>\n<li>Bufffer overflows<\/li>\n<li>\u00d6verbelastningsattacker, DOS, DDOS<\/li>\n<li>Botnets och zombiedatorer<\/li>\n<\/ul>\n<h3 class=\"title\"><strong>4. Verifiera s\u00e4kerheten<\/strong><\/h3>\n<ul>\n<li>Intr\u00e5ngsdetektering<\/li>\n<li>Automatiserad s\u00e4kerhetsanalys<\/li>\n<li>Vanliga programvaror<\/li>\n<\/ul>\n<h3 class=\"title\"><strong>5. S\u00e5rbarheter<\/strong><\/h3>\n<ul>\n<li>S\u00e5rbarheter och attacker<\/li>\n<li>CAN, CVE, BID<\/li>\n<li>Referenssidor<\/li>\n<li>Checklistor och uppdateringar<\/li>\n<li>IP-restriktioner<\/li>\n<\/ul>\n<h3 class=\"title\"><strong>6. Applikationss\u00e4kerhet \u00a0 \u00a0 \u00a0 \u00a0 \u00a0<\/strong><\/h3>\n<ul>\n<li>Kravst\u00e4llning p\u00e5 egenutvecklad eller ink\u00f6pta applikationer<\/li>\n<li>Vanliga misstag<\/li>\n<li>Validering av data<\/li>\n<li>Designproblem<\/li>\n<li>Hantering av l\u00f6senord<\/li>\n<li>Webbs\u00e4kerhet<\/li>\n<li>Riktlinjer f\u00f6r programmerare<\/li>\n<li>Kommunikation med andra system<\/li>\n<li>SQL-injection<\/li>\n<li>Code-injection<\/li>\n<li>Brute force attacker<\/li>\n<li>Problem med client\/server l\u00f6sningar<\/li>\n<\/ul>\n<h3 class=\"title\"><strong>7. Brandv\u00e4ggar<\/strong><\/h3>\n<ul>\n<li>Filtrering, statefull vs stateless<\/li>\n<li>Lokala brandv\u00e4ggar<\/li>\n<li>Proxy<\/li>\n<li>Brandv\u00e4ggstopologi<\/li>\n<li>IP-restriktioner<\/li>\n<li>Whitelist vs blacklists<\/li>\n<li>VPN, Virtuella privata n\u00e4tverk<\/li>\n<\/ul>\n<h3 class=\"title\"><strong>8. Kryptografi<\/strong><\/h3>\n<ul>\n<li>Asymmetrisk kryptografi<\/li>\n<li>Symmetrisk kryptografi<\/li>\n<li>HASH algorithmer<\/li>\n<li>RSA, DES, AES, MD5, SHA<\/li>\n<li>Certifikat och certifikathantering<\/li>\n<li>CA, certificate authority<\/li>\n<li>PKI, public key infrastructure<\/li>\n<\/ul>\n<h3 class=\"title\"><strong>9. Fysisk informationss\u00e4kerhet<\/strong><\/h3>\n<ul>\n<li>Skalskydd<\/li>\n<li>S\u00e4kerhetszoner<\/li>\n<li>Mekaniska och elektroniska skydd<\/li>\n<li>Identifiering och passersystem<\/li>\n<\/ul>\n<h3 class=\"title\"><strong>10. Policys och s\u00e4kerhetsstandarder<\/strong><\/h3>\n<ul>\n<li>S\u00e4kerhetsklassificering av information<\/li>\n<li>Olika typer av policys<\/li>\n<li>IT-s\u00e4kerhetsinstruktioner till anv\u00e4ndarna<\/li>\n<li>Systems\u00e4kerhetsplan<\/li>\n<li>Design, implementation och efterlevnad (PDCA)<\/li>\n<li>Riktade policys f\u00f6r anv\u00e4ndare, klienter<\/li>\n<li>ISO27001\/BS7799-1<\/li>\n<li>ISO27002<\/li>\n<li>CC, common criteria<\/li>\n<li>Krav p\u00e5 kommuner<\/li>\n<li>Riktlinjer f\u00f6r informationss\u00e4kerhet<\/li>\n<li>Dokumentklassificering<\/li>\n<li>Behandling av personuppgifter<\/li>\n<li>Att t\u00e4nka p\u00e5 vid upphandling av molntj\u00e4nster<\/li>\n<li>Fysisk s\u00e4kerhet<\/li>\n<li>Organisation<\/li>\n<li>Systems\u00e4kerhetsanalys<\/li>\n<\/ul>\n<h3 class=\"title\"><strong>11. Fr\u00e5n attackerarens synvinkel<\/strong><\/h3>\n<h3 class=\"title\"><strong>12. Hur skyddar man sig<\/strong><\/h3>\n<h3 class=\"title\"><strong>13. Avslutning<\/strong><\/h3>\n<p>&nbsp;<\/p>\n<h4>Kursen levereras i samarbete med<\/h4>\n<p><img decoding=\"async\" class=\"alignnone size-full wp-image-1201 lazyload\" data-src=\"https:\/\/republify.se\/wp-content\/uploads\/2022\/02\/Picox_Logo_2color_1_150.jpg\" alt=\"\" width=\"150\" height=\"50\" src=\"data:image\/svg+xml;base64,PHN2ZyB3aWR0aD0iMSIgaGVpZ2h0PSIxIiB4bWxucz0iaHR0cDovL3d3dy53My5vcmcvMjAwMC9zdmciPjwvc3ZnPg==\" style=\"--smush-placeholder-width: 150px; --smush-placeholder-aspect-ratio: 150\/50;\" \/><\/p>\n","protected":false},"excerpt":{"rendered":"<p><strong>Genom \u00e5ren har denna kurs levererats ett otal g\u00e5nger till flera av Sveriges st\u00f6rre arbetsgivare och alltid lika uppskattad. Utbildningen uppdateras kontinuerligt d\u00e5 nya s\u00e4kerhetshot hela tiden dyker upp och under kursens g\u00e5ng kommer du att f\u00e5 med dig ett mindset och verktyg f\u00f6r att undvika misstag som n\u00e5gon annan redan gjort och beh\u00f6vt r\u00e4tta till!<\/strong><\/p>\n<p>Feedbacken vi f\u00e5tt vid tidigare leveranser \u00e4r upplevelser deltagarna inte trodde skulle g\u00e5 att genomf\u00f6ra och framf\u00f6r allt inte s\u00e5 enkelt. \u00c4ven om utbildningen framf\u00f6r allt riktar sig mot dig med ansvar f\u00f6r datamilj\u00f6n s\u00e5 rekommenderar vi \u00e4ven dig i beslutsfattande roll att delta och f\u00e5 upp \u00f6gonen f\u00f6r vad som kr\u00e4vs f\u00f6r att undvika stora kostnader l\u00e4ngre fram!\u00a0OBS! Detta \u00e4r en mer teoretisk, nedkortad version av <a href=\"https:\/\/republify.se\/index.php\/produkt\/it-sakerhet-hacking-brandvaggar-och-kryptering\/\">IT-s\u00e4kerhet &#8211; Hacking, brandv\u00e4ggar och kryptering<\/a> (f\u00f6r dig som vill ha mer tid att \u00e4ven hands-on labba under utbildningen)<\/p>\n<p><strong>Utbildningen har \u00e4ven \u00f6ppna\/schemalagda kurstillf\u00e4llen<br \/>\n<\/strong>P\u00e5 distans: 25-27 maj<\/p>\n","protected":false},"featured_media":3477,"comment_status":"open","ping_status":"closed","template":"","meta":{"wds_primary_product_brand":0,"wds_primary_product_cat":0},"product_brand":[],"product_cat":[134,56,38,145,31,203],"product_tag":[],"class_list":{"0":"post-2668","1":"product","2":"type-product","3":"status-publish","4":"has-post-thumbnail","6":"product_cat-cyber-security","7":"product_cat-it-sakerhet","8":"product_cat-natverk-datakom","9":"product_cat-oppen-schemalagd-utbildning","10":"product_cat-security","11":"product_cat-industri","13":"first","14":"instock","15":"taxable","16":"shipping-taxable","17":"purchasable","18":"product-type-simple"},"jetpack_sharing_enabled":true,"_links":{"self":[{"href":"https:\/\/republify.se\/index.php\/wp-json\/wp\/v2\/product\/2668","targetHints":{"allow":["GET"]}}],"collection":[{"href":"https:\/\/republify.se\/index.php\/wp-json\/wp\/v2\/product"}],"about":[{"href":"https:\/\/republify.se\/index.php\/wp-json\/wp\/v2\/types\/product"}],"replies":[{"embeddable":true,"href":"https:\/\/republify.se\/index.php\/wp-json\/wp\/v2\/comments?post=2668"}],"wp:featuredmedia":[{"embeddable":true,"href":"https:\/\/republify.se\/index.php\/wp-json\/wp\/v2\/media\/3477"}],"wp:attachment":[{"href":"https:\/\/republify.se\/index.php\/wp-json\/wp\/v2\/media?parent=2668"}],"wp:term":[{"taxonomy":"product_brand","embeddable":true,"href":"https:\/\/republify.se\/index.php\/wp-json\/wp\/v2\/product_brand?post=2668"},{"taxonomy":"product_cat","embeddable":true,"href":"https:\/\/republify.se\/index.php\/wp-json\/wp\/v2\/product_cat?post=2668"},{"taxonomy":"product_tag","embeddable":true,"href":"https:\/\/republify.se\/index.php\/wp-json\/wp\/v2\/product_tag?post=2668"}],"curies":[{"name":"wp","href":"https:\/\/api.w.org\/{rel}","templated":true}]}}