{"id":2620,"date":"2022-03-11T17:37:12","date_gmt":"2022-03-11T16:37:12","guid":{"rendered":"https:\/\/republify.se\/?post_type=product&#038;p=2620"},"modified":"2025-11-21T09:07:17","modified_gmt":"2025-11-21T08:07:17","slug":"agil-forandringsledning","status":"publish","type":"product","link":"https:\/\/republify.se\/index.php\/produkt\/agil-forandringsledning\/","title":{"rendered":"Agil F\u00f6r\u00e4ndringsledning"},"content":{"rendered":"<p><strong>Dagens organisationer lever i en st\u00e4ndigt f\u00f6r\u00e4nderlig omv\u00e4rld, en omv\u00e4rld som f\u00f6r\u00e4ndras mer och snabbare \u00e4n n\u00e5gonsin. Vi beh\u00f6ver d\u00e4rf\u00f6r ocks\u00e5 kontinuerligt f\u00f6r\u00e4ndras. Snabbt. Effektivt. Och med snabbast m\u00f6jliga utv\u00e4xling till l\u00e4gsta m\u00f6jliga kostnad. Men f\u00f6r\u00e4ndringar brukar ta tid\u2026 och kosta\u2026<\/strong><\/p>\n<p>Agil f\u00f6r\u00e4ndring med Lean Agile Change Management\u00ae \u00e4r en metod f\u00f6r feedbackstyrt, iterativt, v\u00e4rdeskapande f\u00f6r\u00e4ndringsarbete.<\/p>\n<p><strong>F\u00f6rkunskaper<\/strong>:<\/p>\n<p>Kursen kr\u00e4ver inga f\u00f6rkunskaper inom f\u00f6r\u00e4ndringsledning.<\/p>\n<p><strong>M\u00e5lgrupp<\/strong><\/p>\n<p>F\u00f6r\u00e4ndringsledare, ledare, projektledare, teamledare och medarbetare med behov av att i sin roll b\u00e4ttre och mer effektivt kunna leda och kommunicera i f\u00f6r\u00e4ndring.<\/p>\n<p><strong>Bakgrund<\/strong><\/p>\n<p>Vad skiljer Lean Agile Change Management\u00ae fr\u00e5n traditionellt f\u00f6r\u00e4ndringsarbete?<\/p>\n<p>Agil f\u00f6r\u00e4ndring med Lean Agile Change Management\u00aefokuserar ist\u00e4llet p\u00e5 att kommunicera ut en vision f\u00f6r f\u00f6r\u00e4ndringen till medarbetarna. Med hj\u00e4lp av effektkartl\u00e4ggningar och effektm\u00e5l fokuserar man ist\u00e4llet p\u00e5 en given riktning och de \u00f6nskade effekterna av f\u00f6r\u00e4ndringsarbetet. Med dessa som ledstj\u00e4rna l\u00e5ter man sedan organisationen jobba med f\u00f6r\u00e4ndringsarbete nerifr\u00e5n och upp, inifr\u00e5n och ut.<\/p>\n<p>Modellen \u00e4r applicerbar p\u00e5 alla typer av verksamheter \u2013 s\u00e5v\u00e4l privata som offentliga \u2013 och b\u00e5de tj\u00e4nste- och tillverkningsf\u00f6retag<\/p>\n<p><strong>M\u00e5l<\/strong><\/p>\n<p>Med hj\u00e4lp av st\u00e5-upp-m\u00f6ten, f\u00f6r\u00e4ndringstavlor, st\u00e4ndiga f\u00f6rb\u00e4ttringar, retrom\u00f6ten och direkt kommunikation f\u00e5r du en st\u00f6rre m\u00f6jlighet att f\u00e5nga medarbetarnas intresse, skapa motivation och minska eventuellt motst\u00e5nd mot f\u00f6r\u00e4ndring.<\/p>\n<p><strong>Kursinneh\u00e5ll<\/strong>:<\/p>\n<p>Lean Agile Change Management\u00ae \u00e4r en modell som kombinerar t\u00e4nket och arbetss\u00e4tt ifr\u00e5n lean och agila metoder med metoder f\u00f6r traditionell f\u00f6r\u00e4ndringsledning. Visuell kommunikation, feedback och delaktighet \u00e4r n\u00e5gra av de viktigaste byggstenarna i modellen.<\/p>\n<ul>\n<li>Vad \u00e4r Lean Agile Change Management\u00ae<\/li>\n<li>Leanfilosofin \u2013 Grundl\u00e4ggande principer och v\u00e4rderingar<\/li>\n<li>Det agila manifestet \u2013 ledorden f\u00f6r det agila f\u00f6rh\u00e5llningss\u00e4ttet<\/li>\n<li>Motst\u00e5nd mot f\u00f6r\u00e4ndring \u2013 hur kan jag hantera det?<\/li>\n<li>Hur jag kan anv\u00e4nda agila metoder i f\u00f6r\u00e4ndringsarbetet?<\/li>\n<li>Minimum Viable Change \u2013 snabb effekt av f\u00f6r\u00e4ndringsarbetet.<\/li>\n<li>F\u00f6r\u00e4ndringstavlan \u2013 ditt viktigaste verktyg<\/li>\n<li>Kombinationen med traditionell f\u00f6r\u00e4ndringsledning<\/li>\n<li>\u2013 Kotters \u00e5ttastegs-modell<\/li>\n<li>\u2013 McKinseys 7s-modell<\/li>\n<li>Lean Agile Change Management-cykeln \u2013 f\u00f6r\u00e4ndringsledning baserat p\u00e5 \u00e5terkoppling<\/li>\n<\/ul>\n<p>&nbsp;<\/p>\n<h3>Kursen levereras i samarbete med<\/h3>\n<p><img decoding=\"async\" class=\"alignnone size-medium wp-image-2415 lazyload\" data-src=\"https:\/\/republify.se\/wp-content\/uploads\/2022\/03\/Agilcoachen_Logo_Svart-300x51.png\" alt=\"\" width=\"300\" height=\"51\" data-srcset=\"https:\/\/republify.se\/wp-content\/uploads\/2022\/03\/Agilcoachen_Logo_Svart-300x51.png 300w, https:\/\/republify.se\/wp-content\/uploads\/2022\/03\/Agilcoachen_Logo_Svart-600x102.png 600w, https:\/\/republify.se\/wp-content\/uploads\/2022\/03\/Agilcoachen_Logo_Svart-1024x175.png 1024w, https:\/\/republify.se\/wp-content\/uploads\/2022\/03\/Agilcoachen_Logo_Svart-768x131.png 768w, https:\/\/republify.se\/wp-content\/uploads\/2022\/03\/Agilcoachen_Logo_Svart-1536x262.png 1536w, https:\/\/republify.se\/wp-content\/uploads\/2022\/03\/Agilcoachen_Logo_Svart-2048x349.png 2048w\" data-sizes=\"(max-width: 300px) 100vw, 300px\" src=\"data:image\/svg+xml;base64,PHN2ZyB3aWR0aD0iMSIgaGVpZ2h0PSIxIiB4bWxucz0iaHR0cDovL3d3dy53My5vcmcvMjAwMC9zdmciPjwvc3ZnPg==\" style=\"--smush-placeholder-width: 300px; --smush-placeholder-aspect-ratio: 300\/51;\" \/><\/p>\n<h2>Kontakta oss om utbildningen<\/h2>\n<div data-test='contact-form'\n\t\t\tid='contact-form-2620'\n\t\t\tclass='jetpack-contact-form-container '\n\t\t\tdata-wp-interactive='jetpack\/form' data-wp-context='{\"formId\":\"2620\",\"formHash\":\"0363b3f5bce05dcdd33a8d8547b23c1dc492d439\",\"showErrors\":false,\"errors\":[],\"fields\":[],\"isMultiStep\":false,\"useAjax\":true,\"submissionData\":null,\"formattedSubmissionData\":[],\"submissionSuccess\":false,\"submissionError\":null,\"elementId\":\"jp-form-0363b3f5bce05dcdd33a8d8547b23c1dc492d439\",\"isSingleInputForm\":false,\"isForcedHorizontal\":false}'\n\t\t\tdata-wp-watch--scroll-to-wrapper=\"callbacks.scrollToWrapper\"\n\t\t>\n<div class=\"contact-form-submission contact-form-ajax-submission\" data-wp-bind--aria-hidden=\"state.isSuccessMessageAriaHidden\" data-wp-class--submission-success=\"context.submissionSuccess\" id=\"contact-form-success-0363b3f5bce05dcdd33a8d8547b23c1dc492d439\" tabindex=\"-1\" aria-labelledby=\"contact-form-success-header-0363b3f5bce05dcdd33a8d8547b23c1dc492d439\"><p class=\"go-back-message\"><a class=\"link\" role=\"button\" tabindex=\"0\" data-wp-on--click=\"actions.goBack\" href=\"\/index.php\/wp-json\/wp\/v2\/product\/2620\">\u2190 Tillbaka<\/a><\/p><h4 data-wp-bind--aria-hidden=\"state.isSuccessMessageAriaHidden\" id=\"contact-form-success-header-0363b3f5bce05dcdd33a8d8547b23c1dc492d439\">Tack f\u00f6r din respons. \u2728<\/h4>\n\n<template data-wp-each--submission=\"context.formattedSubmissionData\">\n\t\t\t\t\t<div class=\"jetpack_forms_contact-form-success-summary\">\n\t\t\t\t\t\t<div class=\"field-name-wrapper\">\n\t\t\t\t\t\t\t<div class=\"field-type-icon\" data-wp-watch=\"callbacks.watchFieldTypeIcon\"><\/div>\n\t\t\t\t\t\t\t<div class=\"field-name\" data-wp-text=\"context.submission.label\" data-wp-bind--hidden=\"!context.submission.label\"><\/div>\n\t\t\t\t\t\t<\/div>\n\t\t\t\t\t\t<div class=\"field-value\" data-wp-text=\"context.submission.value\" data-wp-bind--hidden=\"!context.submission.showPlainValue\"><\/div>\n\t\t\t\t\t\t<a class=\"field-url\" data-wp-bind--href=\"context.submission.url\" data-wp-text=\"context.submission.value\" data-wp-bind--hidden=\"!context.submission.url\" target=\"_blank\" rel=\"noopener noreferrer\"><\/a>\n\t\t\t\t\t\t<div class=\"field-rating\" data-wp-bind--hidden=\"!context.submission.rating\" data-wp-watch=\"callbacks.watchRatingIcons\"><\/div>\n\t\t\t\t\t\t<div class=\"field-images\" data-wp-bind--hidden=\"!context.submission.images\">\n\t\t\t\t\t\t\t<template data-wp-each--image=\"context.submission.images\">\n\t\t\t\t\t\t\t\t<div class=\"field-image-option\" data-wp-class--is-empty=\"!context.image.src\">\n\t\t\t\t\t\t\t\t\t<figure class=\"field-image-option__image\" data-wp-class--is-empty=\"!context.image.src\">\n\t\t\t\t\t\t\t\t\t\t<img data-wp-bind--src=\"context.image.src\" data-wp-bind--hidden=\"!context.image.src\" \/>\n\t\t\t\t\t\t\t\t\t\t<img decoding=\"async\" src=\"data:image\/gif;base64,R0lGODlhAQABAAD\/ACwAAAAAAQABAAACADs=\" data-wp-bind--hidden=\"context.image.src\" \/>\n\t\t\t\t\t\t\t\t\t<\/figure>\n\t\t\t\t\t\t\t\t\t<div class=\"field-image-option__label-wrapper\">\n\t\t\t\t\t\t\t\t\t\t<span class=\"field-image-option__label-code\" data-wp-text=\"context.image.letterCode\"><\/span>\n\t\t\t\t\t\t\t\t\t\t<span class=\"field-image-option__label\" data-wp-text=\"context.image.label\" data-wp-bind--hidden=\"!context.image.label\"><\/span>\n\t\t\t\t\t\t\t\t\t<\/div>\n\t\t\t\t\t\t\t\t<\/div>\n\t\t\t\t\t\t\t<\/template>\n\t\t\t\t\t\t<\/div>\n\t\t\t\t\t\t<div class=\"field-files\" data-wp-bind--hidden=\"!context.submission.files\">\n\t\t\t\t\t\t\t<template data-wp-each--file=\"context.submission.files\">\n\t\t\t\t\t\t\t\t<div class=\"field-file\">\n\t\t\t\t\t\t\t\t\t<div class=\"field-file__thumbnail\" data-wp-style--background-image=\"context.file.previewUrl\" data-wp-style--mask-image=\"context.file.iconUrl\" data-wp-bind--hidden=\"!context.file.hasPreview\"><\/div>\n\t\t\t\t\t\t\t\t\t<svg class=\"field-file__icon\" data-wp-bind--hidden=\"context.file.hasPreview\" width=\"20\" height=\"20\" viewBox=\"0 0 24 24\" fill=\"none\" xmlns=\"http:\/\/www.w3.org\/2000\/svg\" aria-hidden=\"true\">\n\t\t\t\t\t\t\t\t\t\t<path d=\"M14 2H6C4.9 2 4 2.9 4 4V20C4 21.1 4.89 22 5.99 22H18C19.1 22 20 21.1 20 20V8L14 2ZM18 20H6V4H13V9H18V20Z\" fill=\"currentColor\"\/>\n\t\t\t\t\t\t\t\t\t<\/svg>\n\t\t\t\t\t\t\t\t\t<span class=\"field-file__name\" data-wp-text=\"context.file.name\"><\/span>\n\t\t\t\t\t\t\t\t\t<span class=\"field-file__size\" data-wp-text=\"context.file.size\"><\/span>\n\t\t\t\t\t\t\t\t<\/div>\n\t\t\t\t\t\t\t<\/template>\n\t\t\t\t\t\t<\/div>\n\t\t\t\t\t<\/div>\n\t\t\t\t<\/template><\/div><form action='https:\/\/republify.se\/index.php\/produkt\/agil-forandringsledning\/'\n\t\t\t\tid='jp-form-0363b3f5bce05dcdd33a8d8547b23c1dc492d439'\n\t\t\t\tmethod='post'\n\t\t\t\tclass='contact-form commentsblock jetpack-contact-form__form has-no-jetpack-form-layout' aria-label=\"Agil F\u00f6r\u00e4ndringsledning\"\n\t\t\t\tdata-wp-on--submit=\"actions.onFormSubmit\"\n\t\t\t\tdata-wp-on--reset=\"actions.onFormReset\"\n\t\t\t\tdata-wp-class--submission-success=\"context.submissionSuccess\"\n\t\t\t\tdata-wp-class--is-first-step=\"state.isFirstStep\"\n\t\t\t\tdata-wp-class--is-last-step=\"state.isLastStep\"\n\t\t\t\tdata-wp-class--is-ajax-form=\"context.useAjax\"\n\t\t\t\tnovalidate >\n<input type='hidden' name='jetpack_contact_form_jwt' value='eyJ0eXAiOiJKV1QiLCJhbGciOiJIUzI1NiJ9.eyJlbmNyeXB0ZWRfYXR0cmlidXRlcyI6IjV5cXkzZ0pCNDd6dGxrQmVyTlkxNjFFVXFSNlJ2THFOZjU4ajJBb2ppQUI4Y3FUSGFyd0VZZEtNZ21CcXN3UktUWHljcS9wVm5zS3FlM1hpMnh5cjhxNmsrcHVCVHN3bjFHazdLdVdqMmtYTURxN2dUekYrNHYyTXIxbnZIMlEreUl0blNLWG9CUTBJLzhKeFZYK2hFT1BVdkpTSS9ZKzVzTWN0dEh6cUZJNnpEZ0JoZG55amdJaWw0dDRxWngxVjJGU0VmKzUyN1dvb2wzaU16bWZMbW5MQUp4QmR4Q2d5ZzhzTVpKcVVXTUszeHlpNEZOcnVySUJRQnoyRTNtZE9BWUxrTDVYVXJoc1FGNG52WFFTUjlHU05FM25FZWVkV1lFZ1pBOGkwTHRtZEJYalhMMGt2emV1c3hNRml3RlhEbGJ2b0cvdllGd01PWHdHNkl6UmRoMjdUSWt4cDRGbWpjajdkVThzSUpaNlJaZ0tzYWFobjI5OHU2dy9JUFhoZkQveXdaUjRtWXVKdzZBdmtwUUw5ZzUzNmRNTDlDUGJRcHRTbzdnbHQ5czZhaDFiL1NLVnZ3VSt5QWo4c0JyTnZOdVBoZmU5UHI4VEdQd1FrSm92OGlYZjhYWjJrdm0yVjlLT0ZUd1lPOHg4Z1JYRXpSaTBmVXRSSXR6TUNyTW9BY0Y2STRJeElIKzdxTjFkN290WHNwOVc1WnJQb1FDSnRLWWRqbzlETDJPbnhLTWhCSm1Zdnk5RFdFam1sa0hqYThHTW9Nb0lTYWN0cTdIUlBHNEdVeE5BaG5hdDFmSG5rUHp5UkhkVXRadUlHOWd0YVBxU0FwclV5eGo5aG1HZmkvRDBtSTI0cmZmQWJ2NnRKVnU0VEZjYVNiT3dseGFjUk9PVmNmYUh3T2lCcUlaRWRHN2J6WFZENTBwOHBRbEpORkZlbFVEUE1mblhSS0ZIa2xyR3EyQkJCZGZQdGpvV2loWHRqM1NGYzM3a0NJa21UNWs1ekJuZ1VZNGtiN3B6ZUJNUG55QWlTc01VOXJXd2JVK2pncE9VV2Qwdk4xUjlNUUxSYXR5WVREZXhxdXFEUjRFWGZaWlNtK0x3b1MzMmFleE4xNlc2dUdNZnZLVmJydm1tR1g0K2JORVRPc1VQZFN1YVd3OE9mZkFuRlYreGFDd2xXTlVRa1p2R0JQTFd4aUg4OFUzQk5WcW5qdHdXVWkxd05aQTdVaHhpbHV2YUR2RnhJRFZCMkk4RT0iLCJjb250ZW50IjoiW2NvbnRhY3QtZmllbGQgbGFiZWw9XCJOYW1uXCIgdHlwZT1cIm5hbWVcIiByZXF1aXJlZD1cIjFcIl1bY29udGFjdC1maWVsZCBsYWJlbD1cIkUtcG9zdFwiIHR5cGU9XCJlbWFpbFwiIHJlcXVpcmVkPVwiMVwiXVtjb250YWN0LWZpZWxkIGxhYmVsPVwiTWVkZGVsYW5kZVwiIHR5cGU9XCJ0ZXh0YXJlYVwiXSIsImhhc2giOiIwMzYzYjNmNWJjZTA1ZGNkZDMzYThkODU0N2IyM2MxZGM0OTJkNDM5Iiwic291cmNlIjp7ImVudHJ5X3RpdGxlIjoiQWdpbCBGXHUwMGY2clx1MDBlNG5kcmluZ3NsZWRuaW5nIiwiZW50cnlfcGFnZSI6MSwic291cmNlX2lkIjoyNjIwLCJzb3VyY2VfdHlwZSI6InNpbmdsZSIsInJlcXVlc3RfdXJsIjoiaHR0cHM6Ly9yZXB1YmxpZnkuc2Uvd3AtanNvbi93cC92Mi9wcm9kdWN0LzI2MjAifSwidmVyc2lvbiI6MiwiY2lwaGVyIjoiYWVzLTI1Ni1nY20ifQ.KbcZ-6xEtElPKDlw9AwVgtK9usi3iVsXWSEsFc1jevw' \/>\n\n<div style=\"\"  data-wp-interactive=\"jetpack\/form\" data-wp-context='{\"fieldId\":\"g2620-namn\",\"fieldType\":\"name\",\"fieldLabel\":\"Namn\",\"fieldValue\":\"\",\"fieldPlaceholder\":\"\",\"fieldIsRequired\":\"1\",\"fieldErrorMessage\":\"\",\"fieldExtra\":[],\"formHash\":\"0363b3f5bce05dcdd33a8d8547b23c1dc492d439\"}'  class='grunion-field-name-wrap grunion-field-wrap'  data-wp-init='callbacks.initializeField' data-wp-on--jetpack-form-reset='callbacks.initializeField' >\n<label\n\t\t\t\tfor='g2620-namn' class=\"grunion-field-label name\" >Namn<span class=\"grunion-label-required\" aria-hidden=\"true\">(obligatoriskt)<\/span><\/label>\n<input\n\t\t\t\t\ttype='text'\n\t\t\t\t\tname='g2620-namn'\n\t\t\t\t\tid='g2620-namn'\n\t\t\t\t\tvalue=''\n\n\t\t\t\t\tdata-wp-bind--aria-invalid='state.fieldAriaInvalid'\n\t\t\t\t\tdata-wp-bind--value='state.getFieldValue'\n\t\t\t\t\taria-describedby='g2620-namn-text-error-message'\n\t\t\t\t\tdata-wp-on--input='actions.onFieldChange'\n\t\t\t\t\tdata-wp-on--blur='actions.onFieldBlur'\n\t\t\t\t\tdata-wp-class--has-value='state.hasFieldValue'\n\n\t\t\t\t\tclass='name  grunion-field' \n\t\t\t\t\trequired='true' aria-required='true'  \/>\n \n\t\t\t<div id=\"g2620-namn-text-error\" class=\"contact-form__input-error\" data-wp-class--has-errors=\"state.fieldHasErrors\">\n\t\t\t\t<span class=\"contact-form__warning-icon\" aria-hidden=\"true\">\n\t\t\t\t\t<svg width=\"16\" height=\"16\" viewBox=\"0 0 16 16\" fill=\"none\" xmlns=\"http:\/\/www.w3.org\/2000\/svg\">\n\t\t\t\t\t\t<path d=\"M8.50015 11.6402H7.50015V10.6402H8.50015V11.6402Z\" \/>\n\t\t\t\t\t\t<path d=\"M7.50015 9.64018H8.50015V6.30684H7.50015V9.64018Z\" \/>\n\t\t\t\t\t\t<path fill-rule=\"evenodd\" clip-rule=\"evenodd\" d=\"M6.98331 3.0947C7.42933 2.30177 8.57096 2.30177 9.01698 3.09469L13.8771 11.7349C14.3145 12.5126 13.7525 13.4735 12.8602 13.4735H3.14004C2.24774 13.4735 1.68575 12.5126 2.12321 11.7349L6.98331 3.0947ZM8.14541 3.58496C8.08169 3.47168 7.9186 3.47168 7.85488 3.58496L2.99478 12.2251C2.93229 12.3362 3.01257 12.4735 3.14004 12.4735H12.8602C12.9877 12.4735 13.068 12.3362 13.0055 12.2251L8.14541 3.58496Z\" \/>\n\t\t\t\t\t<\/svg>\n\t\t\t\t<\/span>\n\t\t\t\t<span data-wp-text=\"state.errorMessage\" id=\"g2620-namn-text-error-message\"><\/span>\n\t\t\t<\/div> \n\t<\/div>\n\n<div style=\"\"  data-wp-interactive=\"jetpack\/form\" data-wp-context='{\"fieldId\":\"g2620-epost\",\"fieldType\":\"email\",\"fieldLabel\":\"E-post\",\"fieldValue\":\"\",\"fieldPlaceholder\":\"\",\"fieldIsRequired\":\"1\",\"fieldErrorMessage\":\"\",\"fieldExtra\":[],\"formHash\":\"0363b3f5bce05dcdd33a8d8547b23c1dc492d439\"}'  class='grunion-field-email-wrap grunion-field-wrap'  data-wp-init='callbacks.initializeField' data-wp-on--jetpack-form-reset='callbacks.initializeField' >\n<label\n\t\t\t\tfor='g2620-epost' class=\"grunion-field-label email\" >E-post<span class=\"grunion-label-required\" aria-hidden=\"true\">(obligatoriskt)<\/span><\/label>\n<input\n\t\t\t\t\ttype='email'\n\t\t\t\t\tname='g2620-epost'\n\t\t\t\t\tid='g2620-epost'\n\t\t\t\t\tvalue=''\n\n\t\t\t\t\tdata-wp-bind--aria-invalid='state.fieldAriaInvalid'\n\t\t\t\t\tdata-wp-bind--value='state.getFieldValue'\n\t\t\t\t\taria-describedby='g2620-epost-email-error-message'\n\t\t\t\t\tdata-wp-on--input='actions.onFieldChange'\n\t\t\t\t\tdata-wp-on--blur='actions.onFieldBlur'\n\t\t\t\t\tdata-wp-class--has-value='state.hasFieldValue'\n\n\t\t\t\t\tclass='email  grunion-field' \n\t\t\t\t\trequired='true' aria-required='true'  \/>\n \n\t\t\t<div id=\"g2620-epost-email-error\" class=\"contact-form__input-error\" data-wp-class--has-errors=\"state.fieldHasErrors\">\n\t\t\t\t<span class=\"contact-form__warning-icon\" aria-hidden=\"true\">\n\t\t\t\t\t<svg width=\"16\" height=\"16\" viewBox=\"0 0 16 16\" fill=\"none\" xmlns=\"http:\/\/www.w3.org\/2000\/svg\">\n\t\t\t\t\t\t<path d=\"M8.50015 11.6402H7.50015V10.6402H8.50015V11.6402Z\" \/>\n\t\t\t\t\t\t<path d=\"M7.50015 9.64018H8.50015V6.30684H7.50015V9.64018Z\" \/>\n\t\t\t\t\t\t<path fill-rule=\"evenodd\" clip-rule=\"evenodd\" d=\"M6.98331 3.0947C7.42933 2.30177 8.57096 2.30177 9.01698 3.09469L13.8771 11.7349C14.3145 12.5126 13.7525 13.4735 12.8602 13.4735H3.14004C2.24774 13.4735 1.68575 12.5126 2.12321 11.7349L6.98331 3.0947ZM8.14541 3.58496C8.08169 3.47168 7.9186 3.47168 7.85488 3.58496L2.99478 12.2251C2.93229 12.3362 3.01257 12.4735 3.14004 12.4735H12.8602C12.9877 12.4735 13.068 12.3362 13.0055 12.2251L8.14541 3.58496Z\" \/>\n\t\t\t\t\t<\/svg>\n\t\t\t\t<\/span>\n\t\t\t\t<span data-wp-text=\"state.errorMessage\" id=\"g2620-epost-email-error-message\"><\/span>\n\t\t\t<\/div> \n\t<\/div>\n\n<div style=\"\"  data-wp-interactive=\"jetpack\/form\" data-wp-context='{\"fieldId\":\"g2620-meddelande\",\"fieldType\":\"textarea\",\"fieldLabel\":\"Meddelande\",\"fieldValue\":\"\",\"fieldPlaceholder\":\"\",\"fieldIsRequired\":\"\",\"fieldErrorMessage\":\"\",\"fieldExtra\":[],\"formHash\":\"0363b3f5bce05dcdd33a8d8547b23c1dc492d439\"}'  class='grunion-field-textarea-wrap grunion-field-wrap'  data-wp-init='callbacks.initializeField' data-wp-on--jetpack-form-reset='callbacks.initializeField' >\n<label\n\t\t\t\tfor='contact-form-comment-g2620-meddelande' class=\"grunion-field-label textarea\" >Meddelande<\/label>\n<textarea\n\t\t                style=''\n\t\t                name='g2620-meddelande'\n\t\t                id='contact-form-comment-g2620-meddelande'\n\t\t                rows='20'\n\t\t\t\t\t\tdata-wp-text='state.getFieldValue'\n\t\t\t\t\t\tdata-wp-on--input='actions.onFieldChange'\n\t\t\t\t\t\tdata-wp-on--blur='actions.onFieldBlur'\n\t\t\t\t\t\tdata-wp-class--has-value='state.hasFieldValue'\n\t\t\t\t\t\taria-describedby='g2620-meddelande-textarea-error-message'\n\t\t\t\t\t\tdata-wp-bind--aria-invalid='state.fieldAriaInvalid'\n\t\t\t\t\t\tclass='textarea  grunion-field'  ><\/textarea>\n \n\t\t\t<div id=\"g2620-meddelande-textarea-error\" class=\"contact-form__input-error\" data-wp-class--has-errors=\"state.fieldHasErrors\">\n\t\t\t\t<span class=\"contact-form__warning-icon\" aria-hidden=\"true\">\n\t\t\t\t\t<svg width=\"16\" height=\"16\" viewBox=\"0 0 16 16\" fill=\"none\" xmlns=\"http:\/\/www.w3.org\/2000\/svg\">\n\t\t\t\t\t\t<path d=\"M8.50015 11.6402H7.50015V10.6402H8.50015V11.6402Z\" \/>\n\t\t\t\t\t\t<path d=\"M7.50015 9.64018H8.50015V6.30684H7.50015V9.64018Z\" \/>\n\t\t\t\t\t\t<path fill-rule=\"evenodd\" clip-rule=\"evenodd\" d=\"M6.98331 3.0947C7.42933 2.30177 8.57096 2.30177 9.01698 3.09469L13.8771 11.7349C14.3145 12.5126 13.7525 13.4735 12.8602 13.4735H3.14004C2.24774 13.4735 1.68575 12.5126 2.12321 11.7349L6.98331 3.0947ZM8.14541 3.58496C8.08169 3.47168 7.9186 3.47168 7.85488 3.58496L2.99478 12.2251C2.93229 12.3362 3.01257 12.4735 3.14004 12.4735H12.8602C12.9877 12.4735 13.068 12.3362 13.0055 12.2251L8.14541 3.58496Z\" \/>\n\t\t\t\t\t<\/svg>\n\t\t\t\t<\/span>\n\t\t\t\t<span data-wp-text=\"state.errorMessage\" id=\"g2620-meddelande-textarea-error-message\"><\/span>\n\t\t\t<\/div>\n\t<\/div>\n\t<p class='contact-submit'>\n<div class=\"contact-form__error\" data-wp-class--show-errors=\"state.showFormErrors\"><span class=\"contact-form__warning-icon\" aria-hidden=\"true\"><i><\/i><\/span><span class=\"contact-form__error-message\" tabindex=\"-1\" data-wp-watch=\"callbacks.focusOnValidationError\" data-wp-text=\"state.getFormErrorMessage\"><\/span><ul aria-label=\"Formul\u00e4rfel\">\n\t\t\t\t<template data-wp-each=\"state.getErrorList\" data-wp-key=\"context.item.id\">\n\t\t\t\t\t<li><a data-wp-bind--href=\"context.item.anchor\" data-wp-on--click=\"actions.scrollIntoView\" data-wp-text=\"context.item.label\"><\/a><\/li>\n\t\t\t\t<\/template>\n\t\t\t\t<\/ul><\/div><div class=\"contact-form__error\" data-wp-class--show-errors=\"state.showSubmissionError\" data-wp-text=\"context.submissionError\" tabindex=\"-1\" data-wp-watch=\"callbacks.focusOnSubmissionError\"><\/div>\t\t<button type='submit' class='pushbutton-wide'>Skicka<\/button>\t\t<input type='hidden' name='contact-form-id' value='2620' \/>\n\t\t<input type='hidden' name='action' value='grunion-contact-form' \/>\n\t\t<input type='hidden' name='contact-form-hash' value='0363b3f5bce05dcdd33a8d8547b23c1dc492d439' \/>\n\t<\/p>\n<\/form>\n<\/div>\n","protected":false},"excerpt":{"rendered":"<p><strong>Dagens organisationer lever i en st\u00e4ndigt f\u00f6r\u00e4nderlig omv\u00e4rld, en omv\u00e4rld som f\u00f6r\u00e4ndras mer och snabbare \u00e4n n\u00e5gonsin. Vi beh\u00f6ver d\u00e4rf\u00f6r ocks\u00e5 kontinuerligt f\u00f6r\u00e4ndras. Snabbt. Effektivt. Och med snabbast m\u00f6jliga utv\u00e4xling till l\u00e4gsta m\u00f6jliga kostnad. Men f\u00f6r\u00e4ndringar brukar ta tid\u2026 och kosta\u2026<\/strong><\/p>\n<p>Agil f\u00f6r\u00e4ndring med Lean Agile Change Management\u00ae \u00e4r en metod f\u00f6r feedbackstyrt, iterativt, v\u00e4rdeskapande f\u00f6r\u00e4ndringsarbete.<\/p>\n","protected":false},"featured_media":5421,"comment_status":"open","ping_status":"closed","template":"","meta":{"wds_primary_product_brand":0,"wds_primary_product_cat":0},"product_brand":[],"product_cat":[33,91,202,32,28],"product_tag":[],"class_list":{"0":"post-2620","1":"product","2":"type-product","3":"status-publish","4":"has-post-thumbnail","6":"product_cat-agila-metoder","7":"product_cat-arbetsmiljo","8":"product_cat-forandringsledning","9":"product_cat-ledarskap","10":"product_cat-teamship","12":"first","13":"instock","14":"taxable","15":"shipping-taxable","16":"purchasable","17":"product-type-simple"},"jetpack_sharing_enabled":true,"_links":{"self":[{"href":"https:\/\/republify.se\/index.php\/wp-json\/wp\/v2\/product\/2620","targetHints":{"allow":["GET"]}}],"collection":[{"href":"https:\/\/republify.se\/index.php\/wp-json\/wp\/v2\/product"}],"about":[{"href":"https:\/\/republify.se\/index.php\/wp-json\/wp\/v2\/types\/product"}],"replies":[{"embeddable":true,"href":"https:\/\/republify.se\/index.php\/wp-json\/wp\/v2\/comments?post=2620"}],"wp:featuredmedia":[{"embeddable":true,"href":"https:\/\/republify.se\/index.php\/wp-json\/wp\/v2\/media\/5421"}],"wp:attachment":[{"href":"https:\/\/republify.se\/index.php\/wp-json\/wp\/v2\/media?parent=2620"}],"wp:term":[{"taxonomy":"product_brand","embeddable":true,"href":"https:\/\/republify.se\/index.php\/wp-json\/wp\/v2\/product_brand?post=2620"},{"taxonomy":"product_cat","embeddable":true,"href":"https:\/\/republify.se\/index.php\/wp-json\/wp\/v2\/product_cat?post=2620"},{"taxonomy":"product_tag","embeddable":true,"href":"https:\/\/republify.se\/index.php\/wp-json\/wp\/v2\/product_tag?post=2620"}],"curies":[{"name":"wp","href":"https:\/\/api.w.org\/{rel}","templated":true}]}}