{"id":2609,"date":"2022-03-11T14:35:10","date_gmt":"2022-03-11T13:35:10","guid":{"rendered":"https:\/\/republify.se\/?post_type=product&#038;p=2609"},"modified":"2025-11-21T09:09:41","modified_gmt":"2025-11-21T08:09:41","slug":"ireb-cpre-foundation-praktisk-kravhantering","status":"publish","type":"product","link":"https:\/\/republify.se\/index.php\/produkt\/ireb-cpre-foundation-praktisk-kravhantering\/","title":{"rendered":"IREB CPRE Foundation &#8211; Praktisk Kravhantering"},"content":{"rendered":"<p>IREB, International Requirement Engineering Board \u00e4r en ideell organisation och leverant\u00f6r av certifieringssystemet CPRE (Certified Professional for Requirements Engineering). Organisationen best\u00e5r av ledande kravrepresentanter fr\u00e5n vetenskap, forskning, industri och erk\u00e4nda konsulter olika verksamheter.<\/p>\n<p><strong>M\u00e5lgrupp<\/strong><br \/>\nDeltagare med anknytning till mjukvaru-utveckling<\/p>\n<p><strong>Kursm\u00e5l<\/strong><br \/>\n<em>Efter kursen kommer du ha goda kunskaper i:<\/em><br \/>\n\uf096 Vad ett krav \u00e4r och dess olika typer (funktionella krav, kvalitetskrav, och begr\u00e4nsningar)<br \/>\n\uf096 Hur man identifierar kravk\u00e4llor och intressenter<br \/>\n\uf096 Hur man samlar in krav genom olika eliciteringstekniker<br \/>\n\uf096 Hur man dokumenterar krav med naturligt spr\u00e5k, mallar och modeller<br \/>\n\uf096 Hur man anv\u00e4nder modeller f\u00f6r att beskriva krav och deras kontext<br \/>\n\uf096 Hur man verifierar krav f\u00f6r att s\u00e4kerst\u00e4lla deras korrekthet och hanterar f\u00f6r\u00e4ndringar i krav<\/p>\n<p>Du kommer ocks\u00e5 efter kursen vara f\u00f6rberedd f\u00f6r att kunna genomf\u00f6ra certifieringen i, IREB Certified Professional for Requirements Engineering &#8211; Foundation Level.<\/p>\n<p><strong>Inneh\u00e5ll krav (Dag 1):<\/strong><br \/>\n<em>Introduktion och \u00f6versikt \u00f6ver kravhantering<\/em><br \/>\n\uf096 Vad \u00e4r kravhantering och varf\u00f6r \u00e4r det viktigt?<br \/>\n\uf096 Kravens olika typer: funktionella krav, kvalitetskrav och begr\u00e4nsningar.<br \/>\nGrundl\u00e4ggande principer f\u00f6r kravhantering<br \/>\n\uf096 De nio grundl\u00e4ggande principerna inom kravhantering, inklusive v\u00e4rdeorientering, intressenter, och kontext.<br \/>\nArbetsprodukter och dokumentationspraxis<br \/>\n\uf096 Skapande av arbetsprodukter (naturligt spr\u00e5k, mallbaserade och modellbaserade arbetsprodukter).<br \/>\n\uf096 Dokumentationsstrukturer och kvalitetskriterier f\u00f6r kravspecifikationer.<\/p>\n<p><strong>Inneh\u00e5ll krav (Dag 2):<\/strong><br \/>\n<em>Metoder f\u00f6r kravframtagning<\/em><br \/>\n\uf096 Identifiering av kravk\u00e4llor och intressenter.<br \/>\n\uf096 Elicitering av krav genom olika tekniker som intervjuer och observationer.<br \/>\n\uf096 Konflikthantering och validering av krav.<br \/>\nProcesser och arbetsstruktur f\u00f6r kravhantering<br \/>\n\uf096 Olika kravhanteringsprocesser, inklusive linj\u00e4ra och iterativa metoder.<br \/>\n\uf096 Anpassning av kravprocesser f\u00f6r olika projekt och utvecklingsmilj\u00f6er.<\/p>\n<p><strong>Inneh\u00e5ll krav (Dag 3):<\/strong><br \/>\n<em>Kravf\u00f6rvaltning<\/em><br \/>\n\uf096 Hantering av kravens livscykel, versionskontroll och sp\u00e5rbarhet.<br \/>\n\uf096 Hantering av f\u00f6r\u00e4ndringar i krav och prioritering.<br \/>\nVerktygsst\u00f6d f\u00f6r kravhantering (L2)<br \/>\n\uf096 Introduktion av verktyg som st\u00f6djer kravhantering.<br \/>\n\uf096 Implementering av verktyg i organisationer.<\/p>\n<p><em>OBS! Certifieringskostnad ing\u00e5r EJ i kurspriset utan tillkommer till sj\u00e4lvkostnadspris vid \u00f6nskem\u00e5l<\/em><\/p>\n<p>&nbsp;<\/p>\n<h3>Kursen levereras i samarbete med<\/h3>\n<p><img decoding=\"async\" class=\"alignnone size-medium wp-image-1242 lazyload\" data-src=\"https:\/\/republify.se\/wp-content\/uploads\/2022\/02\/DocebIT_Logo-300x96.jpg\" alt=\"\" width=\"300\" height=\"96\" data-srcset=\"https:\/\/republify.se\/wp-content\/uploads\/2022\/02\/DocebIT_Logo-300x96.jpg 300w, https:\/\/republify.se\/wp-content\/uploads\/2022\/02\/DocebIT_Logo-scaled-600x191.jpg 600w, https:\/\/republify.se\/wp-content\/uploads\/2022\/02\/DocebIT_Logo-1024x327.jpg 1024w, https:\/\/republify.se\/wp-content\/uploads\/2022\/02\/DocebIT_Logo-768x245.jpg 768w, https:\/\/republify.se\/wp-content\/uploads\/2022\/02\/DocebIT_Logo-1536x490.jpg 1536w, https:\/\/republify.se\/wp-content\/uploads\/2022\/02\/DocebIT_Logo-2048x654.jpg 2048w\" data-sizes=\"(max-width: 300px) 100vw, 300px\" src=\"data:image\/svg+xml;base64,PHN2ZyB3aWR0aD0iMSIgaGVpZ2h0PSIxIiB4bWxucz0iaHR0cDovL3d3dy53My5vcmcvMjAwMC9zdmciPjwvc3ZnPg==\" style=\"--smush-placeholder-width: 300px; --smush-placeholder-aspect-ratio: 300\/96;\" \/><\/p>\n<h2>Kontakta oss om denna kurs<\/h2>\n<div data-test='contact-form'\n\t\t\tid='contact-form-2609'\n\t\t\tclass='jetpack-contact-form-container '\n\t\t\tdata-wp-interactive='jetpack\/form' data-wp-context='{\"formId\":\"2609\",\"formHash\":\"7915e26a4855aa007dc66cbd7f0e5cdbda57fd57\",\"showErrors\":false,\"errors\":[],\"fields\":[],\"isMultiStep\":false,\"useAjax\":true,\"submissionData\":null,\"formattedSubmissionData\":[],\"submissionSuccess\":false,\"submissionError\":null,\"elementId\":\"jp-form-7915e26a4855aa007dc66cbd7f0e5cdbda57fd57\",\"isSingleInputForm\":false,\"isForcedHorizontal\":false}'\n\t\t\tdata-wp-watch--scroll-to-wrapper=\"callbacks.scrollToWrapper\"\n\t\t>\n<div class=\"contact-form-submission contact-form-ajax-submission\" data-wp-bind--aria-hidden=\"state.isSuccessMessageAriaHidden\" data-wp-class--submission-success=\"context.submissionSuccess\" id=\"contact-form-success-7915e26a4855aa007dc66cbd7f0e5cdbda57fd57\" tabindex=\"-1\" aria-labelledby=\"contact-form-success-header-7915e26a4855aa007dc66cbd7f0e5cdbda57fd57\"><p class=\"go-back-message\"><a class=\"link\" role=\"button\" tabindex=\"0\" data-wp-on--click=\"actions.goBack\" href=\"\/index.php\/wp-json\/wp\/v2\/product\/2609\">\u2190 Tillbaka<\/a><\/p><h4 data-wp-bind--aria-hidden=\"state.isSuccessMessageAriaHidden\" id=\"contact-form-success-header-7915e26a4855aa007dc66cbd7f0e5cdbda57fd57\">Tack f\u00f6r din respons. \u2728<\/h4>\n\n<template data-wp-each--submission=\"context.formattedSubmissionData\">\n\t\t\t\t\t<div class=\"jetpack_forms_contact-form-success-summary\">\n\t\t\t\t\t\t<div class=\"field-name-wrapper\">\n\t\t\t\t\t\t\t<div class=\"field-type-icon\" data-wp-watch=\"callbacks.watchFieldTypeIcon\"><\/div>\n\t\t\t\t\t\t\t<div class=\"field-name\" data-wp-text=\"context.submission.label\" data-wp-bind--hidden=\"!context.submission.label\"><\/div>\n\t\t\t\t\t\t<\/div>\n\t\t\t\t\t\t<div class=\"field-value\" data-wp-text=\"context.submission.value\" data-wp-bind--hidden=\"!context.submission.showPlainValue\"><\/div>\n\t\t\t\t\t\t<a class=\"field-url\" data-wp-bind--href=\"context.submission.url\" data-wp-text=\"context.submission.value\" data-wp-bind--hidden=\"!context.submission.url\" target=\"_blank\" rel=\"noopener noreferrer\"><\/a>\n\t\t\t\t\t\t<div class=\"field-rating\" data-wp-bind--hidden=\"!context.submission.rating\" data-wp-watch=\"callbacks.watchRatingIcons\"><\/div>\n\t\t\t\t\t\t<div class=\"field-images\" data-wp-bind--hidden=\"!context.submission.images\">\n\t\t\t\t\t\t\t<template data-wp-each--image=\"context.submission.images\">\n\t\t\t\t\t\t\t\t<div class=\"field-image-option\" data-wp-class--is-empty=\"!context.image.src\">\n\t\t\t\t\t\t\t\t\t<figure class=\"field-image-option__image\" data-wp-class--is-empty=\"!context.image.src\">\n\t\t\t\t\t\t\t\t\t\t<img data-wp-bind--src=\"context.image.src\" data-wp-bind--hidden=\"!context.image.src\" \/>\n\t\t\t\t\t\t\t\t\t\t<img decoding=\"async\" src=\"data:image\/gif;base64,R0lGODlhAQABAAD\/ACwAAAAAAQABAAACADs=\" data-wp-bind--hidden=\"context.image.src\" \/>\n\t\t\t\t\t\t\t\t\t<\/figure>\n\t\t\t\t\t\t\t\t\t<div class=\"field-image-option__label-wrapper\">\n\t\t\t\t\t\t\t\t\t\t<span class=\"field-image-option__label-code\" data-wp-text=\"context.image.letterCode\"><\/span>\n\t\t\t\t\t\t\t\t\t\t<span class=\"field-image-option__label\" data-wp-text=\"context.image.label\" data-wp-bind--hidden=\"!context.image.label\"><\/span>\n\t\t\t\t\t\t\t\t\t<\/div>\n\t\t\t\t\t\t\t\t<\/div>\n\t\t\t\t\t\t\t<\/template>\n\t\t\t\t\t\t<\/div>\n\t\t\t\t\t\t<div class=\"field-files\" data-wp-bind--hidden=\"!context.submission.files\">\n\t\t\t\t\t\t\t<template data-wp-each--file=\"context.submission.files\">\n\t\t\t\t\t\t\t\t<div class=\"field-file\">\n\t\t\t\t\t\t\t\t\t<div class=\"field-file__thumbnail\" data-wp-style--background-image=\"context.file.previewUrl\" data-wp-style--mask-image=\"context.file.iconUrl\" data-wp-bind--hidden=\"!context.file.hasPreview\"><\/div>\n\t\t\t\t\t\t\t\t\t<svg class=\"field-file__icon\" data-wp-bind--hidden=\"context.file.hasPreview\" width=\"20\" height=\"20\" viewBox=\"0 0 24 24\" fill=\"none\" xmlns=\"http:\/\/www.w3.org\/2000\/svg\" aria-hidden=\"true\">\n\t\t\t\t\t\t\t\t\t\t<path d=\"M14 2H6C4.9 2 4 2.9 4 4V20C4 21.1 4.89 22 5.99 22H18C19.1 22 20 21.1 20 20V8L14 2ZM18 20H6V4H13V9H18V20Z\" fill=\"currentColor\"\/>\n\t\t\t\t\t\t\t\t\t<\/svg>\n\t\t\t\t\t\t\t\t\t<span class=\"field-file__name\" data-wp-text=\"context.file.name\"><\/span>\n\t\t\t\t\t\t\t\t\t<span class=\"field-file__size\" data-wp-text=\"context.file.size\"><\/span>\n\t\t\t\t\t\t\t\t<\/div>\n\t\t\t\t\t\t\t<\/template>\n\t\t\t\t\t\t<\/div>\n\t\t\t\t\t<\/div>\n\t\t\t\t<\/template><\/div><form action='https:\/\/republify.se\/index.php\/produkt\/ireb-cpre-foundation-praktisk-kravhantering\/'\n\t\t\t\tid='jp-form-7915e26a4855aa007dc66cbd7f0e5cdbda57fd57'\n\t\t\t\tmethod='post'\n\t\t\t\tclass='contact-form commentsblock jetpack-contact-form__form has-no-jetpack-form-layout' aria-label=\"IREB CPRE Foundation - Praktisk Kravhantering\"\n\t\t\t\tdata-wp-on--submit=\"actions.onFormSubmit\"\n\t\t\t\tdata-wp-on--reset=\"actions.onFormReset\"\n\t\t\t\tdata-wp-class--submission-success=\"context.submissionSuccess\"\n\t\t\t\tdata-wp-class--is-first-step=\"state.isFirstStep\"\n\t\t\t\tdata-wp-class--is-last-step=\"state.isLastStep\"\n\t\t\t\tdata-wp-class--is-ajax-form=\"context.useAjax\"\n\t\t\t\tnovalidate >\n<input type='hidden' name='jetpack_contact_form_jwt' value='eyJ0eXAiOiJKV1QiLCJhbGciOiJIUzI1NiJ9.eyJlbmNyeXB0ZWRfYXR0cmlidXRlcyI6IjBxQ21iNGNlaFJBUmF5b3p2OTVHWFpTVlQ5WEIvbi9VbG1BUEppbHRaRUg1UFZYSEd2ei94L1U1ZEVEUmx4VnVuMDI0UGFsb0k5TUZFU3VTTG82THVxSklCVFR4LzF4bXhsYnkzRnB3YTJXbHZDUE9JeGw4cUd1dG0wN2Qyand6UTNiZ1kwQ0txQmNuNWc3c3hNUTYzN0xmM3JJZEluTEtkeHBYNEVPcXpZME9YcXpTNkprVHR6UjR3cFZJOGkxWFFlOFBZQUhBRlIvWTdhN3AvMkJPMHVCTmxSYkZnRnBaK2hHSDdPamRpRjNOWXYwdzJtaHprNkl4MFE4dTEvTHQvbjRwb0RJV084NC9DL3hUMGxpaXlkOUQ0UlVKbE1heWdwQ28yTWZNSk11NTNQRDFEcXVKeXE3VU96U1JsMWEzT1g1Z2RHMFJjb2dVTHFHd2hIZTRNRW5DWlUzdGhXWmtHbjYvR1hSS09KYkJIa0l5VjY0cHZaUE5rVDVmcHprQlh3RG5VT05aMWFNd3hiVWtCM2J4elVMK3BoeEJwZGM0U1k5NmRiS0R2cXRsbksyZk52WVhSN3B4K29DSUNuSHVQUHBuYXRGSEU5a1oySGRqSm4reGF0V24zOC9BSEVVNXIvd21Ma281eVJXbXJMcEhXQ3VJZ245SDRpaVJXdEdiMnBndE1xTE9UWTRVRDEzYzcyZmt6ZG1OV1o5YVBpWmNETDhMd2tvcVZhVXh5emhRbEp0aFo4dVpPV2VxQmxieHpBaWZuamtmcDJscWovS1R4UnhKQzRrRklsUytnUVkwSjRDSm1zREROL1o4eUcwNFJiZ0VWeURGV2UvSFdnb2IxZXVMYXY0ZFZEaUY3WSs1QlJ6SERtZlB1Y09MSkorak14RGF6OGZjV0hxc3BScUgvQW92L3ZrNDRDUXlWWkV2aDNPMUgwUFhCbFJuM1lLbWNwTXZ2L2I4SnZEOGcycUJ2VDAxVUpjM1hIZHdmSjdEZkR2SWFsRDl3VFdWZzlXQWhoSUNhSnQyNzlHTzFrSkpXWjdndWVOMFEvM2ltVTkyTU9nYzVjTkhnMXFZbHdrd0pObDI3S2xYc3ZoaUY3bmJMc3MvaEREM3lZbVlXL0RIbmxYcTVNZ01SWVpZY3psem1KMU1wdUlWempkY09zNGZtOXE2SjJrRWVBVTh1VW9TR1hnWERWUGFydU1xVE93YmU0aWVxTGNUWGg1bDJLNndlNEovbmJUaCtmRTdmRGZxTVBqRUdseXg2Um89IiwiY29udGVudCI6Iltjb250YWN0LWZpZWxkIGxhYmVsPVwiTmFtblwiIHR5cGU9XCJuYW1lXCIgcmVxdWlyZWQ9XCIxXCJdW2NvbnRhY3QtZmllbGQgbGFiZWw9XCJFLXBvc3RcIiB0eXBlPVwiZW1haWxcIiByZXF1aXJlZD1cIjFcIl1bY29udGFjdC1maWVsZCBsYWJlbD1cIk1lZGRlbGFuZGVcIiB0eXBlPVwidGV4dGFyZWFcIl0iLCJoYXNoIjoiNzkxNWUyNmE0ODU1YWEwMDdkYzY2Y2JkN2YwZTVjZGJkYTU3ZmQ1NyIsInNvdXJjZSI6eyJlbnRyeV90aXRsZSI6IklSRUIgQ1BSRSBGb3VuZGF0aW9uIFx1MjAxMyBQcmFrdGlzayBLcmF2aGFudGVyaW5nIiwiZW50cnlfcGFnZSI6MSwic291cmNlX2lkIjoyNjA5LCJzb3VyY2VfdHlwZSI6InNpbmdsZSIsInJlcXVlc3RfdXJsIjoiaHR0cHM6Ly9yZXB1YmxpZnkuc2Uvd3AtanNvbi93cC92Mi9wcm9kdWN0LzI2MDkifSwidmVyc2lvbiI6MiwiY2lwaGVyIjoiYWVzLTI1Ni1nY20ifQ.lmqdXrbY86uW0VfYUieJXIJVGmb1Ah2Yt3w0rKcmgVI' \/>\n\n<div style=\"\"  data-wp-interactive=\"jetpack\/form\" data-wp-context='{\"fieldId\":\"g2609-namn\",\"fieldType\":\"name\",\"fieldLabel\":\"Namn\",\"fieldValue\":\"\",\"fieldPlaceholder\":\"\",\"fieldIsRequired\":\"1\",\"fieldErrorMessage\":\"\",\"fieldExtra\":[],\"formHash\":\"7915e26a4855aa007dc66cbd7f0e5cdbda57fd57\"}'  class='grunion-field-name-wrap grunion-field-wrap'  data-wp-init='callbacks.initializeField' data-wp-on--jetpack-form-reset='callbacks.initializeField' >\n<label\n\t\t\t\tfor='g2609-namn' class=\"grunion-field-label name\" >Namn<span class=\"grunion-label-required\" aria-hidden=\"true\">(obligatoriskt)<\/span><\/label>\n<input\n\t\t\t\t\ttype='text'\n\t\t\t\t\tname='g2609-namn'\n\t\t\t\t\tid='g2609-namn'\n\t\t\t\t\tvalue=''\n\n\t\t\t\t\tdata-wp-bind--aria-invalid='state.fieldAriaInvalid'\n\t\t\t\t\tdata-wp-bind--value='state.getFieldValue'\n\t\t\t\t\taria-describedby='g2609-namn-text-error-message'\n\t\t\t\t\tdata-wp-on--input='actions.onFieldChange'\n\t\t\t\t\tdata-wp-on--blur='actions.onFieldBlur'\n\t\t\t\t\tdata-wp-class--has-value='state.hasFieldValue'\n\n\t\t\t\t\tclass='name  grunion-field' \n\t\t\t\t\trequired='true' aria-required='true'  \/>\n \n\t\t\t<div id=\"g2609-namn-text-error\" class=\"contact-form__input-error\" data-wp-class--has-errors=\"state.fieldHasErrors\">\n\t\t\t\t<span class=\"contact-form__warning-icon\" aria-hidden=\"true\">\n\t\t\t\t\t<svg width=\"16\" height=\"16\" viewBox=\"0 0 16 16\" fill=\"none\" xmlns=\"http:\/\/www.w3.org\/2000\/svg\">\n\t\t\t\t\t\t<path d=\"M8.50015 11.6402H7.50015V10.6402H8.50015V11.6402Z\" \/>\n\t\t\t\t\t\t<path d=\"M7.50015 9.64018H8.50015V6.30684H7.50015V9.64018Z\" \/>\n\t\t\t\t\t\t<path fill-rule=\"evenodd\" clip-rule=\"evenodd\" d=\"M6.98331 3.0947C7.42933 2.30177 8.57096 2.30177 9.01698 3.09469L13.8771 11.7349C14.3145 12.5126 13.7525 13.4735 12.8602 13.4735H3.14004C2.24774 13.4735 1.68575 12.5126 2.12321 11.7349L6.98331 3.0947ZM8.14541 3.58496C8.08169 3.47168 7.9186 3.47168 7.85488 3.58496L2.99478 12.2251C2.93229 12.3362 3.01257 12.4735 3.14004 12.4735H12.8602C12.9877 12.4735 13.068 12.3362 13.0055 12.2251L8.14541 3.58496Z\" \/>\n\t\t\t\t\t<\/svg>\n\t\t\t\t<\/span>\n\t\t\t\t<span data-wp-text=\"state.errorMessage\" id=\"g2609-namn-text-error-message\"><\/span>\n\t\t\t<\/div> \n\t<\/div>\n\n<div style=\"\"  data-wp-interactive=\"jetpack\/form\" data-wp-context='{\"fieldId\":\"g2609-epost\",\"fieldType\":\"email\",\"fieldLabel\":\"E-post\",\"fieldValue\":\"\",\"fieldPlaceholder\":\"\",\"fieldIsRequired\":\"1\",\"fieldErrorMessage\":\"\",\"fieldExtra\":[],\"formHash\":\"7915e26a4855aa007dc66cbd7f0e5cdbda57fd57\"}'  class='grunion-field-email-wrap grunion-field-wrap'  data-wp-init='callbacks.initializeField' data-wp-on--jetpack-form-reset='callbacks.initializeField' >\n<label\n\t\t\t\tfor='g2609-epost' class=\"grunion-field-label email\" >E-post<span class=\"grunion-label-required\" aria-hidden=\"true\">(obligatoriskt)<\/span><\/label>\n<input\n\t\t\t\t\ttype='email'\n\t\t\t\t\tname='g2609-epost'\n\t\t\t\t\tid='g2609-epost'\n\t\t\t\t\tvalue=''\n\n\t\t\t\t\tdata-wp-bind--aria-invalid='state.fieldAriaInvalid'\n\t\t\t\t\tdata-wp-bind--value='state.getFieldValue'\n\t\t\t\t\taria-describedby='g2609-epost-email-error-message'\n\t\t\t\t\tdata-wp-on--input='actions.onFieldChange'\n\t\t\t\t\tdata-wp-on--blur='actions.onFieldBlur'\n\t\t\t\t\tdata-wp-class--has-value='state.hasFieldValue'\n\n\t\t\t\t\tclass='email  grunion-field' \n\t\t\t\t\trequired='true' aria-required='true'  \/>\n \n\t\t\t<div id=\"g2609-epost-email-error\" class=\"contact-form__input-error\" data-wp-class--has-errors=\"state.fieldHasErrors\">\n\t\t\t\t<span class=\"contact-form__warning-icon\" aria-hidden=\"true\">\n\t\t\t\t\t<svg width=\"16\" height=\"16\" viewBox=\"0 0 16 16\" fill=\"none\" xmlns=\"http:\/\/www.w3.org\/2000\/svg\">\n\t\t\t\t\t\t<path d=\"M8.50015 11.6402H7.50015V10.6402H8.50015V11.6402Z\" \/>\n\t\t\t\t\t\t<path d=\"M7.50015 9.64018H8.50015V6.30684H7.50015V9.64018Z\" \/>\n\t\t\t\t\t\t<path fill-rule=\"evenodd\" clip-rule=\"evenodd\" d=\"M6.98331 3.0947C7.42933 2.30177 8.57096 2.30177 9.01698 3.09469L13.8771 11.7349C14.3145 12.5126 13.7525 13.4735 12.8602 13.4735H3.14004C2.24774 13.4735 1.68575 12.5126 2.12321 11.7349L6.98331 3.0947ZM8.14541 3.58496C8.08169 3.47168 7.9186 3.47168 7.85488 3.58496L2.99478 12.2251C2.93229 12.3362 3.01257 12.4735 3.14004 12.4735H12.8602C12.9877 12.4735 13.068 12.3362 13.0055 12.2251L8.14541 3.58496Z\" \/>\n\t\t\t\t\t<\/svg>\n\t\t\t\t<\/span>\n\t\t\t\t<span data-wp-text=\"state.errorMessage\" id=\"g2609-epost-email-error-message\"><\/span>\n\t\t\t<\/div> \n\t<\/div>\n\n<div style=\"\"  data-wp-interactive=\"jetpack\/form\" data-wp-context='{\"fieldId\":\"g2609-meddelande\",\"fieldType\":\"textarea\",\"fieldLabel\":\"Meddelande\",\"fieldValue\":\"\",\"fieldPlaceholder\":\"\",\"fieldIsRequired\":\"\",\"fieldErrorMessage\":\"\",\"fieldExtra\":[],\"formHash\":\"7915e26a4855aa007dc66cbd7f0e5cdbda57fd57\"}'  class='grunion-field-textarea-wrap grunion-field-wrap'  data-wp-init='callbacks.initializeField' data-wp-on--jetpack-form-reset='callbacks.initializeField' >\n<label\n\t\t\t\tfor='contact-form-comment-g2609-meddelande' class=\"grunion-field-label textarea\" >Meddelande<\/label>\n<textarea\n\t\t                style=''\n\t\t                name='g2609-meddelande'\n\t\t                id='contact-form-comment-g2609-meddelande'\n\t\t                rows='20'\n\t\t\t\t\t\tdata-wp-text='state.getFieldValue'\n\t\t\t\t\t\tdata-wp-on--input='actions.onFieldChange'\n\t\t\t\t\t\tdata-wp-on--blur='actions.onFieldBlur'\n\t\t\t\t\t\tdata-wp-class--has-value='state.hasFieldValue'\n\t\t\t\t\t\taria-describedby='g2609-meddelande-textarea-error-message'\n\t\t\t\t\t\tdata-wp-bind--aria-invalid='state.fieldAriaInvalid'\n\t\t\t\t\t\tclass='textarea  grunion-field'  ><\/textarea>\n \n\t\t\t<div id=\"g2609-meddelande-textarea-error\" class=\"contact-form__input-error\" data-wp-class--has-errors=\"state.fieldHasErrors\">\n\t\t\t\t<span class=\"contact-form__warning-icon\" aria-hidden=\"true\">\n\t\t\t\t\t<svg width=\"16\" height=\"16\" viewBox=\"0 0 16 16\" fill=\"none\" xmlns=\"http:\/\/www.w3.org\/2000\/svg\">\n\t\t\t\t\t\t<path d=\"M8.50015 11.6402H7.50015V10.6402H8.50015V11.6402Z\" \/>\n\t\t\t\t\t\t<path d=\"M7.50015 9.64018H8.50015V6.30684H7.50015V9.64018Z\" \/>\n\t\t\t\t\t\t<path fill-rule=\"evenodd\" clip-rule=\"evenodd\" d=\"M6.98331 3.0947C7.42933 2.30177 8.57096 2.30177 9.01698 3.09469L13.8771 11.7349C14.3145 12.5126 13.7525 13.4735 12.8602 13.4735H3.14004C2.24774 13.4735 1.68575 12.5126 2.12321 11.7349L6.98331 3.0947ZM8.14541 3.58496C8.08169 3.47168 7.9186 3.47168 7.85488 3.58496L2.99478 12.2251C2.93229 12.3362 3.01257 12.4735 3.14004 12.4735H12.8602C12.9877 12.4735 13.068 12.3362 13.0055 12.2251L8.14541 3.58496Z\" \/>\n\t\t\t\t\t<\/svg>\n\t\t\t\t<\/span>\n\t\t\t\t<span data-wp-text=\"state.errorMessage\" id=\"g2609-meddelande-textarea-error-message\"><\/span>\n\t\t\t<\/div>\n\t<\/div>\n\t<p class='contact-submit'>\n<div class=\"contact-form__error\" data-wp-class--show-errors=\"state.showFormErrors\"><span class=\"contact-form__warning-icon\" aria-hidden=\"true\"><i><\/i><\/span><span class=\"contact-form__error-message\" tabindex=\"-1\" data-wp-watch=\"callbacks.focusOnValidationError\" data-wp-text=\"state.getFormErrorMessage\"><\/span><ul aria-label=\"Formul\u00e4rfel\">\n\t\t\t\t<template data-wp-each=\"state.getErrorList\" data-wp-key=\"context.item.id\">\n\t\t\t\t\t<li><a data-wp-bind--href=\"context.item.anchor\" data-wp-on--click=\"actions.scrollIntoView\" data-wp-text=\"context.item.label\"><\/a><\/li>\n\t\t\t\t<\/template>\n\t\t\t\t<\/ul><\/div><div class=\"contact-form__error\" data-wp-class--show-errors=\"state.showSubmissionError\" data-wp-text=\"context.submissionError\" tabindex=\"-1\" data-wp-watch=\"callbacks.focusOnSubmissionError\"><\/div>\t\t<button type='submit' class='pushbutton-wide'>Skicka<\/button>\t\t<input type='hidden' name='contact-form-id' value='2609' \/>\n\t\t<input type='hidden' name='action' value='grunion-contact-form' \/>\n\t\t<input type='hidden' name='contact-form-hash' value='7915e26a4855aa007dc66cbd7f0e5cdbda57fd57' \/>\n\t<\/p>\n<\/form>\n<\/div>\n","protected":false},"excerpt":{"rendered":"<p><strong>IREB skapades 2006 med visionen att skapa en internationellt accepterad och professionell grund f\u00f6r kravanalys och har sedan dess blivit en v\u00e4rldsber\u00f6md expertkompetens f\u00f6r individuell certifiering av yrkesverksamma inom mjukvarukrav<\/strong><\/p>\n<p>I denna kurs f\u00e5r du l\u00e4ra dig grunderna i kravhantering vid mjukvaruutveckling enligt IREB\u00b4s standard och f\u00f6rbereda dig f\u00f6r en certifieringsexamen<\/p>\n","protected":false},"featured_media":553,"comment_status":"open","ping_status":"closed","template":"","meta":{"wds_primary_product_brand":0,"wds_primary_product_cat":0},"product_brand":[],"product_cat":[30,53,203],"product_tag":[],"class_list":{"0":"post-2609","1":"product","2":"type-product","3":"status-publish","4":"has-post-thumbnail","6":"product_cat-business","7":"product_cat-kravhantering","8":"product_cat-industri","10":"first","11":"instock","12":"taxable","13":"shipping-taxable","14":"purchasable","15":"product-type-simple"},"jetpack_sharing_enabled":true,"_links":{"self":[{"href":"https:\/\/republify.se\/index.php\/wp-json\/wp\/v2\/product\/2609","targetHints":{"allow":["GET"]}}],"collection":[{"href":"https:\/\/republify.se\/index.php\/wp-json\/wp\/v2\/product"}],"about":[{"href":"https:\/\/republify.se\/index.php\/wp-json\/wp\/v2\/types\/product"}],"replies":[{"embeddable":true,"href":"https:\/\/republify.se\/index.php\/wp-json\/wp\/v2\/comments?post=2609"}],"wp:featuredmedia":[{"embeddable":true,"href":"https:\/\/republify.se\/index.php\/wp-json\/wp\/v2\/media\/553"}],"wp:attachment":[{"href":"https:\/\/republify.se\/index.php\/wp-json\/wp\/v2\/media?parent=2609"}],"wp:term":[{"taxonomy":"product_brand","embeddable":true,"href":"https:\/\/republify.se\/index.php\/wp-json\/wp\/v2\/product_brand?post=2609"},{"taxonomy":"product_cat","embeddable":true,"href":"https:\/\/republify.se\/index.php\/wp-json\/wp\/v2\/product_cat?post=2609"},{"taxonomy":"product_tag","embeddable":true,"href":"https:\/\/republify.se\/index.php\/wp-json\/wp\/v2\/product_tag?post=2609"}],"curies":[{"name":"wp","href":"https:\/\/api.w.org\/{rel}","templated":true}]}}