{"id":2600,"date":"2022-03-11T12:52:46","date_gmt":"2022-03-11T11:52:46","guid":{"rendered":"https:\/\/republify.se\/?post_type=product&#038;p=2600"},"modified":"2025-11-21T14:37:49","modified_gmt":"2025-11-21T13:37:49","slug":"leda-utan-att-vara-chef","status":"publish","type":"product","link":"https:\/\/republify.se\/index.php\/produkt\/leda-utan-att-vara-chef\/","title":{"rendered":"Leda utan att vara chef"},"content":{"rendered":"<p><strong>Det har blivit allt vanligare p\u00e5 svenska arbetsplatser att en person f\u00e5r ansvar f\u00f6r en grupp. Att utan en definierad chefsroll ansvara f\u00f6r att leda gruppen fram\u00e5t och ta de utmaningar som ledarskapet inneb\u00e4r.<\/strong><\/p>\n<p>Det blir att vanligare att leda utan att vara chef. Allts\u00e5: att vara ledare men sakna personalansvar och formell makt. I dessa fall blir de \u201dmjuka\u201d aspekterna av ledarskapet \u00e4nnu viktigare \u2013 det du saknar i befogenheter beh\u00f6ver du ta igen genom att vara skicklig som ledare. Det inneb\u00e4r allt fr\u00e5n att utveckla den grupp du tilldelas till att hantera konflikter och ta tillvara varje unik individs motivation.<\/p>\n<p><strong>M\u00e5lgrupp<\/strong><\/p>\n<p>Detta \u00e4r utbildningen f\u00f6r dig som leder en arbetsgrupp utan formellt chefsansvar. Vi tror att du arbetar som teamledare, samordnare, arbetsledare, projektledare eller s\u00e5 \u00e4r du den medarbetare som de andra v\u00e4nder sig till.<\/p>\n<p><strong>F\u00f6rkunskaper<\/strong><\/p>\n<p>Denna utbildning kr\u00e4ver inga speciella f\u00f6rkunskaper<\/p>\n<p><strong>Kursinneh\u00e5ll<\/strong><\/p>\n<p>Du f\u00e5r kunskap om hur du genom ett tydligt ledarskap skapar framg\u00e5ng tillsammans med ditt team. Rustad med mod och kompetens st\u00e5r du sedan redo att anta nya utmaningar och leda gruppen mot uppsatta m\u00e5l.<\/p>\n<p>Under utbildningen f\u00e5r du insikt i dina styrkor, dina utvecklingsm\u00f6jligheter och hur du kan anv\u00e4nda dem f\u00f6r att leda och st\u00f6tta medarbetare i det dagliga arbetet. Du f\u00e5r kunskap att hantera konflikter, arbetsr\u00e4ttsliga fr\u00e5gor, gr\u00e4nsdragningar samt st\u00e4rker din auktoritet som ledare. Du f\u00e5r ocks\u00e5 insikt om din betydelse f\u00f6r gruppen, hur just din grupp fungerar och vad varje enskild individ beh\u00f6ver f\u00f6r att bidra till teamets framg\u00e5ng.<\/p>\n<p>M\u00e5let f\u00f6r dagarna \u00e4r att skapa medvetenhet runt organisation och ledning. Det handlar om att kunna f\u00f6rst\u00e5 hur man i arbetslaget arbetar m\u00e5lmedvetet och f\u00f6r f\u00f6retagets b\u00e4sta. Efter dessa tv\u00e5 dagar kommer den informella ledaren ha f\u00f6rst\u00e5else f\u00f6r ledarskapet och medarbetarskapet och hur dessa arbetar i symbios med varandra inom f\u00f6retaget.<\/p>\n<p><strong>Dag 1, Personlig kompetens<\/strong><\/p>\n<ul>\n<li>Uppstart och presentation<\/li>\n<li>Tankar runt ledarskap<\/li>\n<li>Vikten av legitimitet och emotionell intelligens<\/li>\n<li>Grunden f\u00f6r kommunikation, ett neurologiskt perspektiv<\/li>\n<li>En kommunikationsmodell; Transaktionsanalysen<\/li>\n<li>Arbeta utifr\u00e5n vision och v\u00e4rdegrunder<\/li>\n<li>F\u00f6rst\u00e5 faktorer f\u00f6r p\u00e5verkan och inflytande<\/li>\n<\/ul>\n<p><strong>Dag 2, Social kompetens och social f\u00e4rdighet<\/strong><\/p>\n<ul>\n<li>Aktivt lyssnande<\/li>\n<li>Kommunikationsstilar, PAEI<\/li>\n<li>Att leda f\u00f6r effektivitet<\/li>\n<li>Att f\u00f6rst\u00e5 och f\u00f6rhindra konflikter<\/li>\n<li>Vikten av f\u00f6r\u00e4ndring<\/li>\n<\/ul>\n<p>&nbsp;<\/p>\n<h3>Kursen levereras i samarbete med<\/h3>\n<p><img decoding=\"async\" class=\"alignnone size-full wp-image-1231 lazyload\" data-src=\"https:\/\/republify.se\/wp-content\/uploads\/2022\/02\/Christina_logo.jpg\" alt=\"\" width=\"296\" height=\"74\" src=\"data:image\/svg+xml;base64,PHN2ZyB3aWR0aD0iMSIgaGVpZ2h0PSIxIiB4bWxucz0iaHR0cDovL3d3dy53My5vcmcvMjAwMC9zdmciPjwvc3ZnPg==\" style=\"--smush-placeholder-width: 296px; --smush-placeholder-aspect-ratio: 296\/74;\" \/><\/p>\n<h2>Kontakta oss om denna kurs<\/h2>\n<div data-test='contact-form'\n\t\t\tid='contact-form-2600'\n\t\t\tclass='jetpack-contact-form-container '\n\t\t\tdata-wp-interactive='jetpack\/form' data-wp-context='{\"formId\":\"2600\",\"formHash\":\"bacd23562e1dba19b0c5be728297dcc32132f051\",\"showErrors\":false,\"errors\":[],\"fields\":[],\"isMultiStep\":false,\"useAjax\":true,\"submissionData\":null,\"formattedSubmissionData\":[],\"submissionSuccess\":false,\"submissionError\":null,\"elementId\":\"jp-form-bacd23562e1dba19b0c5be728297dcc32132f051\",\"isSingleInputForm\":false,\"isForcedHorizontal\":false}'\n\t\t\tdata-wp-watch--scroll-to-wrapper=\"callbacks.scrollToWrapper\"\n\t\t>\n<div class=\"contact-form-submission contact-form-ajax-submission\" data-wp-bind--aria-hidden=\"state.isSuccessMessageAriaHidden\" data-wp-class--submission-success=\"context.submissionSuccess\" id=\"contact-form-success-bacd23562e1dba19b0c5be728297dcc32132f051\" tabindex=\"-1\" aria-labelledby=\"contact-form-success-header-bacd23562e1dba19b0c5be728297dcc32132f051\"><p class=\"go-back-message\"><a class=\"link\" role=\"button\" tabindex=\"0\" data-wp-on--click=\"actions.goBack\" href=\"\/index.php\/wp-json\/wp\/v2\/product\/2600\">\u2190 Tillbaka<\/a><\/p><h4 data-wp-bind--aria-hidden=\"state.isSuccessMessageAriaHidden\" id=\"contact-form-success-header-bacd23562e1dba19b0c5be728297dcc32132f051\">Tack f\u00f6r din respons. \u2728<\/h4>\n\n<template data-wp-each--submission=\"context.formattedSubmissionData\">\n\t\t\t\t\t<div class=\"jetpack_forms_contact-form-success-summary\">\n\t\t\t\t\t\t<div class=\"field-name-wrapper\">\n\t\t\t\t\t\t\t<div class=\"field-type-icon\" data-wp-watch=\"callbacks.watchFieldTypeIcon\"><\/div>\n\t\t\t\t\t\t\t<div class=\"field-name\" data-wp-text=\"context.submission.label\" data-wp-bind--hidden=\"!context.submission.label\"><\/div>\n\t\t\t\t\t\t<\/div>\n\t\t\t\t\t\t<div class=\"field-value\" data-wp-text=\"context.submission.value\" data-wp-bind--hidden=\"!context.submission.showPlainValue\"><\/div>\n\t\t\t\t\t\t<a class=\"field-url\" data-wp-bind--href=\"context.submission.url\" data-wp-text=\"context.submission.value\" data-wp-bind--hidden=\"!context.submission.url\" target=\"_blank\" rel=\"noopener noreferrer\"><\/a>\n\t\t\t\t\t\t<div class=\"field-rating\" data-wp-bind--hidden=\"!context.submission.rating\" data-wp-watch=\"callbacks.watchRatingIcons\"><\/div>\n\t\t\t\t\t\t<div class=\"field-images\" data-wp-bind--hidden=\"!context.submission.images\">\n\t\t\t\t\t\t\t<template data-wp-each--image=\"context.submission.images\">\n\t\t\t\t\t\t\t\t<div class=\"field-image-option\" data-wp-class--is-empty=\"!context.image.src\">\n\t\t\t\t\t\t\t\t\t<figure class=\"field-image-option__image\" data-wp-class--is-empty=\"!context.image.src\">\n\t\t\t\t\t\t\t\t\t\t<img data-wp-bind--src=\"context.image.src\" data-wp-bind--hidden=\"!context.image.src\" \/>\n\t\t\t\t\t\t\t\t\t\t<img decoding=\"async\" src=\"data:image\/gif;base64,R0lGODlhAQABAAD\/ACwAAAAAAQABAAACADs=\" data-wp-bind--hidden=\"context.image.src\" \/>\n\t\t\t\t\t\t\t\t\t<\/figure>\n\t\t\t\t\t\t\t\t\t<div class=\"field-image-option__label-wrapper\">\n\t\t\t\t\t\t\t\t\t\t<span class=\"field-image-option__label-code\" data-wp-text=\"context.image.letterCode\"><\/span>\n\t\t\t\t\t\t\t\t\t\t<span class=\"field-image-option__label\" data-wp-text=\"context.image.label\" data-wp-bind--hidden=\"!context.image.label\"><\/span>\n\t\t\t\t\t\t\t\t\t<\/div>\n\t\t\t\t\t\t\t\t<\/div>\n\t\t\t\t\t\t\t<\/template>\n\t\t\t\t\t\t<\/div>\n\t\t\t\t\t\t<div class=\"field-files\" data-wp-bind--hidden=\"!context.submission.files\">\n\t\t\t\t\t\t\t<template data-wp-each--file=\"context.submission.files\">\n\t\t\t\t\t\t\t\t<div class=\"field-file\">\n\t\t\t\t\t\t\t\t\t<div class=\"field-file__thumbnail\" data-wp-style--background-image=\"context.file.previewUrl\" data-wp-style--mask-image=\"context.file.iconUrl\" data-wp-bind--hidden=\"!context.file.hasPreview\"><\/div>\n\t\t\t\t\t\t\t\t\t<svg class=\"field-file__icon\" data-wp-bind--hidden=\"context.file.hasPreview\" width=\"20\" height=\"20\" viewBox=\"0 0 24 24\" fill=\"none\" xmlns=\"http:\/\/www.w3.org\/2000\/svg\" aria-hidden=\"true\">\n\t\t\t\t\t\t\t\t\t\t<path d=\"M14 2H6C4.9 2 4 2.9 4 4V20C4 21.1 4.89 22 5.99 22H18C19.1 22 20 21.1 20 20V8L14 2ZM18 20H6V4H13V9H18V20Z\" fill=\"currentColor\"\/>\n\t\t\t\t\t\t\t\t\t<\/svg>\n\t\t\t\t\t\t\t\t\t<span class=\"field-file__name\" data-wp-text=\"context.file.name\"><\/span>\n\t\t\t\t\t\t\t\t\t<span class=\"field-file__size\" data-wp-text=\"context.file.size\"><\/span>\n\t\t\t\t\t\t\t\t<\/div>\n\t\t\t\t\t\t\t<\/template>\n\t\t\t\t\t\t<\/div>\n\t\t\t\t\t<\/div>\n\t\t\t\t<\/template><\/div><form action='https:\/\/republify.se\/index.php\/produkt\/leda-utan-att-vara-chef\/'\n\t\t\t\tid='jp-form-bacd23562e1dba19b0c5be728297dcc32132f051'\n\t\t\t\tmethod='post'\n\t\t\t\tclass='contact-form commentsblock jetpack-contact-form__form has-no-jetpack-form-layout' aria-label=\"Leda utan att vara chef\"\n\t\t\t\tdata-wp-on--submit=\"actions.onFormSubmit\"\n\t\t\t\tdata-wp-on--reset=\"actions.onFormReset\"\n\t\t\t\tdata-wp-class--submission-success=\"context.submissionSuccess\"\n\t\t\t\tdata-wp-class--is-first-step=\"state.isFirstStep\"\n\t\t\t\tdata-wp-class--is-last-step=\"state.isLastStep\"\n\t\t\t\tdata-wp-class--is-ajax-form=\"context.useAjax\"\n\t\t\t\tnovalidate >\n<input type='hidden' name='jetpack_contact_form_jwt' value='eyJ0eXAiOiJKV1QiLCJhbGciOiJIUzI1NiJ9.eyJlbmNyeXB0ZWRfYXR0cmlidXRlcyI6InJ5SHVpOTRGUjVMWXg4Y3ozcmVDR1hvTmtmN2JuWHMzV2JxZENoNzJiMzJsZEd1ZVNFV2RzcGh0Q3R4YzFXMUVKZCtGbFFCd3FxWEplTjFrZmRTdVFXY0NPbkxBRjBSY2pMdzB5VHV2a0FpS3NrakkxUnI2Z0NRRXF5ckw4eTFzRzlqWkhRd3NOZ0xMYzN4Z1VVeWllYUVIQ2hLZXN1SDZoNkdydEszdkVNR0NKSEczT3pOV1kzcDFDZko3UHllb0w1UDBZUHFwRjIwNUhmVUIyemRFZzR0cDI5OXJlZUg2dFd0aFZRT1lwNXVBSVJZUmRBTnViWGdCYU5JM2xNUStJdHJPQW1VSUNCcU0wb3E1eHV0TTZrWXBpMEp2aFplSW1BbnprZ0xNZXhpdzZpUGgrSFpKL1Z2aHhGSElPMWlMTmJrTFVBZUtua3B1UEZacUhaRFZ5WnhjTTZCRmYydVBvclV5cHhrTEFXemVPUG9KY0VzM1ZsQ2pRRXdEWTRkZ2h0YUFkS2Q4MTBGaFhlRmFORzlIZ3lzenZjc2hRbkwvTCtGY0lPcm1lckgwQmVRRUZsL2wvbGNqdEJrNm1GbUN5SmFBWU00MDJqZGdEMGE2N3Zwd1VLM0txbVFQNVlibHBkbGQvSDNmVWw2NzBqQ2hzOWU1WlhDYzlRM1lhblhWbDBjNDV2eHhVQ202ZVowT1R4eGh6WkNQR0FHWTlyMUtRa3VrMmR6SytwekJkTTV1WmJHeG1RSHY5bkdDMTl1cTgzeklPa3I3V3N6V0RhNUpucDg4V0JmajhGRGRkL081aDBKQ3BOOW9ZanY1R1VRczRac0J1b1FVbHZxVEE5QVcyYXYrZjcwQUJySGl0ZkxlRE40VTlQV1pESW4rL2dtbWRkOW56N0tXdElFcHZzalZMNG9oNGRpaXdmZlkrY0NCanNDRkJCZm9wQXhwakVrNzllNjEvWExEWm12ZjlRL2pXdVVXRGVVTnBneTlnS1NiVjlCTExkSTNoNnZXdldKTko4b2xXQkN0TWVEMk8xOGhZYy9rYkV3alRlbXhtVWcvZkxXQ0s1SXBmMktvR0dGRU5kZnlDeVlrVGxoeEN3L000UExlK0E5RnlpaXZ1TUg0R1JMczJXRTBPMk5zNGplSU5yWmVsSWxOQUZZNXE2Z01jbG8yNFgrR1BZaVVQWmJwWEdxNkhvWXVVNUpLZ0xpRFQ3OURnL3pGNzN4cGJ3PT0iLCJjb250ZW50IjoiW2NvbnRhY3QtZmllbGQgbGFiZWw9XCJOYW1uXCIgdHlwZT1cIm5hbWVcIiByZXF1aXJlZD1cIjFcIl1bY29udGFjdC1maWVsZCBsYWJlbD1cIkUtcG9zdFwiIHR5cGU9XCJlbWFpbFwiIHJlcXVpcmVkPVwiMVwiXVtjb250YWN0LWZpZWxkIGxhYmVsPVwiTWVkZGVsYW5kZVwiIHR5cGU9XCJ0ZXh0YXJlYVwiXSIsImhhc2giOiJiYWNkMjM1NjJlMWRiYTE5YjBjNWJlNzI4Mjk3ZGNjMzIxMzJmMDUxIiwic291cmNlIjp7ImVudHJ5X3RpdGxlIjoiTGVkYSB1dGFuIGF0dCB2YXJhIGNoZWYiLCJlbnRyeV9wYWdlIjoxLCJzb3VyY2VfaWQiOjI2MDAsInNvdXJjZV90eXBlIjoic2luZ2xlIiwicmVxdWVzdF91cmwiOiJodHRwczovL3JlcHVibGlmeS5zZS93cC1qc29uL3dwL3YyL3Byb2R1Y3QvMjYwMCJ9LCJ2ZXJzaW9uIjoyLCJjaXBoZXIiOiJhZXMtMjU2LWdjbSJ9.ZGaPPRVzYqYAwzkCoZ29O-Eqac3GodzMWB-ZpN_amHI' \/>\n\n<div style=\"\"  data-wp-interactive=\"jetpack\/form\" data-wp-context='{\"fieldId\":\"g2600-namn\",\"fieldType\":\"name\",\"fieldLabel\":\"Namn\",\"fieldValue\":\"\",\"fieldPlaceholder\":\"\",\"fieldIsRequired\":\"1\",\"fieldErrorMessage\":\"\",\"fieldExtra\":[],\"formHash\":\"bacd23562e1dba19b0c5be728297dcc32132f051\"}'  class='grunion-field-name-wrap grunion-field-wrap'  data-wp-init='callbacks.initializeField' data-wp-on--jetpack-form-reset='callbacks.initializeField' >\n<label\n\t\t\t\tfor='g2600-namn' class=\"grunion-field-label name\" >Namn<span class=\"grunion-label-required\" aria-hidden=\"true\">(obligatoriskt)<\/span><\/label>\n<input\n\t\t\t\t\ttype='text'\n\t\t\t\t\tname='g2600-namn'\n\t\t\t\t\tid='g2600-namn'\n\t\t\t\t\tvalue=''\n\n\t\t\t\t\tdata-wp-bind--aria-invalid='state.fieldAriaInvalid'\n\t\t\t\t\tdata-wp-bind--value='state.getFieldValue'\n\t\t\t\t\taria-describedby='g2600-namn-text-error-message'\n\t\t\t\t\tdata-wp-on--input='actions.onFieldChange'\n\t\t\t\t\tdata-wp-on--blur='actions.onFieldBlur'\n\t\t\t\t\tdata-wp-class--has-value='state.hasFieldValue'\n\n\t\t\t\t\tclass='name  grunion-field' \n\t\t\t\t\trequired='true' aria-required='true'  \/>\n \n\t\t\t<div id=\"g2600-namn-text-error\" class=\"contact-form__input-error\" data-wp-class--has-errors=\"state.fieldHasErrors\">\n\t\t\t\t<span class=\"contact-form__warning-icon\" aria-hidden=\"true\">\n\t\t\t\t\t<svg width=\"16\" height=\"16\" viewBox=\"0 0 16 16\" fill=\"none\" xmlns=\"http:\/\/www.w3.org\/2000\/svg\">\n\t\t\t\t\t\t<path d=\"M8.50015 11.6402H7.50015V10.6402H8.50015V11.6402Z\" \/>\n\t\t\t\t\t\t<path d=\"M7.50015 9.64018H8.50015V6.30684H7.50015V9.64018Z\" \/>\n\t\t\t\t\t\t<path fill-rule=\"evenodd\" clip-rule=\"evenodd\" d=\"M6.98331 3.0947C7.42933 2.30177 8.57096 2.30177 9.01698 3.09469L13.8771 11.7349C14.3145 12.5126 13.7525 13.4735 12.8602 13.4735H3.14004C2.24774 13.4735 1.68575 12.5126 2.12321 11.7349L6.98331 3.0947ZM8.14541 3.58496C8.08169 3.47168 7.9186 3.47168 7.85488 3.58496L2.99478 12.2251C2.93229 12.3362 3.01257 12.4735 3.14004 12.4735H12.8602C12.9877 12.4735 13.068 12.3362 13.0055 12.2251L8.14541 3.58496Z\" \/>\n\t\t\t\t\t<\/svg>\n\t\t\t\t<\/span>\n\t\t\t\t<span data-wp-text=\"state.errorMessage\" id=\"g2600-namn-text-error-message\"><\/span>\n\t\t\t<\/div> \n\t<\/div>\n\n<div style=\"\"  data-wp-interactive=\"jetpack\/form\" data-wp-context='{\"fieldId\":\"g2600-epost\",\"fieldType\":\"email\",\"fieldLabel\":\"E-post\",\"fieldValue\":\"\",\"fieldPlaceholder\":\"\",\"fieldIsRequired\":\"1\",\"fieldErrorMessage\":\"\",\"fieldExtra\":[],\"formHash\":\"bacd23562e1dba19b0c5be728297dcc32132f051\"}'  class='grunion-field-email-wrap grunion-field-wrap'  data-wp-init='callbacks.initializeField' data-wp-on--jetpack-form-reset='callbacks.initializeField' >\n<label\n\t\t\t\tfor='g2600-epost' class=\"grunion-field-label email\" >E-post<span class=\"grunion-label-required\" aria-hidden=\"true\">(obligatoriskt)<\/span><\/label>\n<input\n\t\t\t\t\ttype='email'\n\t\t\t\t\tname='g2600-epost'\n\t\t\t\t\tid='g2600-epost'\n\t\t\t\t\tvalue=''\n\n\t\t\t\t\tdata-wp-bind--aria-invalid='state.fieldAriaInvalid'\n\t\t\t\t\tdata-wp-bind--value='state.getFieldValue'\n\t\t\t\t\taria-describedby='g2600-epost-email-error-message'\n\t\t\t\t\tdata-wp-on--input='actions.onFieldChange'\n\t\t\t\t\tdata-wp-on--blur='actions.onFieldBlur'\n\t\t\t\t\tdata-wp-class--has-value='state.hasFieldValue'\n\n\t\t\t\t\tclass='email  grunion-field' \n\t\t\t\t\trequired='true' aria-required='true'  \/>\n \n\t\t\t<div id=\"g2600-epost-email-error\" class=\"contact-form__input-error\" data-wp-class--has-errors=\"state.fieldHasErrors\">\n\t\t\t\t<span class=\"contact-form__warning-icon\" aria-hidden=\"true\">\n\t\t\t\t\t<svg width=\"16\" height=\"16\" viewBox=\"0 0 16 16\" fill=\"none\" xmlns=\"http:\/\/www.w3.org\/2000\/svg\">\n\t\t\t\t\t\t<path d=\"M8.50015 11.6402H7.50015V10.6402H8.50015V11.6402Z\" \/>\n\t\t\t\t\t\t<path d=\"M7.50015 9.64018H8.50015V6.30684H7.50015V9.64018Z\" \/>\n\t\t\t\t\t\t<path fill-rule=\"evenodd\" clip-rule=\"evenodd\" d=\"M6.98331 3.0947C7.42933 2.30177 8.57096 2.30177 9.01698 3.09469L13.8771 11.7349C14.3145 12.5126 13.7525 13.4735 12.8602 13.4735H3.14004C2.24774 13.4735 1.68575 12.5126 2.12321 11.7349L6.98331 3.0947ZM8.14541 3.58496C8.08169 3.47168 7.9186 3.47168 7.85488 3.58496L2.99478 12.2251C2.93229 12.3362 3.01257 12.4735 3.14004 12.4735H12.8602C12.9877 12.4735 13.068 12.3362 13.0055 12.2251L8.14541 3.58496Z\" \/>\n\t\t\t\t\t<\/svg>\n\t\t\t\t<\/span>\n\t\t\t\t<span data-wp-text=\"state.errorMessage\" id=\"g2600-epost-email-error-message\"><\/span>\n\t\t\t<\/div> \n\t<\/div>\n\n<div style=\"\"  data-wp-interactive=\"jetpack\/form\" data-wp-context='{\"fieldId\":\"g2600-meddelande\",\"fieldType\":\"textarea\",\"fieldLabel\":\"Meddelande\",\"fieldValue\":\"\",\"fieldPlaceholder\":\"\",\"fieldIsRequired\":\"\",\"fieldErrorMessage\":\"\",\"fieldExtra\":[],\"formHash\":\"bacd23562e1dba19b0c5be728297dcc32132f051\"}'  class='grunion-field-textarea-wrap grunion-field-wrap'  data-wp-init='callbacks.initializeField' data-wp-on--jetpack-form-reset='callbacks.initializeField' >\n<label\n\t\t\t\tfor='contact-form-comment-g2600-meddelande' class=\"grunion-field-label textarea\" >Meddelande<\/label>\n<textarea\n\t\t                style=''\n\t\t                name='g2600-meddelande'\n\t\t                id='contact-form-comment-g2600-meddelande'\n\t\t                rows='20'\n\t\t\t\t\t\tdata-wp-text='state.getFieldValue'\n\t\t\t\t\t\tdata-wp-on--input='actions.onFieldChange'\n\t\t\t\t\t\tdata-wp-on--blur='actions.onFieldBlur'\n\t\t\t\t\t\tdata-wp-class--has-value='state.hasFieldValue'\n\t\t\t\t\t\taria-describedby='g2600-meddelande-textarea-error-message'\n\t\t\t\t\t\tdata-wp-bind--aria-invalid='state.fieldAriaInvalid'\n\t\t\t\t\t\tclass='textarea  grunion-field'  ><\/textarea>\n \n\t\t\t<div id=\"g2600-meddelande-textarea-error\" class=\"contact-form__input-error\" data-wp-class--has-errors=\"state.fieldHasErrors\">\n\t\t\t\t<span class=\"contact-form__warning-icon\" aria-hidden=\"true\">\n\t\t\t\t\t<svg width=\"16\" height=\"16\" viewBox=\"0 0 16 16\" fill=\"none\" xmlns=\"http:\/\/www.w3.org\/2000\/svg\">\n\t\t\t\t\t\t<path d=\"M8.50015 11.6402H7.50015V10.6402H8.50015V11.6402Z\" \/>\n\t\t\t\t\t\t<path d=\"M7.50015 9.64018H8.50015V6.30684H7.50015V9.64018Z\" \/>\n\t\t\t\t\t\t<path fill-rule=\"evenodd\" clip-rule=\"evenodd\" d=\"M6.98331 3.0947C7.42933 2.30177 8.57096 2.30177 9.01698 3.09469L13.8771 11.7349C14.3145 12.5126 13.7525 13.4735 12.8602 13.4735H3.14004C2.24774 13.4735 1.68575 12.5126 2.12321 11.7349L6.98331 3.0947ZM8.14541 3.58496C8.08169 3.47168 7.9186 3.47168 7.85488 3.58496L2.99478 12.2251C2.93229 12.3362 3.01257 12.4735 3.14004 12.4735H12.8602C12.9877 12.4735 13.068 12.3362 13.0055 12.2251L8.14541 3.58496Z\" \/>\n\t\t\t\t\t<\/svg>\n\t\t\t\t<\/span>\n\t\t\t\t<span data-wp-text=\"state.errorMessage\" id=\"g2600-meddelande-textarea-error-message\"><\/span>\n\t\t\t<\/div>\n\t<\/div>\n\t<p class='contact-submit'>\n<div class=\"contact-form__error\" data-wp-class--show-errors=\"state.showFormErrors\"><span class=\"contact-form__warning-icon\" aria-hidden=\"true\"><i><\/i><\/span><span class=\"contact-form__error-message\" tabindex=\"-1\" data-wp-watch=\"callbacks.focusOnValidationError\" data-wp-text=\"state.getFormErrorMessage\"><\/span><ul aria-label=\"Formul\u00e4rfel\">\n\t\t\t\t<template data-wp-each=\"state.getErrorList\" data-wp-key=\"context.item.id\">\n\t\t\t\t\t<li><a data-wp-bind--href=\"context.item.anchor\" data-wp-on--click=\"actions.scrollIntoView\" data-wp-text=\"context.item.label\"><\/a><\/li>\n\t\t\t\t<\/template>\n\t\t\t\t<\/ul><\/div><div class=\"contact-form__error\" data-wp-class--show-errors=\"state.showSubmissionError\" data-wp-text=\"context.submissionError\" tabindex=\"-1\" data-wp-watch=\"callbacks.focusOnSubmissionError\"><\/div>\t\t<button type='submit' class='pushbutton-wide'>Skicka<\/button>\t\t<input type='hidden' name='contact-form-id' value='2600' \/>\n\t\t<input type='hidden' name='action' value='grunion-contact-form' \/>\n\t\t<input type='hidden' name='contact-form-hash' value='bacd23562e1dba19b0c5be728297dcc32132f051' \/>\n\t<\/p>\n<\/form>\n<\/div>\n","protected":false},"excerpt":{"rendered":"<p><strong>Det har blivit allt vanligare p\u00e5 svenska arbetsplatser att en person f\u00e5r ansvar f\u00f6r en grupp. Att utan en definierad chefsroll ansvara f\u00f6r att leda gruppen fram\u00e5t och ta de utmaningar som ledarskapet inneb\u00e4r.<\/strong><\/p>\n<p>Det blir att vanligare att leda utan att vara chef. Allts\u00e5: att vara ledare men sakna personalansvar och formell makt. I dessa fall blir de \u201dmjuka\u201d aspekterna av ledarskapet \u00e4nnu viktigare \u2013 det du saknar i befogenheter beh\u00f6ver du ta igen genom att vara skicklig som ledare. Det inneb\u00e4r allt fr\u00e5n att utveckla den grupp du tilldelas till att hantera konflikter och ta tillvara varje unik individs motivation.<\/p>\n","protected":false},"featured_media":2129,"comment_status":"open","ping_status":"closed","template":"","meta":{"wds_primary_product_brand":0,"wds_primary_product_cat":0},"product_brand":[],"product_cat":[91,32,28],"product_tag":[],"class_list":{"0":"post-2600","1":"product","2":"type-product","3":"status-publish","4":"has-post-thumbnail","6":"product_cat-arbetsmiljo","7":"product_cat-ledarskap","8":"product_cat-teamship","10":"first","11":"instock","12":"taxable","13":"shipping-taxable","14":"purchasable","15":"product-type-simple"},"jetpack_sharing_enabled":true,"_links":{"self":[{"href":"https:\/\/republify.se\/index.php\/wp-json\/wp\/v2\/product\/2600","targetHints":{"allow":["GET"]}}],"collection":[{"href":"https:\/\/republify.se\/index.php\/wp-json\/wp\/v2\/product"}],"about":[{"href":"https:\/\/republify.se\/index.php\/wp-json\/wp\/v2\/types\/product"}],"replies":[{"embeddable":true,"href":"https:\/\/republify.se\/index.php\/wp-json\/wp\/v2\/comments?post=2600"}],"wp:featuredmedia":[{"embeddable":true,"href":"https:\/\/republify.se\/index.php\/wp-json\/wp\/v2\/media\/2129"}],"wp:attachment":[{"href":"https:\/\/republify.se\/index.php\/wp-json\/wp\/v2\/media?parent=2600"}],"wp:term":[{"taxonomy":"product_brand","embeddable":true,"href":"https:\/\/republify.se\/index.php\/wp-json\/wp\/v2\/product_brand?post=2600"},{"taxonomy":"product_cat","embeddable":true,"href":"https:\/\/republify.se\/index.php\/wp-json\/wp\/v2\/product_cat?post=2600"},{"taxonomy":"product_tag","embeddable":true,"href":"https:\/\/republify.se\/index.php\/wp-json\/wp\/v2\/product_tag?post=2600"}],"curies":[{"name":"wp","href":"https:\/\/api.w.org\/{rel}","templated":true}]}}