{"id":11148,"date":"2025-11-25T21:34:59","date_gmt":"2025-11-25T20:34:59","guid":{"rendered":"https:\/\/republify.se\/?post_type=product&#038;p=11148"},"modified":"2026-03-17T14:41:12","modified_gmt":"2026-03-17T13:41:12","slug":"european-cyber-resilience-act-cra-hur-paverkar-det-dig-workshop","status":"publish","type":"product","link":"https:\/\/republify.se\/index.php\/produkt\/european-cyber-resilience-act-cra-hur-paverkar-det-dig-workshop\/","title":{"rendered":"European Cyber Resilience Act &#8211; CRA (Workshop)"},"content":{"rendered":"<p><strong>Under denna workshop kommer vi g\u00e5 igenom:<\/strong><br \/>\n\u2022 De grundl\u00e4ggande principerna i Cyber Resilience Act och vad de inneb\u00e4r f\u00f6r f\u00f6retag som utvecklar produkter.<br \/>\n\u2022 Hur ert f\u00f6retag kan anpassa sig till de nya kraven, vilka \u00e5tg\u00e4rder som \u00e4r aktuella och hur kan ni inf\u00f6ra dem p\u00e5 ett effektivt s\u00e4tt.<br \/>\n\u2022 S\u00e4kerhet i produkter och vilka specifika s\u00e4kerhets\u00e5tg\u00e4rder som kan beh\u00f6vas f\u00f6r att uppfylla regelverket.<br \/>\nEfter webinariet kommer du att:<br \/>\n\u2022 Ha en grundl\u00e4ggande f\u00f6rst\u00e5else f\u00f6r hur din verksamhet p\u00e5verkas av Cyber Resilience Act och dess krav.<br \/>\n\u2022 Kunna identifiera och g\u00f6ra en initial bed\u00f6mning av vilka \u00e5tg\u00e4rder som kr\u00e4vs f\u00f6r att s\u00e4kerst\u00e4lla efterlevnad av lagstiftningen.<\/p>\n<p><strong>Anders Alfredsson<\/strong><br \/>\nAnders \u00e4r s\u00e4kerhetskonsult p\u00e5 Devies Cybersecurity+. Han har hj\u00e4lpt f\u00f6retag inom branscher s\u00e5som automotive, medtech och OT att \u00f6ka s\u00e4kerheten i sina produkter. Han \u00e4r utbildad inom IT-forensik och informationss\u00e4kerhet och har \u00e4ven en l\u00e4rarutbildning i bagaget.<\/p>\n<h2><\/h2>\n","protected":false},"excerpt":{"rendered":"<p><strong>&#8211; Hur p\u00e5verkar CRA dig som produktutvecklare?<\/strong><\/p>\n<p>Cyber Resilience Act (CRA) \u00e4r en EU-lagstiftning som s\u00e4tter s\u00e4kerhet i fokus f\u00f6r produkter med digitala element. Lagen st\u00e4ller krav p\u00e5 organisationer som utvecklar, importerar eller distribuerar programvara eller produkter som inneh\u00e5ller mjukvara. Till exempel, appar, IoT-produkter, industriella styrsystem, laddstationer.<\/p>\n<p>CRA syftar till att st\u00e4rka skyddet mot cyberattacker genom att s\u00e4kerst\u00e4lla att produkter \u00e4r s\u00e4kra under hela sin livscykel. Det inneb\u00e4r krav p\u00e5 s\u00e4ker design, kontinuerliga uppdateringar och effektiv hantering av s\u00e5rbarheter.<\/p>\n","protected":false},"featured_media":10766,"comment_status":"open","ping_status":"closed","template":"","meta":{"wds_primary_product_brand":0,"wds_primary_product_cat":0},"product_brand":[],"product_cat":[134,56,203],"product_tag":[],"class_list":{"0":"post-11148","1":"product","2":"type-product","3":"status-publish","4":"has-post-thumbnail","6":"product_cat-cyber-security","7":"product_cat-it-sakerhet","8":"product_cat-industri","10":"first","11":"instock","12":"taxable","13":"shipping-taxable","14":"purchasable","15":"product-type-simple"},"jetpack_sharing_enabled":true,"_links":{"self":[{"href":"https:\/\/republify.se\/index.php\/wp-json\/wp\/v2\/product\/11148","targetHints":{"allow":["GET"]}}],"collection":[{"href":"https:\/\/republify.se\/index.php\/wp-json\/wp\/v2\/product"}],"about":[{"href":"https:\/\/republify.se\/index.php\/wp-json\/wp\/v2\/types\/product"}],"replies":[{"embeddable":true,"href":"https:\/\/republify.se\/index.php\/wp-json\/wp\/v2\/comments?post=11148"}],"wp:featuredmedia":[{"embeddable":true,"href":"https:\/\/republify.se\/index.php\/wp-json\/wp\/v2\/media\/10766"}],"wp:attachment":[{"href":"https:\/\/republify.se\/index.php\/wp-json\/wp\/v2\/media?parent=11148"}],"wp:term":[{"taxonomy":"product_brand","embeddable":true,"href":"https:\/\/republify.se\/index.php\/wp-json\/wp\/v2\/product_brand?post=11148"},{"taxonomy":"product_cat","embeddable":true,"href":"https:\/\/republify.se\/index.php\/wp-json\/wp\/v2\/product_cat?post=11148"},{"taxonomy":"product_tag","embeddable":true,"href":"https:\/\/republify.se\/index.php\/wp-json\/wp\/v2\/product_tag?post=11148"}],"curies":[{"name":"wp","href":"https:\/\/api.w.org\/{rel}","templated":true}]}}