{"id":10918,"date":"2025-11-07T15:45:38","date_gmt":"2025-11-07T14:45:38","guid":{"rendered":"https:\/\/republify.se\/?post_type=product&#038;p=10918"},"modified":"2026-01-08T18:31:11","modified_gmt":"2026-01-08T17:31:11","slug":"effektiv-forandringsledning-utbildning","status":"publish","type":"product","link":"https:\/\/republify.se\/index.php\/produkt\/effektiv-forandringsledning-utbildning\/","title":{"rendered":"Effektiv F\u00f6r\u00e4ndringsledning (Utbildning)"},"content":{"rendered":"<p>Dagens organisationer lever i en st\u00e4ndigt f\u00f6r\u00e4nderlig omv\u00e4rld, en omv\u00e4rld som f\u00f6r\u00e4ndras mer och snabbare \u00e4n n\u00e5gonsin. Vi beh\u00f6ver d\u00e4rf\u00f6r ocks\u00e5 kontinuerligt f\u00f6r\u00e4ndras. Snabbt. Effektivt. Och med snabbast m\u00f6jliga utv\u00e4xling till l\u00e4gsta m\u00f6jliga kostnad. Men f\u00f6r\u00e4ndringar brukar ta tid\u2026 och kosta\u2026 Det enda som \u00e4r konstant i livet \u00e4r f\u00f6r\u00e4ndring, som ett gammalt ordspr\u00e5k s\u00e4ger. S\u00e5 varf\u00f6r \u00e4r f\u00f6r\u00e4ndring en s\u00e5dan kamp f\u00f6r v\u00e4xande f\u00f6retag?<\/p>\n<p><strong>M\u00e5l<\/strong><br \/>\n\u2022 F\u00f6rst\u00e5 och till\u00e4mpa f\u00f6r\u00e4ndringsledningsmodeller i praktiken<br \/>\n\u2022 Hantera motst\u00e5nd och skapa engagemang i f\u00f6r\u00e4ndringsarbetet<br \/>\n\u2022 Kommunicera f\u00f6r\u00e4ndringar effektivt till olika m\u00e5lgrupper<br \/>\n\u2022 St\u00e4rka ditt personliga ledarskap i f\u00f6r\u00e4ndringssituationer<\/p>\n<p>Genom en kombination av teori, interaktiva \u00f6vningar och diskussioner f\u00e5r du verktygen f\u00f6r att driva f\u00f6r\u00e4ndringar p\u00e5 ett framg\u00e5ngsrikt och h\u00e5llbart s\u00e4tt.<\/p>\n<p><strong>Kursinneh\u00e5ll<\/strong><\/p>\n<p>\u2022 Introduktion till f\u00f6r\u00e4ndringsledning \u2013 Vad \u00e4r f\u00f6r\u00e4ndringsledning och hur har omr\u00e5det utvecklats \u00f6ver tid?<br \/>\n\u2022 F\u00f6r\u00e4ndringsresan och personlighetstyper \u2013 Hur reagerar olika m\u00e4nniskor p\u00e5 f\u00f6r\u00e4ndring och hur kan vi anpassa v\u00e5rt ledarskap?<br \/>\n\u2022 Hantering av motst\u00e5nd \u2013 Identifiera, f\u00f6rst\u00e5 och hantera motst\u00e5nd p\u00e5 ett konstruktivt s\u00e4tt.<br \/>\n\u2022 Nyckelfr\u00e5gor inf\u00f6r en f\u00f6r\u00e4ndringsresa \u2013 Vilka fr\u00e5gor beh\u00f6ver besvaras f\u00f6r att driva en framg\u00e5ngsrik f\u00f6r\u00e4ndring?<\/p>\n<p><strong>F\u00f6rkunskaper<\/strong><br \/>\nKursen kr\u00e4ver inga f\u00f6rkunskaper inom f\u00f6r\u00e4ndringsledning.<\/p>\n<p><strong>Kursledare<\/strong><\/p>\n<p>Fredrik Hult\u00e9n har jobbat i \u00f6ver 25 \u00e5r med ledning och verksamhetsutveckling \u2013 framf\u00f6r allt med m\u00e4nniskor i f\u00f6r\u00e4ndring. Under \u00e5ren har han lett m\u00e5nga olika typer av f\u00f6r\u00e4ndringsresor, b\u00e5de i mindre f\u00f6retag och i stora internationella organisationer. Han brinner f\u00f6r att g\u00f6ra f\u00f6r\u00e4ndring begriplig och konkret, och f\u00f6r att skapa engagemang snarare \u00e4n motst\u00e5nd. Han har en bakgrund som b\u00e5de konsult, utbildare och f\u00f6retagsledare. Hans erfarenheter som en av grundarna av Olingo Consulting \u2013 av att bygga ett f\u00f6retag, leda team och arbeta n\u00e4ra kunder \u2013 har format mycket av hans s\u00e4tt att t\u00e4nka kring f\u00f6r\u00e4ndringsledning. Idag fokuserar han p\u00e5 att hj\u00e4lpa organisationer att bli b\u00e4ttre p\u00e5 just det \u2013 att leda f\u00f6r\u00e4ndring p\u00e5 ett s\u00e4tt som fungerar i praktiken.<\/p>\n<p>&#8212;&#8212;&#8212;&#8212;&#8212;&#8212;&#8212;&#8212;&#8212;&#8212;&#8212;&#8212;&#8212;&#8212;&#8212;&#8212;&#8212;&#8212;&#8212;&#8212;&#8212;&#8212;&#8212;&#8212;&#8212;&#8212;-<\/p>\n<p><strong>Vid f\u00f6retagsanpassad utbildning kan vi \u00e4ven komplettera med<\/strong><\/p>\n<p><strong>Seminarium, 1 timme p\u00e5 distans (f\u00f6rberedelse)<\/strong><\/p>\n<ul>\n<li>Seminarium i syfte att skapa intresse f\u00f6r f\u00f6r\u00e4ndringsledning<\/li>\n<\/ul>\n<p>&nbsp;<\/p>\n<p><strong>Uppf\u00f6ljning, 3 timmar p\u00e5 distans (uppf\u00f6ljning)<\/strong><\/p>\n<ul>\n<li>En kort rekapitulation av kursdagen<\/li>\n<li>Deltagarna presenterar resultatet fr\u00e5n uppgifterna<\/li>\n<li>Gemensam konklusion av erfarenheterna och det st\u00f6d eller kompletteringar som deltagarna anser sig beh\u00f6va f\u00f6r att forts\u00e4tta utveckla sin f\u00f6r\u00e4ndringsledningskompetens<\/li>\n<\/ul>\n<p>&#8212;&#8212;&#8212;&#8212;&#8212;&#8212;&#8212;&#8212;&#8212;&#8212;&#8212;&#8212;&#8212;&#8212;&#8212;&#8212;&#8212;&#8212;&#8212;&#8212;&#8212;&#8212;&#8212;&#8212;&#8212;&#8212;-<\/p>\n<h2><\/h2>\n","protected":false},"excerpt":{"rendered":"<p><strong>Den h\u00e4r kursen passar dig som arbetar med f\u00f6r\u00e4ndring i n\u00e5gon form \u2013 som ledare, projektledare, verksamhetsutvecklare eller f\u00f6r\u00e4ndringsagent.<\/strong><\/p>\n<p>I en v\u00e4rld d\u00e4r f\u00f6r\u00e4ndring \u00e4r en konstant, \u00e4r f\u00f6rm\u00e5gan att leda och navigera genom f\u00f6r\u00e4ndringar avg\u00f6rande f\u00f6r framg\u00e5ng. Denna kurs ger dig en praktisk och insiktsfull f\u00f6rst\u00e5else f\u00f6r f\u00f6r\u00e4ndringsledning och de verktyg som kr\u00e4vs f\u00f6r att skapa h\u00e5llbara f\u00f6r\u00e4ndringar i organisationer.<\/p>\n","protected":false},"featured_media":10773,"comment_status":"open","ping_status":"closed","template":"","meta":{"wds_primary_product_brand":0,"wds_primary_product_cat":0},"product_brand":[],"product_cat":[91,202,128,37,32],"product_tag":[],"class_list":{"0":"post-10918","1":"product","2":"type-product","3":"status-publish","4":"has-post-thumbnail","6":"product_cat-arbetsmiljo","7":"product_cat-forandringsledning","8":"product_cat-hr","9":"product_cat-kommunikation","10":"product_cat-ledarskap","12":"first","13":"instock","14":"taxable","15":"shipping-taxable","16":"purchasable","17":"product-type-simple"},"jetpack_sharing_enabled":true,"_links":{"self":[{"href":"https:\/\/republify.se\/index.php\/wp-json\/wp\/v2\/product\/10918","targetHints":{"allow":["GET"]}}],"collection":[{"href":"https:\/\/republify.se\/index.php\/wp-json\/wp\/v2\/product"}],"about":[{"href":"https:\/\/republify.se\/index.php\/wp-json\/wp\/v2\/types\/product"}],"replies":[{"embeddable":true,"href":"https:\/\/republify.se\/index.php\/wp-json\/wp\/v2\/comments?post=10918"}],"wp:featuredmedia":[{"embeddable":true,"href":"https:\/\/republify.se\/index.php\/wp-json\/wp\/v2\/media\/10773"}],"wp:attachment":[{"href":"https:\/\/republify.se\/index.php\/wp-json\/wp\/v2\/media?parent=10918"}],"wp:term":[{"taxonomy":"product_brand","embeddable":true,"href":"https:\/\/republify.se\/index.php\/wp-json\/wp\/v2\/product_brand?post=10918"},{"taxonomy":"product_cat","embeddable":true,"href":"https:\/\/republify.se\/index.php\/wp-json\/wp\/v2\/product_cat?post=10918"},{"taxonomy":"product_tag","embeddable":true,"href":"https:\/\/republify.se\/index.php\/wp-json\/wp\/v2\/product_tag?post=10918"}],"curies":[{"name":"wp","href":"https:\/\/api.w.org\/{rel}","templated":true}]}}