{"id":10905,"date":"2025-11-04T13:56:11","date_gmt":"2025-11-04T12:56:11","guid":{"rendered":"https:\/\/republify.se\/?post_type=product&#038;p=10905"},"modified":"2026-01-22T12:48:15","modified_gmt":"2026-01-22T11:48:15","slug":"effektiv-forandringsledning-webinar","status":"publish","type":"product","link":"https:\/\/republify.se\/index.php\/produkt\/effektiv-forandringsledning-webinar\/","title":{"rendered":"Effektiv F\u00f6r\u00e4ndringsledning (Webinar)"},"content":{"rendered":"<p><strong>Du f\u00e5r med dig<\/strong><\/p>\n<p>F\u00f6rst\u00e5else f\u00f6r motst\u00e5nd mot f\u00f6r\u00e4ndring<br \/>\nFr\u00e5gor att besvara innan och under en f\u00f6r\u00e4ndringsresa<br \/>\nKunskap om en f\u00f6r\u00e4ndringsmodell som heter ADKAR<br \/>\nKort om intressentanalys och kommunikation<br \/>\nF\u00f6rst\u00e5else f\u00f6r vikten av kultur som st\u00f6d i f\u00f6r\u00e4ndring<\/p>\n<p><strong>F\u00f6r vem<\/strong><\/p>\n<p>F\u00f6r alla som arbetar med f\u00f6r\u00e4ndring; chefer, projektledare och projektmedlemmar etc.<br \/>\nF\u00f6r alla som p\u00e5verkas av f\u00f6r\u00e4ndring och vill f\u00e5 en \u00f6kad f\u00f6rst\u00e5else f\u00f6r utmaningarna med f\u00f6r\u00e4ndring<\/p>\n<p><strong>M\u00f6t experten<\/strong><\/p>\n<p>Fredrik Hult\u00e9n har jobbat i \u00f6ver 25 \u00e5r med ledning och verksamhetsutveckling \u2013 framf\u00f6r allt med m\u00e4nniskor i f\u00f6r\u00e4ndring. Under \u00e5ren har han lett m\u00e5nga olika typer av f\u00f6r\u00e4ndringsresor, b\u00e5de i mindre f\u00f6retag och i stora internationella organisationer. Han brinner f\u00f6r att g\u00f6ra f\u00f6r\u00e4ndring begriplig och konkret, och f\u00f6r att skapa engagemang snarare \u00e4n motst\u00e5nd. Han har en bakgrund som b\u00e5de konsult, utbildare och f\u00f6retagsledare. Hans erfarenheter som en av grundarna av Olingo Consulting \u2013 av att bygga ett f\u00f6retag, leda team och arbeta n\u00e4ra kunder \u2013 har format mycket av hans s\u00e4tt att t\u00e4nka kring f\u00f6r\u00e4ndringsledning. Idag fokuserar han p\u00e5 att hj\u00e4lpa organisationer att bli b\u00e4ttre p\u00e5 just det \u2013 att leda f\u00f6r\u00e4ndring p\u00e5 ett s\u00e4tt som fungerar i praktiken.<\/p>\n<h2><\/h2>\n","protected":false},"excerpt":{"rendered":"<p><strong>Effektiv f\u00f6r\u00e4ndringsledning \u00e4r ofta skillnaden mellan framg\u00e5ng och frustration och i detta webinar f\u00e5r du konkreta verktyg f\u00f6r att lyckas. Du som leder, driver eller p\u00e5verkas av f\u00f6r\u00e4ndring f\u00e5r en tydlig modell att luta dig mot och insikter som g\u00f6r resan b\u00e5de enklare och mer f\u00f6ruts\u00e4gbar. <\/strong><\/p>\n<p>Vi g\u00e5r igenom varf\u00f6r motst\u00e5nd uppst\u00e5r, vilka fr\u00e5gor du m\u00e5ste ha svar p\u00e5 och hur kultur, kommunikation och intressenter p\u00e5verkar resultatet. Med \u00f6ver 25 \u00e5rs erfarenhet guidar Fredrik Hult\u00e9n dig genom de viktigaste byggstenarna f\u00f6r att skapa engagemang och h\u00e5lla riktningen i verkliga f\u00f6r\u00e4ndringsarbeten.<\/p>\n","protected":false},"featured_media":10765,"comment_status":"open","ping_status":"closed","template":"","meta":{"wds_primary_product_brand":0,"wds_primary_product_cat":0},"product_brand":[],"product_cat":[91,202,128,37,32,135],"product_tag":[],"class_list":{"0":"post-10905","1":"product","2":"type-product","3":"status-publish","4":"has-post-thumbnail","6":"product_cat-arbetsmiljo","7":"product_cat-forandringsledning","8":"product_cat-hr","9":"product_cat-kommunikation","10":"product_cat-ledarskap","11":"product_cat-seminarium","13":"first","14":"instock","15":"taxable","16":"shipping-taxable","17":"purchasable","18":"product-type-simple"},"jetpack_sharing_enabled":true,"_links":{"self":[{"href":"https:\/\/republify.se\/index.php\/wp-json\/wp\/v2\/product\/10905","targetHints":{"allow":["GET"]}}],"collection":[{"href":"https:\/\/republify.se\/index.php\/wp-json\/wp\/v2\/product"}],"about":[{"href":"https:\/\/republify.se\/index.php\/wp-json\/wp\/v2\/types\/product"}],"replies":[{"embeddable":true,"href":"https:\/\/republify.se\/index.php\/wp-json\/wp\/v2\/comments?post=10905"}],"wp:featuredmedia":[{"embeddable":true,"href":"https:\/\/republify.se\/index.php\/wp-json\/wp\/v2\/media\/10765"}],"wp:attachment":[{"href":"https:\/\/republify.se\/index.php\/wp-json\/wp\/v2\/media?parent=10905"}],"wp:term":[{"taxonomy":"product_brand","embeddable":true,"href":"https:\/\/republify.se\/index.php\/wp-json\/wp\/v2\/product_brand?post=10905"},{"taxonomy":"product_cat","embeddable":true,"href":"https:\/\/republify.se\/index.php\/wp-json\/wp\/v2\/product_cat?post=10905"},{"taxonomy":"product_tag","embeddable":true,"href":"https:\/\/republify.se\/index.php\/wp-json\/wp\/v2\/product_tag?post=10905"}],"curies":[{"name":"wp","href":"https:\/\/api.w.org\/{rel}","templated":true}]}}