{"id":10847,"date":"2025-10-30T14:16:53","date_gmt":"2025-10-30T13:16:53","guid":{"rendered":"https:\/\/republify.se\/?post_type=product&#038;p=10847"},"modified":"2026-01-08T18:35:05","modified_gmt":"2026-01-08T17:35:05","slug":"heta-arbeten-certifikat","status":"publish","type":"product","link":"https:\/\/republify.se\/index.php\/produkt\/heta-arbeten-certifikat\/","title":{"rendered":"HETA ARBETEN CERTIFIKAT"},"content":{"rendered":"<p class=\"fusion-responsive-typography-calculated\" data-fontsize=\"34\" data-lineheight=\"47.6px\"><strong>Heta Arbeten\u00ae<\/strong><\/p>\n<p>Heta Arbeten\u00ae \u00e4r det klassiska varum\u00e4rke f\u00f6r certifikat som ger dig f\u00f6ruts\u00e4ttningar f\u00f6r att f\u00f6lja f\u00f6rs\u00e4kringsvillkoren f\u00f6r att arbeta med verktyg och arbetsmetoder som som kan orsaka brand. En riktigt bra utbildning som godk\u00e4nns av alla f\u00f6retag och organisationer.<\/p>\n<p><strong>\u00d6ppna kurser<\/strong><\/p>\n<p>Vi h\u00e5ller b\u00e5de sk. \u00f6ppna kurser dit vem som helst kan anm\u00e4la sig, samt f\u00f6retagsanpassade kurser p\u00e5 plats hos dig som kund.<\/p>\n<p class=\"fusion-responsive-typography-calculated\" data-fontsize=\"20\" data-lineheight=\"30px\"><strong>Certifierad arrang\u00f6r<\/strong><\/p>\n<p>V\u00e5ra utbildningar f\u00f6ljer Brandskyddf\u00f6reningens riktlinjer f\u00f6r genomf\u00f6rande av utbildning f\u00f6r Heta Arbeten certifikat. Det inneb\u00e4r bl.a att utbildningen p\u00e5g\u00e5r i minst 6 timmar (effektiv tid) samt att praktisk sl\u00e4cknings\u00f6vning genomf\u00f6rs.<br \/>\nV\u00e5ra sl\u00e4cknings\u00f6vningar genomf\u00f6rs inomhus med hj\u00e4lp av professionell sl\u00e4ckningsutrustning via VR, men \u00f6nskas gammal hederlig sl\u00e4cknings\u00f6vning med gasol och kolsyresl\u00e4ckare s\u00e5 kan vi i de flesta fall ombes\u00f6rja det ocks\u00e5.<\/p>\n<p class=\"fusion-responsive-typography-calculated\" data-fontsize=\"20\" data-lineheight=\"30px\"><strong>Instrukt\u00f6r<\/strong><\/p>\n<p>V\u00e5r instrukt\u00f6r Mattias Dahlqvist \u00e4r mycket uppskattad som utbildningsinstrukt\u00f6r med l\u00e5ng erfarenhet av utbildningar f\u00f6r certifikat f\u00f6r Brandfarliga heta arbeten p\u00e5 tillf\u00e4lliga arbetsplatser. L\u00e4ttsam pedagogik med humor blandat med allvar och med praktiska tips som underl\u00e4ttar utf\u00f6randet n\u00e4r du kommer hem.<\/p>\n<p class=\"fusion-responsive-typography-calculated\" data-fontsize=\"20\" data-lineheight=\"30px\"><strong>Var hittar du oss?<\/strong><\/p>\n<p>Maskinuthyrningsf\u00f6retag, bemanningsbranschen, n\u00e4ringslivsarrangemang och f\u00f6ratagsanpassade utbildningar, du hittar oss p\u00e5 m\u00e5nga olika st\u00e4llen utmed den svenska v\u00e4stkusten.<\/p>\n<p class=\"fusion-responsive-typography-calculated\" data-fontsize=\"20\" data-lineheight=\"30px\"><strong>Varf\u00f6r Brandfarliga Heta Arbeten?<\/strong><\/p>\n<p>N\u00e4r vi arbetar med verktyg som kan orsaka brand som t.ex, vinkelslipar, svetsar, gasolverktyg mm \u00e4r det viktigt vi har kunskap om de risker som finns i v\u00e5r n\u00e4rmilj\u00f6. Att t.ex. inte plocka undan br\u00e4nnbart material, f\u00f6rhindra brandspridning eller ha tillr\u00e4ckliga sl\u00e4ckningsutrustning redo kan snabbt f\u00e5 f\u00f6r\u00f6dande konsekvenser. Den tillst\u00e5ndsansvarige har ett stort ansvar, men att skapa s\u00e4kra arbetsplatser g\u00f6r vi tillsammans.<\/p>\n<p class=\"fusion-responsive-typography-calculated\" data-fontsize=\"20\" data-lineheight=\"30px\"><strong>Vilka arbeten \u00e4r Heta Arbeten?<\/strong><\/p>\n<p>Det \u00e4r riskbed\u00f6mningen vi utf\u00f6r p\u00e5 plats som avg\u00f6r vilka arbeten som kan orsaka brand. Med r\u00e4tt kunskap tar vi h\u00e4nsyn till b\u00e5de arbetsmetoden, material och omgivande milj\u00f6 f\u00f6r att utv\u00e4rdera risken f\u00f6r brand. Vinkelslip, svets, gasolbr\u00e4nnare, varmluftspistol, tigers\u00e5g \u00e4r exempel p\u00e5 verktyg som kan orsaka brand om b\u00e4rnnbart material finns i n\u00e4rheten.<\/p>\n<p class=\"fusion-responsive-typography-calculated\" data-fontsize=\"20\" data-lineheight=\"30px\"><strong>Beteendef\u00f6r\u00e4ndring<\/strong><\/p>\n<p>V\u00e5rt huvudfokus under v\u00e5ra utbildningar \u00e4r att skapa f\u00f6rst\u00e5else f\u00f6r hur viktig v\u00e5r egen roll \u00e4r i arbetet med Brandfarliga Heta Arbeten, samt motivera och inspirera till att ta ansvar f\u00f6r att brands\u00e4kra v\u00e5ra arbetsplatser. Att g\u00f6ra en tillst\u00e5ndslista \u00e4r i praktiken ofta inte s\u00e5 sv\u00e5rt, att ha en schysst s\u00e4kerhetskultur i arbetsg\u00e4nget kan vara en betydligt st\u00f6rre utmaning. Att skapa f\u00f6rst\u00e5else f\u00f6r vikten utav sin egen roll i arbetet med Brandfarliga Heta Arbeten \u00e4r kanske det viktigaste av allt.<\/p>\n<p class=\"fusion-responsive-typography-calculated\" data-fontsize=\"20\" data-lineheight=\"30px\"><strong>Certifikat<\/strong><\/p>\n<p>Certifikaten f\u00f6r Heta Arbeten resp. Brandfarliga Arbeten g\u00e4ller i 5 \u00e5r. Giltigt certifikat \u00e4r ett krav i f\u00f6rs\u00e4kringsvillkoren hos samtliga svenska f\u00f6rs\u00e4kringsbolag f\u00f6r arbete med verktyg eller arbetsmetoder d\u00e4r risk f\u00f6r brand finns, dessutom m\u00e5ste de 13 s\u00e4kerhetsreglerna f\u00f6ljas. B\u00e5da certifikaten ger samma beh\u00f6righeter och certfikaten f\u00e5r du b\u00e5de som plastkort, digitalt kort samt att det registreras i ID06 Kompetensdatabas samt SSG skillnation<\/p>\n<p class=\"fusion-responsive-typography-calculated\" data-fontsize=\"20\" data-lineheight=\"30px\"><strong>Vad kan h\u00e4nda om man g\u00f6r fel?<\/strong><\/p>\n<p>Saknas giltigt certifikat och\/eller om man inte f\u00f6ljer de 13 s\u00e4kerhetsreglerna s\u00e5 kan det medf\u00f6ra att f\u00f6retaget inte f\u00e5r full ers\u00e4ttning av sitt f\u00f6rs\u00e4kringsbolag vid brandskada. Branden kan ocks\u00e5 utredas som t.ex. allm\u00e4nfarlig v\u00e5rdsl\u00f6shet vilket kan inneb\u00e4ra att den som orsakade branden kan \u00e5talas enligt brottsbalken.<\/p>\n<p class=\"fusion-responsive-typography-calculated\" data-fontsize=\"20\" data-lineheight=\"30px\"><strong>Utbildningslokaler<\/strong><\/p>\n<p>Utbildningslokalerna skall alltid h\u00e5lla h\u00f6g klass under v\u00e5ra utbildningar, vill du veta mer om utbildningslokalen p\u00e5 just din ort s\u00e5 skicka oss ett meddelande s\u00e5 ber\u00e4ttar vi mer.<\/p>\n<p>&nbsp;<\/p>\n<h3>Kursen levereras i samarbete med L\u00e4rid\u00e9<\/h3>\n<h2><\/h2>\n","protected":false},"excerpt":{"rendered":"<div class=\"fusion-text fusion-text-2 fusion-text-no-margin\">\n<p><strong>1:a januari 2023 bytte konceptet\u00a0<em>Heta Arbeten<\/em>\u00a0namn till\u00a0<em>Brandfarliga Heta Arbeten p\u00e5 tillf\u00e4llig arbetsplats<\/em>,\u00a0det finns idag tv\u00e5 godk\u00e4nda utbildningar som ger samma certifikat f\u00f6r sk. heta arbetsuppgifter.<\/strong><\/p>\n<ul>\n<li><strong>Heta Arbeten\u00a0<\/strong>(Brandskyddsf\u00f6reningen)<\/li>\n<li><strong>Brandfarliga Arbeten\u00a0<\/strong>(SVEBRA \u2013 Svenska Brands\u00e4kerhetsf\u00f6retag)<\/li>\n<\/ul>\n<\/div>\n<div class=\"fusion-text fusion-text-3\">\n<p>&nbsp;<\/p>\n<p>Vilken utbildning du v\u00e4ljer spelar ingen roll enligt f\u00f6rs\u00e4kringsvillkoren. B\u00e5da utbildningarna \u00e4r helt kompatibla med varandra och du kan genomf\u00f6ra repetitionsutbildning med Brandfarliga Arbeten \u00e4ven om du har Heta Arbeten sedan tidigare och vice versa.<\/p>\n<\/div>\n","protected":false},"featured_media":2633,"comment_status":"open","ping_status":"closed","template":"","meta":{"wds_primary_product_brand":0,"wds_primary_product_cat":0},"product_brand":[],"product_cat":[91,213,203],"product_tag":[],"class_list":{"0":"post-10847","1":"product","2":"type-product","3":"status-publish","4":"has-post-thumbnail","6":"product_cat-arbetsmiljo","7":"product_cat-saker-arbetsmiljo","8":"product_cat-industri","10":"first","11":"instock","12":"taxable","13":"shipping-taxable","14":"purchasable","15":"product-type-simple"},"jetpack_sharing_enabled":true,"_links":{"self":[{"href":"https:\/\/republify.se\/index.php\/wp-json\/wp\/v2\/product\/10847","targetHints":{"allow":["GET"]}}],"collection":[{"href":"https:\/\/republify.se\/index.php\/wp-json\/wp\/v2\/product"}],"about":[{"href":"https:\/\/republify.se\/index.php\/wp-json\/wp\/v2\/types\/product"}],"replies":[{"embeddable":true,"href":"https:\/\/republify.se\/index.php\/wp-json\/wp\/v2\/comments?post=10847"}],"wp:featuredmedia":[{"embeddable":true,"href":"https:\/\/republify.se\/index.php\/wp-json\/wp\/v2\/media\/2633"}],"wp:attachment":[{"href":"https:\/\/republify.se\/index.php\/wp-json\/wp\/v2\/media?parent=10847"}],"wp:term":[{"taxonomy":"product_brand","embeddable":true,"href":"https:\/\/republify.se\/index.php\/wp-json\/wp\/v2\/product_brand?post=10847"},{"taxonomy":"product_cat","embeddable":true,"href":"https:\/\/republify.se\/index.php\/wp-json\/wp\/v2\/product_cat?post=10847"},{"taxonomy":"product_tag","embeddable":true,"href":"https:\/\/republify.se\/index.php\/wp-json\/wp\/v2\/product_tag?post=10847"}],"curies":[{"name":"wp","href":"https:\/\/api.w.org\/{rel}","templated":true}]}}