{"id":10385,"date":"2025-06-10T12:48:02","date_gmt":"2025-06-10T11:48:02","guid":{"rendered":"https:\/\/republify.se\/?post_type=product&#038;p=10385"},"modified":"2026-01-08T18:48:49","modified_gmt":"2026-01-08T17:48:49","slug":"interna-revisioner-mer-resultat-och-mindre-formalia","status":"publish","type":"product","link":"https:\/\/republify.se\/index.php\/produkt\/interna-revisioner-mer-resultat-och-mindre-formalia\/","title":{"rendered":"Interna Revisioner \u2013 mer resultat och mindre formalia"},"content":{"rendered":"<p>Utbildningen \u00e4r oberoende av de specifika standarder eller krav som din organisation f\u00f6ljer. Ist\u00e4llet ligger fokus p\u00e5 att f\u00f6rst\u00e5 och utf\u00f6ra interna revisioner p\u00e5 ett kvalitativt s\u00e4tt, oavsett om det g\u00e4ller ISO 9001, 14001, 27001 eller andra standarder. Arbetss\u00e4ttet \u00e4r ofta detsamma, oavsett vilken standard som till\u00e4mpas. Deltagare som redan har f\u00f6rst\u00e5else f\u00f6r de krav och standarder som g\u00e4ller i deras organisation har en f\u00f6rdel.<\/p>\n<p>F\u00f6r att maximera inl\u00e4rningen har vi delat upp utbildningen i\u00a0<strong>tv\u00e5 delar<\/strong>. Deltagarna kommer praktiskt \u00f6va och genomf\u00f6ra en fullst\u00e4ndig intern revision, vilket g\u00f6r att de kan visa upp och anv\u00e4nda sina internrevisionsf\u00e4rdigheter n\u00e4r certifieringsorganet genomf\u00f6r sina \u00e5rliga bes\u00f6k. Vi kommer ocks\u00e5 att fokusera p\u00e5 att beh\u00e5lla objektiviteten i revisionsprocessen, och v\u00e5ra utbildare kommer ge ytterligare v\u00e4gledning i detta avseende.<\/p>\n<h3 class=\"wp-block-heading\">Kursinneh\u00e5ll<\/h3>\n<p><strong>Pass 1\u00a0<\/strong>(1 dag \u2013 se ort och datum). Under den f\u00f6rsta dagen fokuserar vi p\u00e5 teori med koppling till verkliga exempel. Vi kommer att behandla \u00e4mnen som:<\/p>\n<p>&nbsp;<\/p>\n<ul class=\"wp-block-list\">\n<li>Syfte och andemeningen med interna revisioner.<\/li>\n<li>Varf\u00f6r \u00e4r det viktigt att p\u00e5visa ett relevant resultat f\u00f6r din certifieringsrevisor<\/li>\n<li>Kopplingen till kravet i ISO standarder.<\/li>\n<li>Vad som g\u00f6r att en Intern revision leder till v\u00e4rdefullt resultat.<\/li>\n<li>Process\u00e4gare och ledningens betydelse och roll.<\/li>\n<li>L\u00e4r dig utg\u00e5 fr\u00e5n processer och fokusomr\u00e5den<\/li>\n<li>Uppr\u00e4tta och planera \u2013 l\u00e5ng sikt och kort sikt.<\/li>\n<li>Revisionsmetodik och konsten att intervjua p\u00e5 ett meningsfullt s\u00e4tt.<\/li>\n<li>F\u00f6lja den r\u00f6da tr\u00e5den genom Stickprov och urval.<\/li>\n<li>Att bed\u00f6ma och skriva avvikelser, observationer och f\u00f6rb\u00e4ttringsf\u00f6rslag.<\/li>\n<li>Vad h\u00e4nder med resultatet vid avslut.<\/li>\n<\/ul>\n<p>&nbsp;<\/p>\n<p>De sista tv\u00e5 timmarna av dagen \u00e4gnas \u00e5t att f\u00f6rbereda deltagarna f\u00f6r hemuppgiften, d\u00e4r de kommer \u00f6va p\u00e5 att till\u00e4mpa det de har l\u00e4rt sig under dagen. Vi kommer ocks\u00e5 tillhandah\u00e5lla mallar och dokumentation som kan vara till hj\u00e4lp.<\/p>\n<p><strong>Pass 2<\/strong>\u00a0(Halvdag i Teamsmilj\u00f6). Under den andra delen av utbildningen, ca en m\u00e5nad senare, kommer vi att ha ett m\u00f6te p\u00e5 teams med handledning av en utbildare. H\u00e4r kommer vi tillsammans att diskutera och l\u00e4ra av varandras arbete och resultat. Vi kommer \u00e4ven att granska protokoll och planer, vilket ger v\u00e4rdefull \u00e5terkoppling och insikt.<\/p>\n<p>Du och ditt f\u00f6retag kommer efter utbildningen \u00e4ven ha genomf\u00f6rt en revision p\u00e5 riktigt och ta med detta underlag p\u00e5 revisionsplanering, genomf\u00f6rande och protokoll.<\/p>\n<p>&nbsp;<\/p>\n<h3 class=\"wp-block-heading\">Vem g\u00e5r denna utbildning?<\/h3>\n<p>F\u00f6r alla som skall eller redan g\u00f6r interna revisioner.<\/p>\n<h3 class=\"wp-block-heading\">Utbildningsmaterial<\/h3>\n<p>Du kommer f\u00e5 utbildningsmaterial i digital samt ett kursintyg<\/p>\n<h3 class=\"wp-block-heading\">F\u00f6rkunskaper<\/h3>\n<p>Inga f\u00f6rkunskaper beh\u00f6vs. Vi rekommenderar att deltagare har f\u00f6rst\u00e5else i f\u00f6retagets kravbild eller ber\u00f6rd ISO standard.<\/p>\n<h3 class=\"wp-block-heading\">F\u00f6rt\u00e4ring<\/h3>\n<p>F\u00f6rmiddagsfika, lunch och eftermiddagsfika ing\u00e5r under dag 1.<\/p>\n<p>&nbsp;<\/p>\n<h3>Kursen levereras i samarbete med AKDMI<\/h3>\n<h2><\/h2>\n","protected":false},"excerpt":{"rendered":"<p class=\"has-medium-font-size\"><strong>Denna utbildning \u00e4r helt inriktad p\u00e5 planering, metodik, utf\u00f6rande och rapportering av interna revisioner.<\/strong><\/p>\n<p>Interna revisioner \u00e4r ett kraftfullt verktyg n\u00e4r de utf\u00f6rs med omtanke och en korrekt metod. V\u00e5rt m\u00e5l \u00e4r att f\u00f6rmedla denna kunskap till din organisation.<\/p>\n<p><strong>1.5 dagar\u00a0<\/strong>(1 dag + 0.5 dag p\u00e5 teams med reflektion, uppf\u00f6ljning och resultat)<\/p>\n","protected":false},"featured_media":9438,"comment_status":"open","ping_status":"closed","template":"","meta":{"wds_primary_product_brand":0,"wds_primary_product_cat":0},"product_brand":[],"product_cat":[91,30,32,203],"product_tag":[],"class_list":{"0":"post-10385","1":"product","2":"type-product","3":"status-publish","4":"has-post-thumbnail","6":"product_cat-arbetsmiljo","7":"product_cat-business","8":"product_cat-ledarskap","9":"product_cat-industri","11":"first","12":"instock","13":"taxable","14":"shipping-taxable","15":"purchasable","16":"product-type-simple"},"jetpack_sharing_enabled":true,"_links":{"self":[{"href":"https:\/\/republify.se\/index.php\/wp-json\/wp\/v2\/product\/10385","targetHints":{"allow":["GET"]}}],"collection":[{"href":"https:\/\/republify.se\/index.php\/wp-json\/wp\/v2\/product"}],"about":[{"href":"https:\/\/republify.se\/index.php\/wp-json\/wp\/v2\/types\/product"}],"replies":[{"embeddable":true,"href":"https:\/\/republify.se\/index.php\/wp-json\/wp\/v2\/comments?post=10385"}],"wp:featuredmedia":[{"embeddable":true,"href":"https:\/\/republify.se\/index.php\/wp-json\/wp\/v2\/media\/9438"}],"wp:attachment":[{"href":"https:\/\/republify.se\/index.php\/wp-json\/wp\/v2\/media?parent=10385"}],"wp:term":[{"taxonomy":"product_brand","embeddable":true,"href":"https:\/\/republify.se\/index.php\/wp-json\/wp\/v2\/product_brand?post=10385"},{"taxonomy":"product_cat","embeddable":true,"href":"https:\/\/republify.se\/index.php\/wp-json\/wp\/v2\/product_cat?post=10385"},{"taxonomy":"product_tag","embeddable":true,"href":"https:\/\/republify.se\/index.php\/wp-json\/wp\/v2\/product_tag?post=10385"}],"curies":[{"name":"wp","href":"https:\/\/api.w.org\/{rel}","templated":true}]}}