{"id":10221,"date":"2025-04-29T13:48:48","date_gmt":"2025-04-29T12:48:48","guid":{"rendered":"https:\/\/republify.se\/?post_type=product&#038;p=10221"},"modified":"2026-01-08T18:53:07","modified_gmt":"2026-01-08T17:53:07","slug":"forandringsarbete-med-nohra-modellen","status":"publish","type":"product","link":"https:\/\/republify.se\/index.php\/produkt\/forandringsarbete-med-nohra-modellen\/","title":{"rendered":"F\u00f6r\u00e4ndringsarbete med N\u00d6HRA-modellen"},"content":{"rendered":"<p><strong>V\u00e4lkommen till v\u00e5r workshop: &#8221;F\u00f6r\u00e4ndringsarbete med N\u00d6HRA-modellen&#8221;!<\/strong><\/p>\n<p>\u00c4r din organisation redo f\u00f6r f\u00f6r\u00e4ndring men vet inte hur ni g\u00f6r och var ni ska b\u00f6rja?<\/p>\n<p>Delta i v\u00e5r praktiska workshop d\u00e4r vi utforskar N\u00d6HRA-modellen och hur den kan hj\u00e4lpa er att genomf\u00f6ra framg\u00e5ngsrika f\u00f6r\u00e4ndringsprocesser.<\/p>\n<p><strong>Vad \u00e4r N\u00d6HRA-modellen?\u00a0<\/strong><\/p>\n<p>N\u00d6HRA-modellen \u00e4r en strukturerad metod f\u00f6r att hantera f\u00f6r\u00e4ndringar inom organisationer. Den fokuserar p\u00e5 att skapa en tydlig vision, engagera medarbetare och s\u00e4kerst\u00e4lla att f\u00f6r\u00e4ndringen blir h\u00e5llbar.<\/p>\n<p><strong>Vad du kommer att l\u00e4ra dig:<\/strong><\/p>\n<ul>\n<li>Hur du anv\u00e4nder N\u00d6HRA-modellen f\u00f6r att planera och genomf\u00f6ra f\u00f6r\u00e4ndringsarbete.<\/li>\n<li>Strategier f\u00f6r att engagera och motivera medarbetare under f\u00f6r\u00e4ndringsprocessen.<\/li>\n<li>Praktiska verktyg och tips f\u00f6r att \u00f6vervinna motst\u00e5nd och kontinuerligt f\u00f6lja upp f\u00f6r att komma im\u00e5l med f\u00f6r\u00e4ndringsarbetet.<\/li>\n<\/ul>\n<p>&nbsp;<\/p>\n<p>Missa inte denna m\u00f6jlighet att f\u00f6rb\u00e4ttra din organisation och skapa en h\u00e5llbar f\u00f6r\u00e4ndring.<\/p>\n<p>Vi ser fram emot att tr\u00e4ffa dig och arbeta tillsammans f\u00f6r att n\u00e5 era m\u00e5l!<\/p>\n<p>&nbsp;<\/p>\n<h3><\/h3>\n<h3>Utbildningen levereras i samarbete med Aim Progress<\/h3>\n<h2><\/h2>\n","protected":false},"excerpt":{"rendered":"<p><strong>\u00c4r din organisation redo f\u00f6r f\u00f6r\u00e4ndring men vet inte hur ni g\u00f6r och var ni ska b\u00f6rja? Delta i v\u00e5r praktiska workshop d\u00e4r vi utforskar N\u00d6HRA-modellen och hur den kan hj\u00e4lpa er att genomf\u00f6ra framg\u00e5ngsrika f\u00f6r\u00e4ndringsprocesser.<\/strong><\/p>\n<p>N\u00d6HRA-modellen \u00e4r en strukturerad metod f\u00f6r att hantera f\u00f6r\u00e4ndringar inom organisationer. Den fokuserar p\u00e5 att skapa en tydlig vision, engagera medarbetare och s\u00e4kerst\u00e4lla att f\u00f6r\u00e4ndringen blir h\u00e5llbar.<\/p>\n","protected":false},"featured_media":9441,"comment_status":"open","ping_status":"closed","template":"","meta":{"wds_primary_product_brand":0,"wds_primary_product_cat":0},"product_brand":[],"product_cat":[202,37,32,28],"product_tag":[67,66],"class_list":{"0":"post-10221","1":"product","2":"type-product","3":"status-publish","4":"has-post-thumbnail","6":"product_cat-forandringsledning","7":"product_cat-kommunikation","8":"product_cat-ledarskap","9":"product_cat-teamship","10":"product_tag-ledarskap","11":"product_tag-personlig-utveckling","13":"first","14":"instock","15":"taxable","16":"shipping-taxable","17":"purchasable","18":"product-type-simple"},"jetpack_sharing_enabled":true,"_links":{"self":[{"href":"https:\/\/republify.se\/index.php\/wp-json\/wp\/v2\/product\/10221","targetHints":{"allow":["GET"]}}],"collection":[{"href":"https:\/\/republify.se\/index.php\/wp-json\/wp\/v2\/product"}],"about":[{"href":"https:\/\/republify.se\/index.php\/wp-json\/wp\/v2\/types\/product"}],"replies":[{"embeddable":true,"href":"https:\/\/republify.se\/index.php\/wp-json\/wp\/v2\/comments?post=10221"}],"wp:featuredmedia":[{"embeddable":true,"href":"https:\/\/republify.se\/index.php\/wp-json\/wp\/v2\/media\/9441"}],"wp:attachment":[{"href":"https:\/\/republify.se\/index.php\/wp-json\/wp\/v2\/media?parent=10221"}],"wp:term":[{"taxonomy":"product_brand","embeddable":true,"href":"https:\/\/republify.se\/index.php\/wp-json\/wp\/v2\/product_brand?post=10221"},{"taxonomy":"product_cat","embeddable":true,"href":"https:\/\/republify.se\/index.php\/wp-json\/wp\/v2\/product_cat?post=10221"},{"taxonomy":"product_tag","embeddable":true,"href":"https:\/\/republify.se\/index.php\/wp-json\/wp\/v2\/product_tag?post=10221"}],"curies":[{"name":"wp","href":"https:\/\/api.w.org\/{rel}","templated":true}]}}