{"id":10220,"date":"2025-04-29T13:44:07","date_gmt":"2025-04-29T12:44:07","guid":{"rendered":"https:\/\/republify.se\/?post_type=product&#038;p=10220"},"modified":"2026-01-08T18:53:26","modified_gmt":"2026-01-08T17:53:26","slug":"nyckelfaktorer-for-framgangsrika-organisationer","status":"publish","type":"product","link":"https:\/\/republify.se\/index.php\/produkt\/nyckelfaktorer-for-framgangsrika-organisationer\/","title":{"rendered":"Nyckelfaktorer f\u00f6r framg\u00e5ngsrika organisationer"},"content":{"rendered":"<p><strong>V\u00e4lkommen till v\u00e5r workshop: &#8221;Nyckelfaktorer f\u00f6r framg\u00e5ngsrika organisationer&#8221;!<\/strong><\/p>\n<p>Vill du veta vad som g\u00f6r en organisation framg\u00e5ngsrik?<\/p>\n<p>Delta i v\u00e5r inspirerande workshop d\u00e4r vi utforskar de nyckelfaktorer som bidrar till att skapa och uppr\u00e4tth\u00e5lla framg\u00e5ngsrika organisationer.<\/p>\n<p><strong>Vad k\u00e4nnetecknar framg\u00e5ngsrika organisationer?\u00a0<\/strong><\/p>\n<p>Framg\u00e5ngsrika organisationer har en tydlig vision och m\u00e5lstrategi, starka ledare och engagerade medarbetare. De m\u00e5nar om h\u00e5llbarhet och v\u00e4lm\u00e5ende f\u00f6r hela organisationen, \u00e4r innovativa, utvecklings ben\u00e4gna samt har en kultur som fr\u00e4mjar samarbete och kontinuerligt f\u00f6rb\u00e4ttringsarbete.<\/p>\n<p><strong>Vad du kommer att l\u00e4ra dig:<\/strong><\/p>\n<ul>\n<li>Hur din organisation kan bli mer framg\u00e5ngsrik.<\/li>\n<li>Strategier f\u00f6r att utveckla ett starkt ledarskap och engagerade medarbetare.<\/li>\n<li>Praktiska metoder f\u00f6r att fr\u00e4mja innovation och utveckling.<\/li>\n<li>Verktyg f\u00f6r att skapa en kultur av samarbete och kontinuerlig f\u00f6rb\u00e4ttring.<\/li>\n<\/ul>\n<p>&nbsp;<\/p>\n<p>Missa inte denna m\u00f6jlighet att bekanta dig med vilka faktorer som kan g\u00f6ra din organisation mer framg\u00e5ngsrik.<\/p>\n<p>Vi ser fram emot att tr\u00e4ffa dig och arbeta tillsammans f\u00f6r att skapa en framg\u00e5ngsrik framtid!<\/p>\n<h3><\/h3>\n<h3>Utbildningen levereras i samarbete med Aim Progress<\/h3>\n<h2><\/h2>\n","protected":false},"excerpt":{"rendered":"<p><strong>Vill du veta vad som g\u00f6r en organisation framg\u00e5ngsrik? Delta i v\u00e5r inspirerande workshop d\u00e4r vi utforskar de nyckelfaktorer som bidrar till att skapa och uppr\u00e4tth\u00e5lla framg\u00e5ngsrika organisationer.<\/strong><\/p>\n<p>Missa inte denna m\u00f6jlighet att bekanta dig med vilka faktorer som kan g\u00f6ra din organisation mer framg\u00e5ngsrik. Vi ser fram emot att tr\u00e4ffa dig och arbeta tillsammans f\u00f6r att skapa en framg\u00e5ngsrik framtid!<\/p>\n","protected":false},"featured_media":9428,"comment_status":"open","ping_status":"closed","template":"","meta":{"wds_primary_product_brand":0,"wds_primary_product_cat":0},"product_brand":[],"product_cat":[37,32,28],"product_tag":[67,66],"class_list":{"0":"post-10220","1":"product","2":"type-product","3":"status-publish","4":"has-post-thumbnail","6":"product_cat-kommunikation","7":"product_cat-ledarskap","8":"product_cat-teamship","9":"product_tag-ledarskap","10":"product_tag-personlig-utveckling","12":"first","13":"instock","14":"taxable","15":"shipping-taxable","16":"purchasable","17":"product-type-simple"},"jetpack_sharing_enabled":true,"_links":{"self":[{"href":"https:\/\/republify.se\/index.php\/wp-json\/wp\/v2\/product\/10220","targetHints":{"allow":["GET"]}}],"collection":[{"href":"https:\/\/republify.se\/index.php\/wp-json\/wp\/v2\/product"}],"about":[{"href":"https:\/\/republify.se\/index.php\/wp-json\/wp\/v2\/types\/product"}],"replies":[{"embeddable":true,"href":"https:\/\/republify.se\/index.php\/wp-json\/wp\/v2\/comments?post=10220"}],"wp:featuredmedia":[{"embeddable":true,"href":"https:\/\/republify.se\/index.php\/wp-json\/wp\/v2\/media\/9428"}],"wp:attachment":[{"href":"https:\/\/republify.se\/index.php\/wp-json\/wp\/v2\/media?parent=10220"}],"wp:term":[{"taxonomy":"product_brand","embeddable":true,"href":"https:\/\/republify.se\/index.php\/wp-json\/wp\/v2\/product_brand?post=10220"},{"taxonomy":"product_cat","embeddable":true,"href":"https:\/\/republify.se\/index.php\/wp-json\/wp\/v2\/product_cat?post=10220"},{"taxonomy":"product_tag","embeddable":true,"href":"https:\/\/republify.se\/index.php\/wp-json\/wp\/v2\/product_tag?post=10220"}],"curies":[{"name":"wp","href":"https:\/\/api.w.org\/{rel}","templated":true}]}}