{"id":10083,"date":"2025-03-31T08:46:54","date_gmt":"2025-03-31T07:46:54","guid":{"rendered":"https:\/\/republify.se\/?post_type=product&#038;p=10083"},"modified":"2026-03-20T10:24:16","modified_gmt":"2026-03-20T09:24:16","slug":"power-automate-effektiv-automation","status":"publish","type":"product","link":"https:\/\/republify.se\/index.php\/produkt\/power-automate-effektiv-automation\/","title":{"rendered":"Power Automate &#8211; Effektiv automation"},"content":{"rendered":"<p><strong>Kursplan<\/strong><\/p>\n<p>&nbsp;<\/p>\n<p><strong>Del 1<\/strong><\/p>\n<ul>\n<li>Kort introduktion till Power Automate och dess anv\u00e4ndningsomr\u00e5den<\/li>\n<li>Genomg\u00e5ng av gr\u00e4nssnittet<\/li>\n<li>F\u00f6rst\u00e5 fl\u00f6den och triggers<\/li>\n<li>Skapa ett enkelt fl\u00f6de<\/li>\n<\/ul>\n<p>&nbsp;<\/p>\n<p><strong>Del 2<\/strong><\/p>\n<p>&nbsp;<\/p>\n<ul>\n<li>Skapa och testa olika typer av fl\u00f6den<\/li>\n<li>Anv\u00e4nda mallar och anpassa dem<\/li>\n<li>Anv\u00e4nd AI f\u00f6r att skapa fl\u00f6de<\/li>\n<li>Integrera Power Automate med andra Microsoft-appar (t.ex. Outlook, SharePoint)<\/li>\n<\/ul>\n<p>&nbsp;<\/p>\n<p><strong>Del 3<\/strong><\/p>\n<p>&nbsp;<\/p>\n<ul>\n<li>Villkor och loopar<\/li>\n<li>Hantera fel och undantag<\/li>\n<li>S\u00e4kerhet och dataskydd<\/li>\n<\/ul>\n<p>&nbsp;<\/p>\n<p><strong>Del 4<\/strong><\/p>\n<p>&nbsp;<\/p>\n<ul>\n<li>Skapa egna fl\u00f6den baserat p\u00e5 verkliga scenarier.<\/li>\n<\/ul>\n<h2><\/h2>\n<h3>I samarbete med<\/h3>\n<p><img decoding=\"async\" class=\"size-medium wp-image-1221 alignleft lazyload\" data-src=\"https:\/\/republify.se\/wp-content\/uploads\/2022\/02\/humandata_logo-300x62.jpg\" alt=\"\" width=\"300\" height=\"62\" data-srcset=\"https:\/\/republify.se\/wp-content\/uploads\/2022\/02\/humandata_logo-300x62.jpg 300w, https:\/\/republify.se\/wp-content\/uploads\/2022\/02\/humandata_logo.jpg 319w\" data-sizes=\"(max-width: 300px) 100vw, 300px\" src=\"data:image\/svg+xml;base64,PHN2ZyB3aWR0aD0iMSIgaGVpZ2h0PSIxIiB4bWxucz0iaHR0cDovL3d3dy53My5vcmcvMjAwMC9zdmciPjwvc3ZnPg==\" style=\"--smush-placeholder-width: 300px; --smush-placeholder-aspect-ratio: 300\/62;\" \/><\/p>\n","protected":false},"excerpt":{"rendered":"<p><strong>L\u00e4r dig automatisera dina arbetsuppgifter med Power Automate i denna praktiska och interaktiva kurs. Du f\u00e5r en grundl\u00e4ggande f\u00f6rst\u00e5else f\u00f6r verktyget, l\u00e4r dig skapa egna fl\u00f6den och integrera dem med Microsoft-appar som Outlook och SharePoint. <\/strong><\/p>\n<p>Genom hands-on-\u00f6vningar utforskar du AI-driven automation, villkor, loopar och fels\u00f6kning f\u00f6r att bygga smarta och s\u00e4kra processer. Oavsett om du \u00e4r nyb\u00f6rjare eller vill effektivisera ditt arbete ytterligare, ger kursen dig verktygen f\u00f6r att skapa automatiserade fl\u00f6den som sparar tid och minskar manuellt arbete!<\/p>\n","protected":false},"featured_media":5061,"comment_status":"open","ping_status":"closed","template":"","meta":{"wds_primary_product_brand":0,"wds_primary_product_cat":0},"product_brand":[],"product_cat":[137,30,90,43,80,191],"product_tag":[],"class_list":{"0":"post-10083","1":"product","2":"type-product","3":"status-publish","4":"has-post-thumbnail","6":"product_cat-ai","7":"product_cat-business","8":"product_cat-business-intelligence","9":"product_cat-microsoft","10":"product_cat-office","11":"product_cat-power-automate","13":"first","14":"instock","15":"taxable","16":"shipping-taxable","17":"purchasable","18":"product-type-simple"},"jetpack_sharing_enabled":true,"_links":{"self":[{"href":"https:\/\/republify.se\/index.php\/wp-json\/wp\/v2\/product\/10083","targetHints":{"allow":["GET"]}}],"collection":[{"href":"https:\/\/republify.se\/index.php\/wp-json\/wp\/v2\/product"}],"about":[{"href":"https:\/\/republify.se\/index.php\/wp-json\/wp\/v2\/types\/product"}],"replies":[{"embeddable":true,"href":"https:\/\/republify.se\/index.php\/wp-json\/wp\/v2\/comments?post=10083"}],"wp:featuredmedia":[{"embeddable":true,"href":"https:\/\/republify.se\/index.php\/wp-json\/wp\/v2\/media\/5061"}],"wp:attachment":[{"href":"https:\/\/republify.se\/index.php\/wp-json\/wp\/v2\/media?parent=10083"}],"wp:term":[{"taxonomy":"product_brand","embeddable":true,"href":"https:\/\/republify.se\/index.php\/wp-json\/wp\/v2\/product_brand?post=10083"},{"taxonomy":"product_cat","embeddable":true,"href":"https:\/\/republify.se\/index.php\/wp-json\/wp\/v2\/product_cat?post=10083"},{"taxonomy":"product_tag","embeddable":true,"href":"https:\/\/republify.se\/index.php\/wp-json\/wp\/v2\/product_tag?post=10083"}],"curies":[{"name":"wp","href":"https:\/\/api.w.org\/{rel}","templated":true}]}}