{"id":354,"date":"2022-01-29T12:02:08","date_gmt":"2022-01-29T11:02:08","guid":{"rendered":"https:\/\/republify.picox.se\/?page_id=354"},"modified":"2026-04-15T09:28:03","modified_gmt":"2026-04-15T08:28:03","slug":"allmanna-villkor","status":"publish","type":"page","link":"https:\/\/republify.se\/index.php\/allmanna-villkor\/","title":{"rendered":"Allm\u00e4nna Villkor"},"content":{"rendered":"<div data-colibri-id=\"354-c1\" class=\"style-598 style-local-354-c1 position-relative\">\n  <!---->\n  <div data-colibri-component=\"section\" data-colibri-id=\"354-c2\" id=\"initial-content\" class=\"h-section h-section-global-spacing d-flex align-items-lg-center align-items-md-center align-items-center style-599 style-local-354-c2 position-relative\">\n    <!---->\n    <!---->\n    <div class=\"h-section-grid-container h-section-boxed-container\">\n      <!---->\n      <div data-colibri-id=\"354-c3\" class=\"h-row-container gutters-row-lg-2 gutters-row-md-2 gutters-row-0 gutters-row-v-lg-2 gutters-row-v-md-2 gutters-row-v-2 style-600 style-local-354-c3 position-relative\">\n        <!---->\n        <div class=\"h-row justify-content-lg-center justify-content-md-center justify-content-center align-items-lg-stretch align-items-md-stretch align-items-stretch gutters-col-lg-2 gutters-col-md-2 gutters-col-0 gutters-col-v-lg-2 gutters-col-v-md-2 gutters-col-v-2\">\n          <!---->\n          <div class=\"h-column h-column-container d-flex h-col-lg-auto h-col-md-auto h-col-auto style-601-outer style-local-354-c4-outer\">\n            <div data-colibri-id=\"354-c4\" class=\"d-flex h-flex-basis h-column__inner h-px-lg-2 h-px-md-2 h-px-2 v-inner-lg-2 v-inner-md-2 v-inner-2 style-601 style-local-354-c4 position-relative\">\n              <!---->\n              <!---->\n              <div class=\"w-100 h-y-container h-column__content h-column__v-align flex-basis-100 align-self-lg-start align-self-md-start align-self-start\">\n                <!---->\n                <div data-colibri-id=\"354-c5\" class=\"h-text h-text-component style-611 style-local-354-c5 position-relative h-element\">\n                  <!---->\n                  <!---->\n                  <div class=\"\">\n                    <p><strong>Betalningsvillkor och fakturering<\/strong><\/p>\n                    <p><em>Samtliga priser i v\u00e5r kommunikation anges exkl. moms om inte detta specificeras<\/em>. Faktura utg\u00e5r 30 dagar f\u00f6re planerat leveransdatum och skall vara betald senast 15 dagar f\u00f6re leveransdatum. Dr\u00f6jsm\u00e5lsr\u00e4nta om 8 % per m\u00e5nad\n                      utg\u00e5r vid avsaknad av ers\u00e4ttning tills denna inkommit till Republify<\/p>\n                  <\/div>\n                <\/div>\n              <\/div>\n            <\/div>\n          <\/div>\n        <\/div>\n      <\/div>\n      <div data-colibri-id=\"354-c6\" class=\"h-row-container gutters-row-lg-2 gutters-row-md-2 gutters-row-0 gutters-row-v-lg-2 gutters-row-v-md-2 gutters-row-v-2 style-1610 style-local-354-c6 position-relative\">\n        <!---->\n        <div class=\"h-row justify-content-lg-center justify-content-md-center justify-content-center align-items-lg-stretch align-items-md-stretch align-items-stretch gutters-col-lg-2 gutters-col-md-2 gutters-col-0 gutters-col-v-lg-2 gutters-col-v-md-2 gutters-col-v-2\">\n          <!---->\n          <div class=\"h-column h-column-container d-flex h-col-lg-auto h-col-md-auto h-col-auto style-1611-outer style-local-354-c7-outer\">\n            <div data-colibri-id=\"354-c7\" class=\"d-flex h-flex-basis h-column__inner h-px-lg-2 h-px-md-2 h-px-2 v-inner-lg-2 v-inner-md-2 v-inner-2 style-1611 style-local-354-c7 position-relative\">\n              <!---->\n              <!---->\n              <div class=\"w-100 h-y-container h-column__content h-column__v-align flex-basis-100 align-self-lg-start align-self-md-start align-self-start\">\n                <!---->\n                <div data-colibri-id=\"354-c8\" class=\"h-text h-text-component style-1613 style-local-354-c8 position-relative h-element\">\n                  <!---->\n                  <!---->\n                  <div class=\"\">\n                    <p><strong>Ombokning\/Avbokning<\/strong><\/p>\n                    <p>Kursbokningen r\u00e4knas som bindande n\u00e4r Republify mottagit och accepterat denna<\/p>\n                    <p>Kostnadsfri om\/avbokning g\u00e4ller fram till 6 veckor f\u00f6re planerat leveransdatum. Kontakta oss via tel 031-22 77 22 eller mail: info@republify.se vid eventuella fr\u00e5gor.<\/p>\n                    <p>Vid avbokning 6 veckor f\u00f6re kursstart eller senare debiteras 50 procent av kursavgiften, vid avbokning 4 veckor f\u00f6re kursstart eller senare debiteras 100 procent av kursavgiften.<\/p>\n                    <p>Vid tillf\u00e4lle d\u00e4r uppdrag inneb\u00e4r f\u00f6rberedelser som genomf\u00f6rts och\/eller \u00f6vriga kostnader som icke avbokningsbar resa, \u00f6vernattning, f\u00f6rt\u00e4ring och liknande s\u00e5 debiteras dessa enligt \u00f6verenskommelse oavsett n\u00e4r leveransen om\/avbokas.<\/p>\n                    <p>Vid sjukdom hos planerad kursledare f\u00f6rbeh\u00e5ller sig Republify att ers\u00e4tta med alternativ kursledare med liknande omr\u00e5desexpertis i samr\u00e5d med best\u00e4llare.&nbsp;Ers\u00e4ttning ut\u00f6ver detta utbetalas inte<\/p>\n                    <p>\n                      <a href=\"https:\/\/www.utbildningsforetagen.se\" target=\"_blank\" style=\"color: rgb(255, 137, 0); font-size: 16px; font-weight: 400; font-family: &quot;Open Sans&quot;;\" class=\"customize-unpreviewable\"><em>Republify utg\u00e5r fr\u00e5n allm\u00e4nna riktlinjer fr\u00e5n branschf\u00f6reningen Utbildningsf\u00f6retagen<\/em><\/a>\n                    <\/p>\n                  <\/div>\n                <\/div>\n              <\/div>\n            <\/div>\n          <\/div>\n          <div class=\"h-column h-column-container d-flex h-col-lg-auto h-col-md-auto h-col-auto style-1612-outer style-local-354-c9-outer\">\n            <div data-colibri-id=\"354-c9\" class=\"d-flex h-flex-basis h-column__inner h-px-lg-2 h-px-md-2 h-px-2 v-inner-lg-2 v-inner-md-2 v-inner-2 style-1612 style-local-354-c9 position-relative\">\n              <!---->\n              <!---->\n              <div class=\"w-100 h-y-container h-column__content h-column__v-align flex-basis-100 align-self-lg-start align-self-md-start align-self-start\">\n                <!---->\n                <div data-colibri-id=\"354-c10\" class=\"h-text h-text-component style-1614 style-local-354-c10 position-relative h-element\">\n                  <!---->\n                  <!---->\n                  <div class=\"\">\n                    <p><strong>Bokning av utbildningsinsats<\/strong><\/p>\n                    <p>Du beh\u00f6ver anm\u00e4la ditt intresse f\u00f6r utbildning senast 5 arbetsdagar f\u00f6re planerad utbildningsinsats. I undantagsfall kan vi efter dialog hitta alternativa m\u00f6jligheter,\n                      <a href=\"https:\/\/republify.se\/index.php\/kontakt\">kontakta oss<\/a> f\u00f6r mer info!<\/p>\n                    <p><strong>Tidsbegr\u00e4nsade kampanjer<\/strong><\/p>\n                    <p>Vid tillf\u00e4llen d\u00e4r Republify erbjuder tidsbegr\u00e4nsade kampanjer g\u00e5r dessa ej att kombinera med \u00f6vriga eventuella erbjudanden eller avtal.<\/p>\n                    <p><strong>Event\/F\u00f6rel\u00e4sning<\/strong><\/p>\n                    <p>Vid arrangerade aktiviteter som event, seminarium, webinar och liknande med tillkommande avgift d\u00e4r Republify har r\u00f6rliga kostnader g\u00e4ller samma regler som vid bokning av kurs.<\/p>\n                    <p><em>I de fall Republify genomf\u00f6r kostnadsfria aktiviteter debiteras 500 kr vid utebliven n\u00e4rvaro utan avbokning (det \u00e4r aldrig roligt att ha planerat f\u00f6r x antal deltagare, k\u00f6pt in f\u00f6rt\u00e4ring med mera och sen uppt\u00e4cka att h\u00e4lften g\u00e5r till spillo\u2026)<\/em><\/p>\n                  <\/div>\n                <\/div>\n              <\/div>\n            <\/div>\n          <\/div>\n        <\/div>\n      <\/div>\n    <\/div>\n  <\/div>\n  <div data-colibri-component=\"section\" data-colibri-id=\"354-c11\" id=\"content\" class=\"h-section h-section-global-spacing d-flex align-items-lg-center align-items-md-center align-items-center style-615 style-local-354-c11 position-relative\">\n    <!---->\n    <!---->\n    <div class=\"h-section-grid-container h-section-boxed-container\">\n      <!---->\n      <div data-colibri-id=\"354-c12\" class=\"h-row-container gutters-row-lg-2 gutters-row-md-2 gutters-row-2 gutters-row-v-lg-2 gutters-row-v-md-2 gutters-row-v-2 style-616 style-local-354-c12 position-relative\">\n        <!---->\n        <div class=\"h-row justify-content-lg-center justify-content-md-center justify-content-center align-items-lg-stretch align-items-md-stretch align-items-stretch gutters-col-lg-2 gutters-col-md-2 gutters-col-2 gutters-col-v-lg-2 gutters-col-v-md-2 gutters-col-v-2\">\n          <!---->\n          <div class=\"h-column h-column-container d-flex h-col-lg-auto h-col-md-auto h-col-auto style-617-outer style-local-354-c13-outer\">\n            <div data-colibri-id=\"354-c13\" class=\"d-flex h-flex-basis h-column__inner h-px-lg-0 h-px-md-0 h-px-2 v-inner-lg-0 v-inner-md-0 v-inner-2 style-617 style-local-354-c13 position-relative\">\n              <!---->\n              <!---->\n              <div class=\"w-100 h-y-container h-column__content h-column__v-align flex-basis-100 align-self-lg-center align-self-md-center align-self-center\">\n                <!---->\n                <div data-colibri-id=\"354-c14\" class=\"h-global-transition-all h-heading style-618 style-local-354-c14 position-relative h-element\">\n                  <!---->\n                  <div class=\"h-heading__outer style-618 style-local-354-c14\">\n                    <!---->\n                    <!---->\n                    <h3 class=\"\">Personuppgifter<\/h3>\n                  <\/div>\n                <\/div>\n                <div data-colibri-id=\"354-c15\" class=\"h-text h-text-component style-619 style-local-354-c15 position-relative h-element\">\n                  <!---->\n                  <!---->\n                  <div class=\"\">\n                    <p>I samband med kontakt med Republify godk\u00e4nner du att vi hanterar dina kontaktuppgifter och att du \u00e4ven kan bli kontaktad av Republify f\u00f6r&nbsp;mer information. L\u00e4s mer i v\u00e5r integritetspolicy!<\/p>\n                  <\/div>\n                <\/div>\n                <div data-colibri-id=\"354-c16\" class=\"h-x-container style-620 style-local-354-c16 position-relative h-element\">\n                  <!---->\n                  <div class=\"h-x-container-inner style-dynamic-354-c16-group style-620-spacing style-local-354-c16-spacing\"><span class=\"h-button__outer style-621-outer style-local-354-c17-outer d-inline-flex h-element\"><a h-use-smooth-scroll=\"true\" href=\"https:\/\/republify.se\/index.php\/integritetspolicy\/\"  data-colibri-id=\"354-c17\" class=\"d-flex w-100 align-items-center h-button justify-content-lg-center justify-content-md-center justify-content-center style-621 style-local-354-c17 position-relative\"><!----><!----> <span>L\u00e4s v\u00e5r integritetspolicy<\/span><\/a>\n                    <\/span>\n                  <\/div>\n                <\/div>\n              <\/div>\n            <\/div>\n          <\/div>\n          <div class=\"h-column h-column-container d-flex h-col-lg-auto h-col-md-auto h-col-auto style-622-outer style-local-354-c18-outer\">\n            <div data-colibri-id=\"354-c18\" class=\"d-flex h-flex-basis h-column__inner h-px-lg-0 h-px-md-2 h-px-0 v-inner-lg-0 v-inner-md-2 v-inner-0 style-622 style-local-354-c18 position-relative\">\n              <!---->\n              <!---->\n              <div class=\"w-100 h-y-container h-column__content h-column__v-align flex-basis-100 align-self-lg-center align-self-md-center align-self-center\">\n                <!---->\n                <div data-colibri-id=\"354-c19\" data-aos=\"fadeIn\" class=\"d-block style-623 style-local-354-c19 position-relative h-element\">\n                  <!---->\n                  <div class=\"h-image__frame-container-outer\">\n                    <div class=\"h-image__frame-container\">\n                      <!---->\n                      <!---->\n                      <img decoding=\"async\" width=\"1919\" height=\"1280\" data-src=\"https:\/\/republify.se\/wp-content\/uploads\/2025\/03\/cropped-colibri-image-128.png\" class=\"wp-image-10924 style-623-image style-local-354-c19-image lazyload\" alt=\"\" data-srcset=\"https:\/\/republify.se\/wp-content\/uploads\/2025\/03\/cropped-colibri-image-128.png 1919w, https:\/\/republify.se\/wp-content\/uploads\/2025\/03\/cropped-colibri-image-128-300x200.png 300w, https:\/\/republify.se\/wp-content\/uploads\/2025\/03\/cropped-colibri-image-128-1024x683.png 1024w, https:\/\/republify.se\/wp-content\/uploads\/2025\/03\/cropped-colibri-image-128-768x512.png 768w, https:\/\/republify.se\/wp-content\/uploads\/2025\/03\/cropped-colibri-image-128-1536x1025.png 1536w, https:\/\/republify.se\/wp-content\/uploads\/2025\/03\/cropped-colibri-image-128-600x400.png 600w\" data-sizes=\"(max-width: 1919px) 100vw, 1919px\" src=\"data:image\/svg+xml;base64,PHN2ZyB3aWR0aD0iMSIgaGVpZ2h0PSIxIiB4bWxucz0iaHR0cDovL3d3dy53My5vcmcvMjAwMC9zdmciPjwvc3ZnPg==\" style=\"--smush-placeholder-width: 1919px; --smush-placeholder-aspect-ratio: 1919\/1280;\" \/>\n                      <div class=\"h-image__frame h-hide-sm style-623-frameImage style-local-354-c19-frameImage\"><\/div>\n                    <\/div>\n                  <\/div>\n                <\/div>\n              <\/div>\n            <\/div>\n          <\/div>\n        <\/div>\n      <\/div>\n    <\/div>\n  <\/div>\n<\/div>","protected":false},"excerpt":{"rendered":"<p>Betalningsvillkor och fakturering Samtliga priser i v\u00e5r kommunikation anges exkl. moms om inte detta specificeras. Faktura utg\u00e5r 30 dagar f\u00f6re planerat leveransdatum och skall vara betald senast 15 dagar f\u00f6re leveransdatum. Dr\u00f6jsm\u00e5lsr\u00e4nta om 8 % per m\u00e5nad utg\u00e5r vid avsaknad av ers\u00e4ttning tills denna inkommit till Republify Ombokning\/Avbokning Kursbokningen r\u00e4knas som bindande n\u00e4r Republify mottagit [&hellip;]<\/p>\n","protected":false},"author":2,"featured_media":3175,"parent":0,"menu_order":0,"comment_status":"closed","ping_status":"closed","template":"page-templates\/full-width-page.php","meta":{"footnotes":""},"class_list":["post-354","page","type-page","status-publish","has-post-thumbnail","hentry"],"jetpack_sharing_enabled":true,"_links":{"self":[{"href":"https:\/\/republify.se\/index.php\/wp-json\/wp\/v2\/pages\/354","targetHints":{"allow":["GET"]}}],"collection":[{"href":"https:\/\/republify.se\/index.php\/wp-json\/wp\/v2\/pages"}],"about":[{"href":"https:\/\/republify.se\/index.php\/wp-json\/wp\/v2\/types\/page"}],"author":[{"embeddable":true,"href":"https:\/\/republify.se\/index.php\/wp-json\/wp\/v2\/users\/2"}],"replies":[{"embeddable":true,"href":"https:\/\/republify.se\/index.php\/wp-json\/wp\/v2\/comments?post=354"}],"version-history":[{"count":20,"href":"https:\/\/republify.se\/index.php\/wp-json\/wp\/v2\/pages\/354\/revisions"}],"predecessor-version":[{"id":11993,"href":"https:\/\/republify.se\/index.php\/wp-json\/wp\/v2\/pages\/354\/revisions\/11993"}],"wp:featuredmedia":[{"embeddable":true,"href":"https:\/\/republify.se\/index.php\/wp-json\/wp\/v2\/media\/3175"}],"wp:attachment":[{"href":"https:\/\/republify.se\/index.php\/wp-json\/wp\/v2\/media?parent=354"}],"curies":[{"name":"wp","href":"https:\/\/api.w.org\/{rel}","templated":true}]}}